000
CDUS41 KBUF 020705
CLIROC


CLIMATE REPORT
NATIONAL WEATHER SERVICE BUFFALO NY
205 AM EST MON MAR 2 2015


...................................

...THE ROCHESTER NY CLIMATE SUMMARY FOR MARCH 1 2015...

CLIMATE NORMAL PERIOD 1981 TO 2010
CLIMATE RECORD PERIOD 1871 TO 2015


WEATHER ITEM   OBSERVED TIME   RECORD YEAR NORMAL DEPARTURE LAST
                VALUE   (LST)  VALUE       VALUE  FROM      YEAR
                                                  NORMAL
..................................................................
TEMPERATURE (F)
 YESTERDAY
  MAXIMUM         29    338 PM  62    1954  38     -9       39
  MINIMUM          0    106 AM  -6    1980  21    -21       11
  AVERAGE         15                        29    -14       25

PRECIPITATION (IN)
  YESTERDAY        0.11          2.98 1900   0.08   0.03     0.01
  MONTH TO DATE    0.11                      0.08   0.03     0.01
  SINCE MAR 1      0.11                      0.08   0.03     0.01
  SINCE JAN 1      4.36                      4.44  -0.08     3.63

SNOWFALL (IN)
  YESTERDAY       MM            29.8  1900   0.7   MM        0.3
  MONTH TO DATE   MM                         0.7   MM        0.3
  SINCE MAR 1     MM                         0.7   MM        0.3
  SINCE JUL 1     88.6                      79.6    9.0     83.4
  SNOW DEPTH       0

DEGREE DAYS
 HEATING
  YESTERDAY       50                        36     14       40
  MONTH TO DATE   50                        36     14       40
  SINCE MAR 1     50                        36     14       40
  SINCE JUL 1   5144                      4822    322     5125

 COOLING
  YESTERDAY        0                         0      0        0
  MONTH TO DATE    0                         0      0        0
  SINCE MAR 1      0                         0      0        0
  SINCE JAN 1      0                         0      0        0
..................................................................


WIND (MPH)
  HIGHEST WIND SPEED    14   HIGHEST WIND DIRECTION     W (260)
  HIGHEST GUST SPEED    17   HIGHEST GUST DIRECTION     W (280)
  AVERAGE WIND SPEED     3.6


SKY COVER
  AVERAGE SKY COVER 0.9


WEATHER CONDITIONS
 THE FOLLOWING WEATHER WAS RECORDED YESTERDAY.
  LIGHT SNOW
  FOG


RELATIVE HUMIDITY (PERCENT)
 HIGHEST    92           700 PM
 LOWEST     66           500 AM
 AVERAGE    79

..........................................................


THE ROCHESTER NY CLIMATE NORMALS FOR TODAY
                         NORMAL    RECORD    YEAR
 MAXIMUM TEMPERATURE (F)   38        68      1991
 MINIMUM TEMPERATURE (F)   21        -3      1980


SUNRISE AND SUNSET
MARCH  2 2015.........SUNRISE   645 AM EST   SUNSET   601 PM EST
MARCH  3 2015.........SUNRISE   644 AM EST   SUNSET   602 PM EST


-  INDICATES NEGATIVE NUMBERS.
R  INDICATES RECORD WAS SET OR TIED.
MM INDICATES DATA IS MISSING.
T  INDICATES TRACE AMOUNT.




$$
