000
CDUS41 KBUF 301012
CLIROC


CLIMATE REPORT
NATIONAL WEATHER SERVICE BUFFALO NY
609 AM EDT TUE SEP 30 2014


...................................

...THE ROCHESTER NY CLIMATE SUMMARY FOR SEPTEMBER 29 2014...

CLIMATE NORMAL PERIOD 1981 TO 2010
CLIMATE RECORD PERIOD 1871 TO 2014


WEATHER ITEM   OBSERVED TIME   RECORD YEAR NORMAL DEPARTURE LAST
                VALUE   (LST)  VALUE       VALUE  FROM      YEAR
                                                  NORMAL
..................................................................
TEMPERATURE (F)
 YESTERDAY
  MAXIMUM         79    143 PM  90    1959  66     13       75
  MINIMUM         53    701 AM  31    1942  47      6       47
  AVERAGE         66                        57      9       61

PRECIPITATION (IN)
  YESTERDAY        0.00          1.92 1997   0.10  -0.10     0.00
  MONTH TO DATE    1.33                      3.27  -1.94     2.41
  SINCE SEP 1      1.33                      3.27  -1.94     2.41
  SINCE JAN 1     26.36                     25.87   0.49    27.62

SNOWFALL (IN)
  YESTERDAY        0.0           T    1932   0.0    0.0      0.0
  MONTH TO DATE    0.0                       0.0    0.0      0.0
  SINCE SEP 1      0.0                       0.0    0.0      0.0
  SINCE JUL 1      0.0                       0.0    0.0      0.0
  SNOW DEPTH       0

DEGREE DAYS
 HEATING
  YESTERDAY        0                         9     -9        4
  MONTH TO DATE  124                       139    -15      172
  SINCE SEP 1    124                       139    -15      172
  SINCE JUL 1    149                       173    -24      190

 COOLING
  YESTERDAY        1                         1      0        0
  MONTH TO DATE   68                        51     17       58
  SINCE SEP 1     68                        51     17       58
  SINCE JAN 1    532                       535     -3      649
..................................................................


WIND (MPH)
  HIGHEST WIND SPEED    15   HIGHEST WIND DIRECTION     N (360)
  HIGHEST GUST SPEED    17   HIGHEST GUST DIRECTION     N (360)
  AVERAGE WIND SPEED     4.5


SKY COVER
  AVERAGE SKY COVER 0.6


WEATHER CONDITIONS
 THE FOLLOWING WEATHER WAS RECORDED YESTERDAY.
  FOG


RELATIVE HUMIDITY (PERCENT)
 HIGHEST   100           400 AM
 LOWEST     42           100 PM
 AVERAGE    71

..........................................................


THE ROCHESTER NY CLIMATE NORMALS FOR TODAY
                         NORMAL    RECORD    YEAR
 MAXIMUM TEMPERATURE (F)   66        89      1881
 MINIMUM TEMPERATURE (F)   47        30      1991


SUNRISE AND SUNSET
SEPTEMBER 30 2014.....SUNRISE   707 AM EDT   SUNSET   654 PM EDT
OCTOBER  1 2014.......SUNRISE   708 AM EDT   SUNSET   652 PM EDT


-  INDICATES NEGATIVE NUMBERS.
R  INDICATES RECORD WAS SET OR TIED.
MM INDICATES DATA IS MISSING.
T  INDICATES TRACE AMOUNT.




$$
