000
CDUS41 KBUF 300706
CLIROC


CLIMATE REPORT
NATIONAL WEATHER SERVICE BUFFALO NY
305 AM EDT SAT MAY 30 2015


...................................

...THE ROCHESTER NY CLIMATE SUMMARY FOR MAY 29 2015...

CLIMATE NORMAL PERIOD 1981 TO 2010
CLIMATE RECORD PERIOD 1871 TO 2015


WEATHER ITEM   OBSERVED TIME   RECORD YEAR NORMAL DEPARTURE LAST
                VALUE   (LST)  VALUE       VALUE  FROM      YEAR
                                                  NORMAL
..................................................................
TEMPERATURE (F)
 YESTERDAY
  MAXIMUM         85    440 PM  92    2006  72     13       66
  MINIMUM         54    446 AM  31    1889  51      3       51
  AVERAGE         70                        61      9       59

PRECIPITATION (IN)
  YESTERDAY        0.00          2.12 2002   0.09  -0.09     0.00
  MONTH TO DATE    1.52                      2.68  -1.16     3.17
  SINCE MAR 1      5.56                      7.91  -2.35     9.38
  SINCE JAN 1      9.81                     12.27  -2.46    13.00

SNOWFALL (IN)
  YESTERDAY        0.0           T    1907   0.0    0.0      0.0
  MONTH TO DATE    0.0                       0.4   -0.4       T
  SINCE MAR 1     13.3                      20.6   -7.3     29.6
  SINCE JUL 1    101.9                      99.5    2.4    112.7
  SNOW DEPTH       0

DEGREE DAYS
 HEATING
  YESTERDAY        0                         5     -5        6
  MONTH TO DATE  119                       265   -146      182
  SINCE MAR 1   1711                      1782    -71     1892
  SINCE JUL 1   6805                      6568    237     6977

 COOLING
  YESTERDAY        5                         1      4        0
  MONTH TO DATE   92                        20     72       38
  SINCE MAR 1     92                        24     68       39
  SINCE JAN 1     92                        24     68       39
..................................................................


WIND (MPH)
  HIGHEST WIND SPEED    15   HIGHEST WIND DIRECTION    SW (220)
  HIGHEST GUST SPEED    21   HIGHEST GUST DIRECTION     S (200)
  AVERAGE WIND SPEED     5.7


SKY COVER
  AVERAGE SKY COVER 0.7


WEATHER CONDITIONS
 THE FOLLOWING WEATHER WAS RECORDED YESTERDAY.
  FOG


RELATIVE HUMIDITY (PERCENT)
 HIGHEST    93           100 AM
 LOWEST     37           300 PM
 AVERAGE    65

..........................................................


THE ROCHESTER NY CLIMATE NORMALS FOR TODAY
                         NORMAL    RECORD    YEAR
 MAXIMUM TEMPERATURE (F)   72        94      1987
 MINIMUM TEMPERATURE (F)   51        33      1884


SUNRISE AND SUNSET
MAY 30 2015...........SUNRISE   535 AM EDT   SUNSET   842 PM EDT
MAY 31 2015...........SUNRISE   535 AM EDT   SUNSET   843 PM EDT


-  INDICATES NEGATIVE NUMBERS.
R  INDICATES RECORD WAS SET OR TIED.
MM INDICATES DATA IS MISSING.
T  INDICATES TRACE AMOUNT.




$$
