000
CDUS41 KBUF 031029
CLIROC


CLIMATE REPORT
NATIONAL WEATHER SERVICE BUFFALO NY
527 AM EST SAT DEC 3 2016


...................................

...THE ROCHESTER NY CLIMATE SUMMARY FOR DECEMBER 2 2016...

CLIMATE NORMAL PERIOD 1981 TO 2010
CLIMATE RECORD PERIOD 1871 TO 2016


WEATHER ITEM   OBSERVED TIME   RECORD YEAR NORMAL DEPARTURE LAST
                VALUE   (LST)  VALUE       VALUE  FROM      YEAR
                                                  NORMAL
..................................................................
TEMPERATURE (F)
 YESTERDAY
  MAXIMUM         46   1145 AM  65    1982  41      5       51
  MINIMUM         34    807 PM   2    1976  28      6       38
  AVERAGE         40                        34      6       45

PRECIPITATION (IN)
  YESTERDAY        0.07          1.46 1986   0.09  -0.02     0.39
  MONTH TO DATE    0.14                      0.18  -0.04     0.52
  SINCE DEC 1      0.14                      0.18  -0.04     0.52
  SINCE JAN 1     27.95                     31.82  -3.87    34.47

SNOWFALL (IN)
  YESTERDAY        0.1           7.5  1936   0.5   -0.4      0.0
  MONTH TO DATE    0.1                       1.0   -0.9      0.0
  SINCE DEC 1      0.1                       1.0   -0.9      0.0
  SINCE JUL 1     16.0                       8.4    7.6      1.2
  SNOW DEPTH       0

DEGREE DAYS
 HEATING
  YESTERDAY       25                        31     -6       20
  MONTH TO DATE   46                        61    -15       38
  SINCE DEC 1     46                        61    -15       38
  SINCE JUL 1   1024                      1429   -405     1078

 COOLING
  YESTERDAY        0                         0      0        0
  MONTH TO DATE    0                         0      0        0
  SINCE DEC 1      0                         0      0        0
  SINCE JAN 1    978                       539    439      698
..................................................................


WIND (MPH)
  HIGHEST WIND SPEED    28   HIGHEST WIND DIRECTION     W (290)
  HIGHEST GUST SPEED    40   HIGHEST GUST DIRECTION     W (280)
  AVERAGE WIND SPEED    15.6


SKY COVER
  AVERAGE SKY COVER 0.9


WEATHER CONDITIONS
 THE FOLLOWING WEATHER WAS RECORDED YESTERDAY.
  RAIN
  LIGHT RAIN
  SNOW
  LIGHT SNOW
  FOG


RELATIVE HUMIDITY (PERCENT)
 HIGHEST    92          1000 PM
 LOWEST     53          1200 PM
 AVERAGE    73

..........................................................


THE ROCHESTER NY CLIMATE NORMALS FOR TODAY
                         NORMAL    RECORD    YEAR
 MAXIMUM TEMPERATURE (F)   41        72      1982
 MINIMUM TEMPERATURE (F)   28        -3      1940


SUNRISE AND SUNSET
DECEMBER  3 2016......SUNRISE   725 AM EST   SUNSET   436 PM EST
DECEMBER  4 2016......SUNRISE   726 AM EST   SUNSET   436 PM EST


-  INDICATES NEGATIVE NUMBERS.
R  INDICATES RECORD WAS SET OR TIED.
MM INDICATES DATA IS MISSING.
T  INDICATES TRACE AMOUNT.




$$
