076
CDUS41 KBUF 232058
CLIROC


CLIMATE REPORT
NATIONAL WEATHER SERVICE BUFFALO NY
458 PM EDT WED AUG 23 2017


...................................

...THE ROCHESTER NY CLIMATE SUMMARY FOR AUGUST 23 2017...
VALID TODAY AS OF 0400 PM LOCAL TIME.

CLIMATE NORMAL PERIOD 1981 TO 2010
CLIMATE RECORD PERIOD 1871 TO 2017


WEATHER ITEM   OBSERVED TIME   RECORD YEAR NORMAL DEPARTURE LAST
                VALUE   (LST)  VALUE       VALUE  FROM      YEAR
                                                  NORMAL
..................................................................
TEMPERATURE (F)
 TODAY
  MAXIMUM         74    201 PM  92    1918  78     -4       83
  MINIMUM         56    507 AM  44    1923  59     -3       56
  AVERAGE         65                        69     -4       70

PRECIPITATION (IN)
  TODAY            0.00          1.64 1930   0.10  -0.10     0.00
  MONTH TO DATE    2.92                      2.63   0.29     2.68
  SINCE JUN 1     10.75                      9.30   1.45     4.81
  SINCE JAN 1     30.73                     21.76   8.97    16.42

SNOWFALL (IN)
  TODAY            0.0           0.0    MM   0.0    0.0      0.0
  MONTH TO DATE    0.0                       0.0    0.0      0.0
  SINCE JUN 1      0.0                       0.0    0.0      0.0
  SINCE JUL 1      0.0                       0.0    0.0      0.0
  SNOW DEPTH       0

DEGREE DAYS
 HEATING
  TODAY            0                         1     -1        0
  MONTH TO DATE    1                        13    -12        0
  SINCE JUN 1     48                        93    -45       47
  SINCE JUL 1      3                        25    -22        0

 COOLING
  TODAY            0                         4     -4        5
  MONTH TO DATE  142                       125     17      269
  SINCE JUN 1    473                       424     49      711
  SINCE JAN 1    515                       454     61      773
..................................................................


WIND (MPH)
  HIGHEST WIND SPEED    18   HIGHEST WIND DIRECTION     W (260)
  HIGHEST GUST SPEED    24   HIGHEST GUST DIRECTION     W (270)
  AVERAGE WIND SPEED     9.0


SKY COVER
  AVERAGE SKY COVER 0.4


WEATHER CONDITIONS
 THE FOLLOWING WEATHER WAS RECORDED TODAY.
  NO SIGNIFICANT WEATHER WAS OBSERVED.


RELATIVE HUMIDITY (PERCENT)
 HIGHEST    93           300 AM
 LOWEST     46          1200 PM
 AVERAGE    70

..........................................................


THE ROCHESTER NY CLIMATE NORMALS FOR TOMORROW
                         NORMAL    RECORD    YEAR
 MAXIMUM TEMPERATURE (F)   78        94      1947
 MINIMUM TEMPERATURE (F)   59        42      1971


SUNRISE AND SUNSET
AUGUST 23 2017........SUNRISE   625 AM EDT   SUNSET   800 PM EDT
AUGUST 24 2017........SUNRISE   626 AM EDT   SUNSET   759 PM EDT


-  INDICATES NEGATIVE NUMBERS.
R  INDICATES RECORD WAS SET OR TIED.
MM INDICATES DATA IS MISSING.
T  INDICATES TRACE AMOUNT.

$$
