000
CDUS41 KBUF 290705
CLIROC


CLIMATE REPORT
NATIONAL WEATHER SERVICE BUFFALO NY
305 AM EDT TUE JUL 29 2014


...................................

...THE ROCHESTER NY CLIMATE SUMMARY FOR JULY 28 2014...

CLIMATE NORMAL PERIOD 1981 TO 2010
CLIMATE RECORD PERIOD 1871 TO 2014


WEATHER ITEM   OBSERVED TIME   RECORD YEAR NORMAL DEPARTURE LAST
                VALUE   (LST)  VALUE       VALUE  FROM      YEAR
                                                  NORMAL
..................................................................
TEMPERATURE (F)
 YESTERDAY
  MAXIMUM         67    547 AM  98    1964  81    -14       74
  MINIMUM         57   1159 PM  48    1996  61     -4       59
                                      1977
  AVERAGE         62                        71     -9       67

PRECIPITATION (IN)
  YESTERDAY        2.42R         1.94 1966   0.12   2.30     0.06
  MONTH TO DATE    7.51                      3.00   4.51     4.41
  SINCE JUN 1      9.57                      6.34   3.23    10.68
  SINCE JAN 1     22.57                     18.80   3.77    22.51

SNOWFALL (IN)
  YESTERDAY        0.0           0.0    MM   0.0    0.0      0.0
  MONTH TO DATE    0.0                       0.0    0.0      0.0
  SINCE JUN 1      0.0                       0.0    0.0      0.0
  SINCE JUL 1      0.0                       0.0    0.0      0.0
  SNOW DEPTH       0

DEGREE DAYS
 HEATING
  YESTERDAY        3                         0      3        0
  MONTH TO DATE    5                         6     -1        8
  SINCE JUN 1     34                        74    -40       66
  SINCE JUL 1      5                         6     -1        8

 COOLING
  YESTERDAY        0                         6     -6        2
  MONTH TO DATE  146                       168    -22      256
  SINCE JUN 1    296                       274     22      363
  SINCE JAN 1    335                       304     31      434
..................................................................


WIND (MPH)
  HIGHEST WIND SPEED    26   HIGHEST WIND DIRECTION     N (20)
  HIGHEST GUST SPEED    35   HIGHEST GUST DIRECTION    NE (40)
  AVERAGE WIND SPEED    11.1


SKY COVER
  AVERAGE SKY COVER 0.9


WEATHER CONDITIONS
 THE FOLLOWING WEATHER WAS RECORDED YESTERDAY.
  THUNDERSTORM
  HEAVY RAIN
  RAIN
  LIGHT RAIN
  FOG


RELATIVE HUMIDITY (PERCENT)
 HIGHEST   100           700 AM
 LOWEST     84          1000 PM
 AVERAGE    92

..........................................................


THE ROCHESTER NY CLIMATE NORMALS FOR TODAY
                         NORMAL    RECORD    YEAR
 MAXIMUM TEMPERATURE (F)   81        94      1949
                                             1940
 MINIMUM TEMPERATURE (F)   61        49      1968


SUNRISE AND SUNSET
JULY 29 2014..........SUNRISE   558 AM EDT   SUNSET   836 PM EDT
JULY 30 2014..........SUNRISE   559 AM EDT   SUNSET   834 PM EDT


-  INDICATES NEGATIVE NUMBERS.
R  INDICATES RECORD WAS SET OR TIED.
MM INDICATES DATA IS MISSING.
T  INDICATES TRACE AMOUNT.




$$
