000
CDUS41 KBUF 281026
CLIROC


CLIMATE REPORT
NATIONAL WEATHER SERVICE BUFFALO NY
622 AM EDT FRI APR 28 2017


...................................

...THE ROCHESTER NY CLIMATE SUMMARY FOR APRIL 27 2017...

CLIMATE NORMAL PERIOD 1981 TO 2010
CLIMATE RECORD PERIOD 1871 TO 2017


WEATHER ITEM   OBSERVED TIME   RECORD YEAR NORMAL DEPARTURE LAST
                VALUE   (LST)  VALUE       VALUE  FROM      YEAR
                                                  NORMAL
..................................................................
TEMPERATURE (F)
 YESTERDAY
  MAXIMUM         86R   221 PM  86    1990  61     25       55
                                      1962
                                      1993
  MINIMUM         57    221 AM  26          41     16       29
  AVERAGE         72                        51     21       42

PRECIPITATION (IN)
  YESTERDAY        0.21          0.79 1954   0.09   0.12     0.00
  MONTH TO DATE    4.54                      2.46   2.08     1.55
  SINCE MAR 1      9.20                      4.96   4.24     3.37
  SINCE JAN 1     14.28                      9.32   4.96     8.67

SNOWFALL (IN)
  YESTERDAY        0.0           0.3  1946   0.1   -0.1      0.0
  MONTH TO DATE    2.5                       3.8   -1.3      8.8
  SINCE MAR 1     35.5                      20.1   15.4     12.0
  SINCE JUL 1    107.1                      99.0    8.1     63.7
  SNOW DEPTH       0

DEGREE DAYS
 HEATING
  YESTERDAY        0                        14    -14       23
  MONTH TO DATE  380                       524   -144      616
  SINCE MAR 1   1368                      1476   -108     1378
  SINCE JUL 1   5236                      6262  -1026     5295

 COOLING
  YESTERDAY        7                         0      7        0
  MONTH TO DATE   14                         0     14        0
  SINCE MAR 1     14                         0     14        0
  SINCE JAN 1     14                         0     14        0
..................................................................


WIND (MPH)
  HIGHEST WIND SPEED    25   HIGHEST WIND DIRECTION     W (260)
  HIGHEST GUST SPEED    33   HIGHEST GUST DIRECTION     W (270)
  AVERAGE WIND SPEED    10.2


SKY COVER
  AVERAGE SKY COVER 0.6


WEATHER CONDITIONS
 THE FOLLOWING WEATHER WAS RECORDED YESTERDAY.
  THUNDERSTORM
  HEAVY RAIN
  RAIN
  LIGHT RAIN
  FOG


RELATIVE HUMIDITY (PERCENT)
 HIGHEST    90          1100 PM
 LOWEST     40           400 PM
 AVERAGE    65

..........................................................


THE ROCHESTER NY CLIMATE NORMALS FOR TODAY
                         NORMAL    RECORD    YEAR
 MAXIMUM TEMPERATURE (F)   62        93      1990
 MINIMUM TEMPERATURE (F)   41        25      1947


SUNRISE AND SUNSET
APRIL 28 2017.........SUNRISE   608 AM EDT   SUNSET   809 PM EDT
APRIL 29 2017.........SUNRISE   607 AM EDT   SUNSET   810 PM EDT


-  INDICATES NEGATIVE NUMBERS.
R  INDICATES RECORD WAS SET OR TIED.
MM INDICATES DATA IS MISSING.
T  INDICATES TRACE AMOUNT.




$$
