000
CDUS41 KBUF 300706
CLIROC


CLIMATE REPORT
NATIONAL WEATHER SERVICE BUFFALO NY
305 AM EDT FRI SEP 30 2016


...................................

...THE ROCHESTER NY CLIMATE SUMMARY FOR SEPTEMBER 29 2016...

CLIMATE NORMAL PERIOD 1981 TO 2010
CLIMATE RECORD PERIOD 1871 TO 2016


WEATHER ITEM   OBSERVED TIME   RECORD YEAR NORMAL DEPARTURE LAST
                VALUE   (LST)  VALUE       VALUE  FROM      YEAR
                                                  NORMAL
..................................................................
TEMPERATURE (F)
 YESTERDAY
  MAXIMUM         62    100 AM  90    1959  66     -4       73
  MINIMUM         54    728 AM  31    1942  47      7       59
  AVERAGE         58                        57      1       66

PRECIPITATION (IN)
  YESTERDAY        0.29          1.92 1997   0.10   0.19     0.62
  MONTH TO DATE    2.30                      3.27  -0.97     3.45
  SINCE SEP 1      2.30                      3.27  -0.97     3.45
  SINCE JAN 1     19.95                     25.87  -5.92    29.58

SNOWFALL (IN)
  YESTERDAY        0.0           T    1932   0.0    0.0      0.0
  MONTH TO DATE    0.0                       0.0    0.0      0.0
  SINCE SEP 1      0.0                       0.0    0.0      0.0
  SINCE JUL 1      0.0                       0.0    0.0      0.0
  SNOW DEPTH       0

DEGREE DAYS
 HEATING
  YESTERDAY        7                         9     -2        0
  MONTH TO DATE   46                       139    -93       40
  SINCE SEP 1     46                       139    -93       40
  SINCE JUL 1     46                       173   -127       59

 COOLING
  YESTERDAY        0                         1     -1        1
  MONTH TO DATE  112                        51     61      143
  SINCE SEP 1    112                        51     61      143
  SINCE JAN 1    963                       535    428      697
..................................................................


WIND (MPH)
  HIGHEST WIND SPEED    17   HIGHEST WIND DIRECTION     E (100)
  HIGHEST GUST SPEED    22   HIGHEST GUST DIRECTION     E (100)
  AVERAGE WIND SPEED    11.2


SKY COVER
  AVERAGE SKY COVER 1.0


WEATHER CONDITIONS
 THE FOLLOWING WEATHER WAS RECORDED YESTERDAY.
  HEAVY RAIN
  RAIN
  LIGHT RAIN
  FOG


RELATIVE HUMIDITY (PERCENT)
 HIGHEST    93           500 AM
 LOWEST     64           900 PM
 AVERAGE    79

..........................................................


THE ROCHESTER NY CLIMATE NORMALS FOR TODAY
                         NORMAL    RECORD    YEAR
 MAXIMUM TEMPERATURE (F)   66        89      1881
 MINIMUM TEMPERATURE (F)   47        30      1991


SUNRISE AND SUNSET
SEPTEMBER 30 2016.....SUNRISE   707 AM EDT   SUNSET   653 PM EDT
OCTOBER  1 2016.......SUNRISE   709 AM EDT   SUNSET   651 PM EDT


-  INDICATES NEGATIVE NUMBERS.
R  INDICATES RECORD WAS SET OR TIED.
MM INDICATES DATA IS MISSING.
T  INDICATES TRACE AMOUNT.




$$
