000
CDUS41 KBUF 281005
CLIROC


CLIMATE REPORT
NATIONAL WEATHER SERVICE BUFFALO NY
604 AM EDT THU AUG 28 2014


...................................

...THE ROCHESTER NY CLIMATE SUMMARY FOR AUGUST 27 2014...

CLIMATE NORMAL PERIOD 1981 TO 2010
CLIMATE RECORD PERIOD 1871 TO 2014


WEATHER ITEM   OBSERVED TIME   RECORD YEAR NORMAL DEPARTURE LAST
                VALUE   (LST)  VALUE       VALUE  FROM      YEAR
                                                  NORMAL
..................................................................
TEMPERATURE (F)
 YESTERDAY
  MAXIMUM         78    307 PM  98    1948  78      0       84
  MINIMUM         59   1120 PM  44    1887  58      1       67
                                      1885
  AVERAGE         69                        68      1       76

PRECIPITATION (IN)
  YESTERDAY        0.02          3.01 1871   0.10  -0.08     0.00
  MONTH TO DATE    2.14                      3.05  -0.91     2.50
  SINCE JUN 1     11.90                      9.72   2.18    13.18
  SINCE JAN 1     24.90                     22.18   2.72    25.01

SNOWFALL (IN)
  YESTERDAY        0.0           0.0    MM   0.0    0.0      0.0
  MONTH TO DATE    0.0                       0.0    0.0      0.0
  SINCE JUN 1      0.0                       0.0    0.0      0.0
  SINCE JUL 1      0.0                       0.0    0.0      0.0
  SNOW DEPTH       0

DEGREE DAYS
 HEATING
  YESTERDAY        0                         1     -1        0
  MONTH TO DATE   14                        17     -3       10
  SINCE JUN 1     50                        97    -47       76
  SINCE JUL 1     21                        29     -8       18

 COOLING
  YESTERDAY        4                         4      0       11
  MONTH TO DATE  110                       141    -31      111
  SINCE JUN 1    410                       440    -30      479
  SINCE JAN 1    449                       470    -21      550
..................................................................


WIND (MPH)
  HIGHEST WIND SPEED    16   HIGHEST WIND DIRECTION     N (350)
  HIGHEST GUST SPEED    23   HIGHEST GUST DIRECTION     W (290)
  AVERAGE WIND SPEED     6.6


SKY COVER
  AVERAGE SKY COVER 0.7


WEATHER CONDITIONS
 THE FOLLOWING WEATHER WAS RECORDED YESTERDAY.
  LIGHT RAIN
  FOG


RELATIVE HUMIDITY (PERCENT)
 HIGHEST    90           500 AM
 LOWEST     50           300 PM
 AVERAGE    70

..........................................................


THE ROCHESTER NY CLIMATE NORMALS FOR TODAY
                         NORMAL    RECORD    YEAR
 MAXIMUM TEMPERATURE (F)   78        99      1948
 MINIMUM TEMPERATURE (F)   58        41      1982


SUNRISE AND SUNSET
AUGUST 28 2014........SUNRISE   631 AM EDT   SUNSET   752 PM EDT
AUGUST 29 2014........SUNRISE   632 AM EDT   SUNSET   751 PM EDT


-  INDICATES NEGATIVE NUMBERS.
R  INDICATES RECORD WAS SET OR TIED.
MM INDICATES DATA IS MISSING.
T  INDICATES TRACE AMOUNT.




$$
