000
CDUS41 KBUF 220705
CLIROC


CLIMATE REPORT
NATIONAL WEATHER SERVICE BUFFALO NY
305 AM EDT FRI AUG 22 2014


...................................

...THE ROCHESTER NY CLIMATE SUMMARY FOR AUGUST 21 2014...

CLIMATE NORMAL PERIOD 1981 TO 2010
CLIMATE RECORD PERIOD 1871 TO 2014


WEATHER ITEM   OBSERVED TIME   RECORD YEAR NORMAL DEPARTURE LAST
                VALUE   (LST)  VALUE       VALUE  FROM      YEAR
                                                  NORMAL
..................................................................
TEMPERATURE (F)
 YESTERDAY
  MAXIMUM         81   1148 AM  95    1916  79      2       87
  MINIMUM         65    402 AM  44    1950  59      6       62
  AVERAGE         73                        69      4       75

PRECIPITATION (IN)
  YESTERDAY        0.00          1.38 1926   0.10  -0.10     0.00
  MONTH TO DATE    2.12                      2.43  -0.31     1.96
  SINCE JUN 1     11.88                      9.10   2.78    12.64
  SINCE JAN 1     24.88                     21.56   3.32    24.47

SNOWFALL (IN)
  YESTERDAY        0.0           0.0    MM   0.0    0.0      0.0
  MONTH TO DATE    0.0                       0.0    0.0      0.0
  SINCE JUN 1      0.0                       0.0    0.0      0.0
  SINCE JUL 1      0.0                       0.0    0.0      0.0
  SNOW DEPTH       0

DEGREE DAYS
 HEATING
  YESTERDAY        0                         1     -1        0
  MONTH TO DATE   14                        11      3        9
  SINCE JUN 1     50                        91    -41       75
  SINCE JUL 1     21                        23     -2       17

 COOLING
  YESTERDAY        8                         5      3       10
  MONTH TO DATE   71                       116    -45       78
  SINCE JUN 1    371                       415    -44      446
  SINCE JAN 1    410                       445    -35      517
..................................................................


WIND (MPH)
  HIGHEST WIND SPEED    15   HIGHEST WIND DIRECTION    NE (30)
  HIGHEST GUST SPEED    24   HIGHEST GUST DIRECTION     N (350)
  AVERAGE WIND SPEED     5.0


SKY COVER
  AVERAGE SKY COVER 0.7


WEATHER CONDITIONS
 THE FOLLOWING WEATHER WAS RECORDED YESTERDAY.
  THUNDERSTORM
  FOG


RELATIVE HUMIDITY (PERCENT)
 HIGHEST   100           300 AM
 LOWEST     58          1200 PM
 AVERAGE    79

..........................................................


THE ROCHESTER NY CLIMATE NORMALS FOR TODAY
                         NORMAL    RECORD    YEAR
 MAXIMUM TEMPERATURE (F)   79        98      1916
 MINIMUM TEMPERATURE (F)   59        43      1957


SUNRISE AND SUNSET
AUGUST 22 2014........SUNRISE   624 AM EDT   SUNSET   802 PM EDT
AUGUST 23 2014........SUNRISE   625 AM EDT   SUNSET   801 PM EDT


-  INDICATES NEGATIVE NUMBERS.
R  INDICATES RECORD WAS SET OR TIED.
MM INDICATES DATA IS MISSING.
T  INDICATES TRACE AMOUNT.




$$
