000
CDUS41 KBUF 301024
CLIROC


CLIMATE REPORT
NATIONAL WEATHER SERVICE BUFFALO NY
623 AM EDT SUN AUG 30 2015


...................................

...THE ROCHESTER NY CLIMATE SUMMARY FOR AUGUST 29 2015...

CLIMATE NORMAL PERIOD 1981 TO 2010
CLIMATE RECORD PERIOD 1871 TO 2015


WEATHER ITEM   OBSERVED TIME   RECORD YEAR NORMAL DEPARTURE LAST
                VALUE   (LST)  VALUE       VALUE  FROM      YEAR
                                                  NORMAL
..................................................................
TEMPERATURE (F)
 YESTERDAY
  MAXIMUM         77    353 PM  94    1973  77      0       77
                                      1953
  MINIMUM         56    450 AM  38    1982  58     -2       50
  AVERAGE         67                        67      0       64

PRECIPITATION (IN)
  YESTERDAY        0.00          4.14 1893   0.10  -0.10     0.00
  MONTH TO DATE    4.67                      3.26   1.41     2.14
  SINCE JUN 1     14.43                      9.93   4.50    11.90
  SINCE JAN 1     26.13                     22.39   3.74    24.90

SNOWFALL (IN)
  YESTERDAY        0.0           0.0    MM   0.0    0.0      0.0
  MONTH TO DATE    0.0                       0.0    0.0      0.0
  SINCE JUN 1      0.0                       0.0    0.0      0.0
  SINCE JUL 1      0.0                       0.0    0.0      0.0
  SNOW DEPTH       0

DEGREE DAYS
 HEATING
  YESTERDAY        0                         1     -1        1
  MONTH TO DATE    8                        19    -11       18
  SINCE JUN 1     76                        99    -23       54
  SINCE JUL 1     19                        31    -12       25

 COOLING
  YESTERDAY        2                         4     -2        0
  MONTH TO DATE  139                       149    -10      110
  SINCE JUN 1    433                       448    -15      410
  SINCE JAN 1    536                       478     58      449
..................................................................


WIND (MPH)
  HIGHEST WIND SPEED    13   HIGHEST WIND DIRECTION    SW (230)
  HIGHEST GUST SPEED    15   HIGHEST GUST DIRECTION    SW (240)
  AVERAGE WIND SPEED     4.5


SKY COVER
  AVERAGE SKY COVER 0.5


WEATHER CONDITIONS
 THE FOLLOWING WEATHER WAS RECORDED YESTERDAY.
  NO SIGNIFICANT WEATHER WAS OBSERVED.


RELATIVE HUMIDITY (PERCENT)
 HIGHEST    93          1200 AM
 LOWEST     50           200 PM
 AVERAGE    72

..........................................................


THE ROCHESTER NY CLIMATE NORMALS FOR TODAY
                         NORMAL    RECORD    YEAR
 MAXIMUM TEMPERATURE (F)   77        96      1953
                                             1881
 MINIMUM TEMPERATURE (F)   57        36      1965


SUNRISE AND SUNSET
AUGUST 30 2015........SUNRISE   632 AM EDT   SUNSET   749 PM EDT
AUGUST 31 2015........SUNRISE   634 AM EDT   SUNSET   748 PM EDT


-  INDICATES NEGATIVE NUMBERS.
R  INDICATES RECORD WAS SET OR TIED.
MM INDICATES DATA IS MISSING.
T  INDICATES TRACE AMOUNT.




$$
