000
CDUS41 KBUF 271006
CLIROC


CLIMATE REPORT
NATIONAL WEATHER SERVICE BUFFALO NY
505 AM EST TUE JAN 27 2015


...................................

...THE ROCHESTER NY CLIMATE SUMMARY FOR JANUARY 26 2015...

CLIMATE NORMAL PERIOD 1981 TO 2010
CLIMATE RECORD PERIOD 1871 TO 2015


WEATHER ITEM   OBSERVED TIME   RECORD YEAR NORMAL DEPARTURE LAST
                VALUE   (LST)  VALUE       VALUE  FROM      YEAR
                                                  NORMAL
..................................................................
TEMPERATURE (F)
 YESTERDAY
  MAXIMUM         20   1159 PM  67    1950  32    -12       27
  MINIMUM          9   1211 AM -10    1884  17     -8        5
  AVERAGE         15                        24     -9       16

PRECIPITATION (IN)
  YESTERDAY        0.14          0.78 1978   0.08   0.06      T
  MONTH TO DATE    1.51                      2.06  -0.55     1.16
  SINCE DEC 1      3.82                      4.69  -0.87     4.15
  SINCE JAN 1      1.51                      2.06  -0.55     1.16

SNOWFALL (IN)
  YESTERDAY        1.8          10.2  2000   0.9    0.9       T
  MONTH TO DATE   14.6                      23.8   -9.2     18.9
  SINCE DEC 1     31.2                      45.6  -14.4     41.4
  SINCE JUL 1     40.3                      53.0  -12.7     54.9
  SNOW DEPTH       T

DEGREE DAYS
 HEATING
  YESTERDAY       50                        41      9       49
  MONTH TO DATE 1156                      1049    107     1129
  SINCE DEC 1   2096                      2134    -38     2254
  SINCE JUL 1   3376                      3502   -126     3626

 COOLING
  YESTERDAY        0                         0      0        0
  MONTH TO DATE    0                         0      0        0
  SINCE DEC 1      0                         0      0        0
  SINCE JAN 1      0                         0      0        0
..................................................................


WIND (MPH)
  HIGHEST WIND SPEED    15   HIGHEST WIND DIRECTION     E (80)
  HIGHEST GUST SPEED    19   HIGHEST GUST DIRECTION    NE (60)
  AVERAGE WIND SPEED     9.9


SKY COVER
  AVERAGE SKY COVER 1.0


WEATHER CONDITIONS
 THE FOLLOWING WEATHER WAS RECORDED YESTERDAY.
  LIGHT SNOW
  FOG


RELATIVE HUMIDITY (PERCENT)
 HIGHEST    84          1100 PM
 LOWEST     48           800 AM
 AVERAGE    66

..........................................................


THE ROCHESTER NY CLIMATE NORMALS FOR TODAY
                         NORMAL    RECORD    YEAR
 MAXIMUM TEMPERATURE (F)   32        63      1916
 MINIMUM TEMPERATURE (F)   17        -7      1927


SUNRISE AND SUNSET
JANUARY 27 2015.......SUNRISE   731 AM EST   SUNSET   516 PM EST
JANUARY 28 2015.......SUNRISE   730 AM EST   SUNSET   517 PM EST


-  INDICATES NEGATIVE NUMBERS.
R  INDICATES RECORD WAS SET OR TIED.
MM INDICATES DATA IS MISSING.
T  INDICATES TRACE AMOUNT.




$$
