000
CDUS41 KBUF 151021
CLIROC


CLIMATE REPORT
NATIONAL WEATHER SERVICE BUFFALO NY
518 AM EST MON JAN 15 2018


...................................

...THE ROCHESTER NY CLIMATE SUMMARY FOR JANUARY 14 2018...

CLIMATE NORMAL PERIOD 1981 TO 2010
CLIMATE RECORD PERIOD 1871 TO 2018


WEATHER ITEM   OBSERVED TIME   RECORD YEAR NORMAL DEPARTURE LAST
                VALUE   (LST)  VALUE       VALUE  FROM      YEAR
                                                  NORMAL
..................................................................
TEMPERATURE (F)
 YESTERDAY
  MAXIMUM         16    405 PM  67    1995  32    -16       29
  MINIMUM         -1    650 AM -10    1957  17    -18       19
  AVERAGE          8                        24    -16       24

PRECIPITATION (IN)
  YESTERDAY        T             0.71 1978   0.08  -0.08      T
  MONTH TO DATE    2.19                      1.14   1.05     1.05
  SINCE DEC 1      4.43                      3.77   0.66     3.96
  SINCE JAN 1      2.19                      1.14   1.05     1.05

SNOWFALL (IN)
  YESTERDAY        T             9.5  1978   1.0   -1.0       T
  MONTH TO DATE   23.7                      12.7   11.0      4.4
  SINCE DEC 1     58.4                      34.5   23.9     33.7
  SINCE JUL 1     61.0                      41.9   19.1     49.6
  SNOW DEPTH      12

DEGREE DAYS
 HEATING
  YESTERDAY       57                        41     16       41
  MONTH TO DATE  625                       557     68      520
  SINCE DEC 1   1827                      1642    185     1555
  SINCE JUL 1   2918                      3010    -92     2533

 COOLING
  YESTERDAY        0                         0      0        0
  MONTH TO DATE    0                         0      0        0
  SINCE DEC 1      0                         0      0        0
  SINCE JAN 1      0                         0      0        0
..................................................................


WIND (MPH)
  HIGHEST WIND SPEED    12   HIGHEST WIND DIRECTION     W (270)
  HIGHEST GUST SPEED    13   HIGHEST GUST DIRECTION     W (260)
  AVERAGE WIND SPEED     5.5


SKY COVER
  AVERAGE SKY COVER 0.5


WEATHER CONDITIONS
 THE FOLLOWING WEATHER WAS RECORDED YESTERDAY.
  LIGHT SNOW
  FOG
  HAZE


RELATIVE HUMIDITY (PERCENT)
 HIGHEST    95           600 AM
 LOWEST     59           400 PM
 AVERAGE    77

..........................................................


THE ROCHESTER NY CLIMATE NORMALS FOR TODAY
                         NORMAL    RECORD    YEAR
 MAXIMUM TEMPERATURE (F)   31        68      1995
 MINIMUM TEMPERATURE (F)   17       -16      1957


SUNRISE AND SUNSET
JANUARY 15 2018.......SUNRISE   739 AM EST   SUNSET   501 PM EST
JANUARY 16 2018.......SUNRISE   739 AM EST   SUNSET   502 PM EST


-  INDICATES NEGATIVE NUMBERS.
R  INDICATES RECORD WAS SET OR TIED.
MM INDICATES DATA IS MISSING.
T  INDICATES TRACE AMOUNT.




$$
