000
CDUS41 KBUF 220705
CLIROC


CLIMATE REPORT
NATIONAL WEATHER SERVICE BUFFALO NY
305 AM EDT WED OCT 22 2014


...................................

...THE ROCHESTER NY CLIMATE SUMMARY FOR OCTOBER 21 2014...

CLIMATE NORMAL PERIOD 1981 TO 2010
CLIMATE RECORD PERIOD 1871 TO 2014


WEATHER ITEM   OBSERVED TIME   RECORD YEAR NORMAL DEPARTURE LAST
                VALUE   (LST)  VALUE       VALUE  FROM      YEAR
                                                  NORMAL
..................................................................
TEMPERATURE (F)
 YESTERDAY
  MAXIMUM         55    228 PM  80    2007  58     -3       67
                                      1884
  MINIMUM         47   1156 PM  21    1974  40      7       46
  AVERAGE         51                        49      2       57

PRECIPITATION (IN)
  YESTERDAY        0.53          2.32 1995   0.08   0.45      T
  MONTH TO DATE    1.69                      1.86  -0.17     2.27
  SINCE SEP 1      3.02                      5.24  -2.22     4.68
  SINCE JAN 1     28.05                     27.84   0.21    29.89

SNOWFALL (IN)
  YESTERDAY       MM             T    1989   0.0   MM        0.0
  MONTH TO DATE    0.0                       0.0    0.0      0.0
  SINCE SEP 1      0.0                       0.0    0.0      0.0
  SINCE JUL 1      0.0                       0.0    0.0      0.0
  SNOW DEPTH       0

DEGREE DAYS
 HEATING
  YESTERDAY       14                        16     -2        8
  MONTH TO DATE  211                       273    -62      145
  SINCE SEP 1    335                       420    -85      317
  SINCE JUL 1    360                       454    -94      335

 COOLING
  YESTERDAY        0                         0      0        0
  MONTH TO DATE    9                         0      9       10
  SINCE SEP 1     77                        50     27       69
  SINCE JAN 1    541                       534      7      660
..................................................................


WIND (MPH)
  HIGHEST WIND SPEED    23   HIGHEST WIND DIRECTION    NE (40)
  HIGHEST GUST SPEED    31   HIGHEST GUST DIRECTION    NE (30)
  AVERAGE WIND SPEED     9.7


SKY COVER
  AVERAGE SKY COVER 1.0


WEATHER CONDITIONS
 THE FOLLOWING WEATHER WAS RECORDED YESTERDAY.
  RAIN
  LIGHT RAIN
  FOG
  HAZE


RELATIVE HUMIDITY (PERCENT)
 HIGHEST    96           900 AM
 LOWEST     83           100 AM
 AVERAGE    90

..........................................................


THE ROCHESTER NY CLIMATE NORMALS FOR TODAY
                         NORMAL    RECORD    YEAR
 MAXIMUM TEMPERATURE (F)   57        82      1979
 MINIMUM TEMPERATURE (F)   40        23      1940


SUNRISE AND SUNSET
OCTOBER 22 2014.......SUNRISE   733 AM EDT   SUNSET   617 PM EDT
OCTOBER 23 2014.......SUNRISE   734 AM EDT   SUNSET   615 PM EDT


-  INDICATES NEGATIVE NUMBERS.
R  INDICATES RECORD WAS SET OR TIED.
MM INDICATES DATA IS MISSING.
T  INDICATES TRACE AMOUNT.




$$
