000
CDUS41 KBUF 191016
CLIROC


CLIMATE REPORT
NATIONAL WEATHER SERVICE BUFFALO NY
615 AM EDT SAT APR 19 2014


...................................

...THE ROCHESTER NY CLIMATE SUMMARY FOR APRIL 18 2014...

CLIMATE NORMAL PERIOD 1981 TO 2010
CLIMATE RECORD PERIOD 1871 TO 2014


WEATHER ITEM   OBSERVED TIME   RECORD YEAR NORMAL DEPARTURE LAST
                VALUE   (LST)  VALUE       VALUE  FROM      YEAR
                                                  NORMAL
..................................................................
TEMPERATURE (F)
 YESTERDAY
  MAXIMUM         64    227 PM  85    1976  57      7       77
  MINIMUM         42    641 AM  15    1875  38      4       45
  AVERAGE         53                        47      6       61

PRECIPITATION (IN)
  YESTERDAY        T             0.85 1969   0.09  -0.09     0.01
  MONTH TO DATE    2.04                      1.70   0.34     2.47
  SINCE MAR 1      4.40                      4.20   0.20     3.32
  SINCE JAN 1      8.02                      8.56  -0.54     7.63

SNOWFALL (IN)
  YESTERDAY        0.0           1.2  1887   0.2   -0.2      0.0
  MONTH TO DATE    0.3                       3.3   -3.0      2.3
  SINCE MAR 1     29.6                      19.6   10.0     14.2
  SINCE JUL 1    112.7                      98.5   14.2     78.1
  SNOW DEPTH       0

DEGREE DAYS
 HEATING
  YESTERDAY       12                        18     -6        4
  MONTH TO DATE  363                       381    -18      374
  SINCE MAR 1   1511                      1333    178     1345
  SINCE JUL 1   6596                      6119    477     5653

 COOLING
  YESTERDAY        0                         0      0        0
  MONTH TO DATE    1                         0      1        0
  SINCE MAR 1      1                         0      1        0
  SINCE JAN 1      1                         0      1        0
..................................................................


WIND (MPH)
  HIGHEST WIND SPEED    18   HIGHEST WIND DIRECTION     N (10)
  HIGHEST GUST SPEED    22   HIGHEST GUST DIRECTION     N (360)
  AVERAGE WIND SPEED     8.2


SKY COVER
  AVERAGE SKY COVER 0.6


WEATHER CONDITIONS
 THE FOLLOWING WEATHER WAS RECORDED YESTERDAY.
  NO SIGNIFICANT WEATHER WAS OBSERVED.


RELATIVE HUMIDITY (PERCENT)
 HIGHEST    83          1000 PM
 LOWEST     39           100 PM
 AVERAGE    61

..........................................................


THE ROCHESTER NY CLIMATE NORMALS FOR TODAY
                         NORMAL    RECORD    YEAR
 MAXIMUM TEMPERATURE (F)   58        86      2008
 MINIMUM TEMPERATURE (F)   38        20      1904


SUNRISE AND SUNSET
APRIL 19 2014.........SUNRISE   622 AM EDT   SUNSET   758 PM EDT
APRIL 20 2014.........SUNRISE   621 AM EDT   SUNSET   759 PM EDT


-  INDICATES NEGATIVE NUMBERS.
R  INDICATES RECORD WAS SET OR TIED.
MM INDICATES DATA IS MISSING.
T  INDICATES TRACE AMOUNT.




$$
