000
CDUS41 KBUF 211017
CLIROC


CLIMATE REPORT
NATIONAL WEATHER SERVICE BUFFALO NY
516 AM EST FRI NOV 21 2014


...................................

...THE ROCHESTER NY CLIMATE SUMMARY FOR NOVEMBER 20 2014...

CLIMATE NORMAL PERIOD 1981 TO 2010
CLIMATE RECORD PERIOD 1871 TO 2014


WEATHER ITEM   OBSERVED TIME   RECORD YEAR NORMAL DEPARTURE LAST
                VALUE   (LST)  VALUE       VALUE  FROM      YEAR
                                                  NORMAL
..................................................................
TEMPERATURE (F)
 YESTERDAY
  MAXIMUM         31   1216 AM  72    1991  46    -15       39
  MINIMUM         21   1159 PM  14    1879  32    -11       21
  AVERAGE         26                        39    -13       30

PRECIPITATION (IN)
  YESTERDAY        0.09          0.88 1974   0.10  -0.01     0.00
  MONTH TO DATE    1.94                      1.94   0.00     1.67
  SINCE SEP 1      5.16                      8.04  -2.88     7.40
  SINCE JAN 1     30.19                     30.64  -0.45    32.61

SNOWFALL (IN)
  YESTERDAY        2.6           3.1  1996   0.3    2.3      0.0
  MONTH TO DATE    6.9                       3.5    3.4      1.8
  SINCE SEP 1      6.9                       3.6    3.3      1.8
  SINCE JUL 1      6.9                       3.6    3.3      1.8
  SNOW DEPTH       3

DEGREE DAYS
 HEATING
  YESTERDAY       39                        26     13       35
  MONTH TO DATE  515                       454     61      445
  SINCE SEP 1    987                      1053    -66      982
  SINCE JUL 1   1012                      1087    -75     1000

 COOLING
  YESTERDAY        0                         0      0        0
  MONTH TO DATE    0                         0      0        0
  SINCE SEP 1     78                        55     23       69
  SINCE JAN 1    542                       539      3      660
..................................................................


WIND (MPH)
  HIGHEST WIND SPEED    28   HIGHEST WIND DIRECTION     W (260)
  HIGHEST GUST SPEED    39   HIGHEST GUST DIRECTION     W (270)
  AVERAGE WIND SPEED    13.9


SKY COVER
  AVERAGE SKY COVER 0.8


WEATHER CONDITIONS
 THE FOLLOWING WEATHER WAS RECORDED YESTERDAY.
  SNOW
  LIGHT SNOW
  FOG
  BLOWING SNOW


RELATIVE HUMIDITY (PERCENT)
 HIGHEST    92           600 AM
 LOWEST     36           100 PM
 AVERAGE    64

..........................................................


THE ROCHESTER NY CLIMATE NORMALS FOR TODAY
                         NORMAL    RECORD    YEAR
 MAXIMUM TEMPERATURE (F)   46        72      1913
 MINIMUM TEMPERATURE (F)   31         9      1880
                                             1879


SUNRISE AND SUNSET
NOVEMBER 21 2014......SUNRISE   711 AM EST   SUNSET   442 PM EST
NOVEMBER 22 2014......SUNRISE   712 AM EST   SUNSET   441 PM EST


-  INDICATES NEGATIVE NUMBERS.
R  INDICATES RECORD WAS SET OR TIED.
MM INDICATES DATA IS MISSING.
T  INDICATES TRACE AMOUNT.

$$
