000
CDUS41 KBUF 261017
CLIROC


CLIMATE REPORT
NATIONAL WEATHER SERVICE BUFFALO NY
515 AM EST MON JAN 26 2015


...................................

...THE ROCHESTER NY CLIMATE SUMMARY FOR JANUARY 25 2015...

CLIMATE NORMAL PERIOD 1981 TO 2010
CLIMATE RECORD PERIOD 1871 TO 2015


WEATHER ITEM   OBSERVED TIME   RECORD YEAR NORMAL DEPARTURE LAST
                VALUE   (LST)  VALUE       VALUE  FROM      YEAR
                                                  NORMAL
..................................................................
TEMPERATURE (F)
 YESTERDAY
  MAXIMUM         34    139 AM  74    1950  31      3       27
  MINIMUM          7    957 PM  -7    1945  17    -10       11
  AVERAGE         21                        24     -3       19

PRECIPITATION (IN)
  YESTERDAY        T             1.05 1915   0.07  -0.07     0.04
  MONTH TO DATE    1.37                      1.98  -0.61     1.16
  SINCE DEC 1      3.68                      4.61  -0.93     4.15
  SINCE JAN 1      1.37                      1.98  -0.61     1.16

SNOWFALL (IN)
  YESTERDAY        T             7.1  1979   0.9   -0.9      1.5
  MONTH TO DATE   12.4                      22.9  -10.5     18.9
  SINCE DEC 1     29.0                      44.7  -15.7     41.4
  SINCE JUL 1     38.1                      52.1  -14.0     54.9
  SNOW DEPTH       T

DEGREE DAYS
 HEATING
  YESTERDAY       44                        41      3       46
  MONTH TO DATE 1106                      1008     98     1080
  SINCE DEC 1   2046                      2093    -47     2205
  SINCE JUL 1   3326                      3461   -135     3577

 COOLING
  YESTERDAY        0                         0      0        0
  MONTH TO DATE    0                         0      0        0
  SINCE DEC 1      0                         0      0        0
  SINCE JAN 1      0                         0      0        0
..................................................................


WIND (MPH)
  HIGHEST WIND SPEED    23   HIGHEST WIND DIRECTION    NW (320)
  HIGHEST GUST SPEED    33   HIGHEST GUST DIRECTION    NW (300)
  AVERAGE WIND SPEED     8.1


SKY COVER
  AVERAGE SKY COVER 0.7


WEATHER CONDITIONS
 THE FOLLOWING WEATHER WAS RECORDED YESTERDAY.
  LIGHT SNOW
  HAZE


RELATIVE HUMIDITY (PERCENT)
 HIGHEST    88          1000 PM
 LOWEST     49           400 PM
 AVERAGE    69

..........................................................


THE ROCHESTER NY CLIMATE NORMALS FOR TODAY
                         NORMAL    RECORD    YEAR
 MAXIMUM TEMPERATURE (F)   32        67      1950
 MINIMUM TEMPERATURE (F)   17       -10      1884


SUNRISE AND SUNSET
JANUARY 26 2015.......SUNRISE   732 AM EST   SUNSET   515 PM EST
JANUARY 27 2015.......SUNRISE   731 AM EST   SUNSET   516 PM EST


-  INDICATES NEGATIVE NUMBERS.
R  INDICATES RECORD WAS SET OR TIED.
MM INDICATES DATA IS MISSING.
T  INDICATES TRACE AMOUNT.




$$
