948
CDUS41 KBUF 281029
CLIROC


CLIMATE REPORT
NATIONAL WEATHER SERVICE BUFFALO NY
628 AM EDT THU APR 28 2016


...................................

...THE ROCHESTER NY CLIMATE SUMMARY FOR APRIL 27 2016...

CLIMATE NORMAL PERIOD 1981 TO 2010
CLIMATE RECORD PERIOD 1871 TO 2016


WEATHER ITEM   OBSERVED TIME   RECORD YEAR NORMAL DEPARTURE LAST
                VALUE   (LST)  VALUE       VALUE  FROM      YEAR
                                                  NORMAL
..................................................................
TEMPERATURE (F)
 YESTERDAY
  MAXIMUM         55    334 PM  86    1990  61     -6       53
                                      1962
  MINIMUM         29    453 AM  26    1993  41    -12       41
  AVERAGE         42                        51     -9       47

PRECIPITATION (IN)
  YESTERDAY        0.00          0.79 1954   0.09  -0.09      T
  MONTH TO DATE    1.55                      2.46  -0.91     2.70
  SINCE MAR 1      3.37                      4.96  -1.59     4.04
  SINCE JAN 1      8.67                      9.32  -0.65     8.29

SNOWFALL (IN)
  YESTERDAY        0.0           0.3  1946   0.1   -0.1      0.0
  MONTH TO DATE    8.8                       3.8    5.0      0.5
  SINCE MAR 1     12.0                      20.1   -8.1     13.3
  SINCE JUL 1     63.7                      99.0  -35.3    101.9
  SNOW DEPTH       0

DEGREE DAYS
 HEATING
  YESTERDAY       23                        14      9       18
  MONTH TO DATE  616                       524     92      484
  SINCE MAR 1   1378                      1476    -98     1562
  SINCE JUL 1   5295                      6262   -967     6656

 COOLING
  YESTERDAY        0                         0      0        0
  MONTH TO DATE    0                         0      0        0
  SINCE MAR 1      0                         0      0        0
  SINCE JAN 1      0                         0      0        0
..................................................................


WIND (MPH)
  HIGHEST WIND SPEED    15   HIGHEST WIND DIRECTION     N (340)
  HIGHEST GUST SPEED    19   HIGHEST GUST DIRECTION    NW (320)
  AVERAGE WIND SPEED     5.6


SKY COVER
  AVERAGE SKY COVER 0.3


WEATHER CONDITIONS
 THE FOLLOWING WEATHER WAS RECORDED YESTERDAY.
  FOG


RELATIVE HUMIDITY (PERCENT)
 HIGHEST   100           300 AM
 LOWEST     24           700 PM
 AVERAGE    62

..........................................................


THE ROCHESTER NY CLIMATE NORMALS FOR TODAY
                         NORMAL    RECORD    YEAR
 MAXIMUM TEMPERATURE (F)   62        93      1990
 MINIMUM TEMPERATURE (F)   41        25      1947


SUNRISE AND SUNSET
APRIL 28 2016.........SUNRISE   608 AM EDT   SUNSET   809 PM EDT
APRIL 29 2016.........SUNRISE   606 AM EDT   SUNSET   810 PM EDT


-  INDICATES NEGATIVE NUMBERS.
R  INDICATES RECORD WAS SET OR TIED.
MM INDICATES DATA IS MISSING.
T  INDICATES TRACE AMOUNT.

$$
