000
CDUS41 KBUF 190705
CLIROC


CLIMATE REPORT
NATIONAL WEATHER SERVICE BUFFALO NY
205 AM EST MON FEB 19 2018


...................................

...THE ROCHESTER NY CLIMATE SUMMARY FOR FEBRUARY 18 2018...

CLIMATE NORMAL PERIOD 1981 TO 2010
CLIMATE RECORD PERIOD 1871 TO 2018


WEATHER ITEM   OBSERVED TIME   RECORD YEAR NORMAL DEPARTURE LAST
                VALUE   (LST)  VALUE       VALUE  FROM      YEAR
                                                  NORMAL
..................................................................
TEMPERATURE (F)
 YESTERDAY
  MAXIMUM         38    208 PM  63    2017  35      3       63
  MINIMUM         25    215 AM -19    1979  19      6       30
  AVERAGE         32                        27      5       47

PRECIPITATION (IN)
  YESTERDAY        0.01          0.91 1879   0.07  -0.06     0.00
  MONTH TO DATE    1.11                      1.20  -0.09     1.60
  SINCE DEC 1      6.46                      6.24   0.22     7.26
  SINCE JAN 1      4.22                      3.61   0.61     4.35

SNOWFALL (IN)
  YESTERDAY       MM             9.1  1879   0.8   MM        0.0
  MONTH TO DATE   15.5                      13.9    1.6     14.4
  SINCE DEC 1     83.1                      63.9   19.2     55.5
  SINCE JUL 1     85.7                      71.3   14.4     71.4
  SNOW DEPTH       0

DEGREE DAYS
 HEATING
  YESTERDAY       33                        38     -5       18
  MONTH TO DATE  674                       711    -37      624
  SINCE DEC 1   3109                      3047     62     2695
  SINCE JUL 1   4200                      4415   -215     3673

 COOLING
  YESTERDAY        0                         0      0        0
  MONTH TO DATE    0                         0      0        0
  SINCE DEC 1      0                         0      0        0
  SINCE JAN 1      0                         0      0        0
..................................................................


WIND (MPH)
  HIGHEST WIND SPEED    17   HIGHEST WIND DIRECTION     W (250)
  HIGHEST GUST SPEED    22   HIGHEST GUST DIRECTION     W (260)
  AVERAGE WIND SPEED     9.1


SKY COVER
  AVERAGE SKY COVER 0.7


WEATHER CONDITIONS
 THE FOLLOWING WEATHER WAS RECORDED YESTERDAY.
  LIGHT SNOW
  FOG


RELATIVE HUMIDITY (PERCENT)
 HIGHEST   100           300 AM
 LOWEST     52           400 PM
 AVERAGE    76

..........................................................


THE ROCHESTER NY CLIMATE NORMALS FOR TODAY
                         NORMAL    RECORD    YEAR
 MAXIMUM TEMPERATURE (F)   35        61      1994
 MINIMUM TEMPERATURE (F)   19        -7      1944


SUNRISE AND SUNSET
FEBRUARY 19 2018......SUNRISE   702 AM EST   SUNSET   547 PM EST
FEBRUARY 20 2018......SUNRISE   701 AM EST   SUNSET   548 PM EST


-  INDICATES NEGATIVE NUMBERS.
R  INDICATES RECORD WAS SET OR TIED.
MM INDICATES DATA IS MISSING.
T  INDICATES TRACE AMOUNT.




$$
