736
CDUS41 KBUF 231021
CLIROC


CLIMATE REPORT
NATIONAL WEATHER SERVICE BUFFALO NY
620 AM EDT TUE MAY 23 2017


...................................

...THE ROCHESTER NY CLIMATE SUMMARY FOR MAY 22 2017...

CLIMATE NORMAL PERIOD 1981 TO 2010
CLIMATE RECORD PERIOD 1871 TO 2017


WEATHER ITEM   OBSERVED TIME   RECORD YEAR NORMAL DEPARTURE LAST
                VALUE   (LST)  VALUE       VALUE  FROM      YEAR
                                                  NORMAL
..................................................................
TEMPERATURE (F)
 YESTERDAY
  MAXIMUM         68   1133 AM  92    1911  70     -2       71
  MINIMUM         50   1159 PM  34    1990  48      2       53
                                      1895
  AVERAGE         59                        59      0       62

PRECIPITATION (IN)
  YESTERDAY        0.01          1.00 1882   0.10  -0.09      T
  MONTH TO DATE    3.51                      2.02   1.49     1.38
  SINCE MAR 1     13.12                      7.25   5.87     4.76
  SINCE JAN 1     18.20                     11.61   6.59    10.06

SNOWFALL (IN)
  YESTERDAY        0.0           T    2006   0.0    0.0      0.0
  MONTH TO DATE    0.0                       0.4   -0.4       T
  SINCE MAR 1     35.5                      20.6   14.9     12.0
  SINCE JUL 1    107.1                      99.5    7.6     63.7
  SNOW DEPTH       0

DEGREE DAYS
 HEATING
  YESTERDAY        6                         7     -1        3
  MONTH TO DATE  249                       221     28      254
  SINCE MAR 1   1648                      1738    -90     1690
  SINCE JUL 1   5516                      6524  -1008     5607

 COOLING
  YESTERDAY        0                         1     -1        0
  MONTH TO DATE   16                        13      3        0
  SINCE MAR 1     30                        17     13        0
  SINCE JAN 1     30                        17     13        0
..................................................................


WIND (MPH)
  HIGHEST WIND SPEED    29   HIGHEST WIND DIRECTION     W (290)
  HIGHEST GUST SPEED    38   HIGHEST GUST DIRECTION     W (270)
  AVERAGE WIND SPEED    14.6


SKY COVER
  AVERAGE SKY COVER 0.8


WEATHER CONDITIONS
 THE FOLLOWING WEATHER WAS RECORDED YESTERDAY.
  NO SIGNIFICANT WEATHER WAS OBSERVED.


RELATIVE HUMIDITY (PERCENT)
 HIGHEST    86           500 AM
 LOWEST     47           600 PM
 AVERAGE    67

..........................................................


THE ROCHESTER NY CLIMATE NORMALS FOR TODAY
                         NORMAL    RECORD    YEAR
 MAXIMUM TEMPERATURE (F)   70        90      1930
                                             1893
 MINIMUM TEMPERATURE (F)   49        31      1967


SUNRISE AND SUNSET
MAY 23 2017...........SUNRISE   540 AM EDT   SUNSET   836 PM EDT
MAY 24 2017...........SUNRISE   539 AM EDT   SUNSET   837 PM EDT


-  INDICATES NEGATIVE NUMBERS.
R  INDICATES RECORD WAS SET OR TIED.
MM INDICATES DATA IS MISSING.
T  INDICATES TRACE AMOUNT.




$$
