000
CDUS41 KBUF 242056
CLIROC


CLIMATE REPORT
NATIONAL WEATHER SERVICE BUFFALO NY
449 PM EDT SUN MAY 24 2015


...................................

...THE ROCHESTER NY CLIMATE SUMMARY FOR MAY 24 2015...
VALID TODAY AS OF 0400 PM LOCAL TIME.

CLIMATE NORMAL PERIOD 1981 TO 2010
CLIMATE RECORD PERIOD 1871 TO 2015


WEATHER ITEM   OBSERVED TIME   RECORD YEAR NORMAL DEPARTURE LAST
                VALUE   (LST)  VALUE       VALUE  FROM      YEAR
                                                  NORMAL
..................................................................
TEMPERATURE (F)
 TODAY
  MAXIMUM         81    236 PM  91    2007  70     11       75
  MINIMUM         47    427 AM  31    1956  49     -2       50
  AVERAGE         64                        59      5       63

PRECIPITATION (IN)
  TODAY            0.00          0.98 2004   0.10  -0.10     0.00
  MONTH TO DATE    0.98                      2.22  -1.24     3.17
  SINCE MAR 1      5.02                      7.45  -2.43     9.38
  SINCE JAN 1      9.27                     11.81  -2.54    13.00

SNOWFALL (IN)
  TODAY            0.0           T    1925   0.0    0.0      0.0
  MONTH TO DATE    0.0                       0.4   -0.4       T
  SINCE MAR 1     13.3                      20.6   -7.3     29.6
  SINCE JUL 1    101.9                      99.5    2.4    112.7
  SNOW DEPTH       0

DEGREE DAYS
 HEATING
  TODAY            1                         7     -6        2
  MONTH TO DATE  119                       235   -116      171
  SINCE MAR 1   1711                      1752    -41     1881
  SINCE JUL 1   6805                      6538    267     6966

 COOLING
  TODAY            0                         1     -1        0
  MONTH TO DATE   55                        15     40       25
  SINCE MAR 1     55                        19     36       26
  SINCE JAN 1     55                        19     36       26
..................................................................


WIND (MPH)
  HIGHEST WIND SPEED    21   HIGHEST WIND DIRECTION    SW (240)
  HIGHEST GUST SPEED    29   HIGHEST GUST DIRECTION    SW (240)
  AVERAGE WIND SPEED    10.1


SKY COVER
  AVERAGE SKY COVER 0.4


WEATHER CONDITIONS
 THE FOLLOWING WEATHER WAS RECORDED TODAY.
  NO SIGNIFICANT WEATHER WAS OBSERVED.


RELATIVE HUMIDITY (PERCENT)
 HIGHEST    61           500 AM
 LOWEST     21          1100 AM
 AVERAGE    41

..........................................................


THE ROCHESTER NY CLIMATE NORMALS FOR TOMORROW
                         NORMAL    RECORD    YEAR
 MAXIMUM TEMPERATURE (F)   70        88      2012
                                             2007
                                             1904
 MINIMUM TEMPERATURE (F)   49        32      1956


SUNRISE AND SUNSET
MAY 24 2015...........SUNRISE   539 AM EDT   SUNSET   836 PM EDT
MAY 25 2015...........SUNRISE   538 AM EDT   SUNSET   837 PM EDT


-  INDICATES NEGATIVE NUMBERS.
R  INDICATES RECORD WAS SET OR TIED.
MM INDICATES DATA IS MISSING.
T  INDICATES TRACE AMOUNT.




$$
