000
CDUS41 KBUF 161029
CLIROC


CLIMATE REPORT
NATIONAL WEATHER SERVICE BUFFALO NY
528 AM EST THU NOV 16 2017


...................................

...THE ROCHESTER NY CLIMATE SUMMARY FOR NOVEMBER 15 2017...

CLIMATE NORMAL PERIOD 1981 TO 2010
CLIMATE RECORD PERIOD 1871 TO 2017


WEATHER ITEM   OBSERVED TIME   RECORD YEAR NORMAL DEPARTURE LAST
                VALUE   (LST)  VALUE       VALUE  FROM      YEAR
                                                  NORMAL
..................................................................
TEMPERATURE (F)
 YESTERDAY
  MAXIMUM         48   1156 PM  71    1928  48      0       58
  MINIMUM         28    700 AM  10    1933  33     -5       34
  AVERAGE         38                        41     -3       46

PRECIPITATION (IN)
  YESTERDAY        T             1.53 1973   0.10  -0.10     0.00
  MONTH TO DATE    3.16                      1.43   1.73     1.03
  SINCE SEP 1     11.15                      7.53   3.62     8.59
  SINCE JAN 1     42.16                     30.13  12.03    26.24

SNOWFALL (IN)
  YESTERDAY        0.0          11.3  1995   0.2   -0.2      0.0
  MONTH TO DATE    1.5                       2.3   -0.8      0.0
  SINCE SEP 1      1.5                       2.4   -0.9      0.9
  SINCE JUL 1      1.5                       2.4   -0.9      0.9
  SNOW DEPTH       0

DEGREE DAYS
 HEATING
  YESTERDAY       27                        24      3       19
  MONTH TO DATE  362                       327     35      245
  SINCE SEP 1    697                       926   -229      638
  SINCE JUL 1    724                       960   -236      638

 COOLING
  YESTERDAY        0                         0      0        0
  MONTH TO DATE    0                         0      0        0
  SINCE SEP 1    139                        55     84      127
  SINCE JAN 1    655                       539    116      978
..................................................................


WIND (MPH)
  HIGHEST WIND SPEED    20   HIGHEST WIND DIRECTION     S (190)
  HIGHEST GUST SPEED    27   HIGHEST GUST DIRECTION     S (190)
  AVERAGE WIND SPEED     7.7


SKY COVER
  AVERAGE SKY COVER 0.7


WEATHER CONDITIONS
 THE FOLLOWING WEATHER WAS RECORDED YESTERDAY.
  LIGHT RAIN
  FOG
  FOG W/VISIBILITY <= 1/4 MILE


RELATIVE HUMIDITY (PERCENT)
 HIGHEST   100          1200 AM
 LOWEST     53          1200 PM
 AVERAGE    77

..........................................................


THE ROCHESTER NY CLIMATE NORMALS FOR TODAY
                         NORMAL    RECORD    YEAR
 MAXIMUM TEMPERATURE (F)   48        70      2005
 MINIMUM TEMPERATURE (F)   33         8      1933


SUNRISE AND SUNSET
NOVEMBER 16 2017......SUNRISE   705 AM EST   SUNSET   446 PM EST
NOVEMBER 17 2017......SUNRISE   706 AM EST   SUNSET   445 PM EST


-  INDICATES NEGATIVE NUMBERS.
R  INDICATES RECORD WAS SET OR TIED.
MM INDICATES DATA IS MISSING.
T  INDICATES TRACE AMOUNT.




$$
