000
CDUS41 KBUF 312039
CLIROC


CLIMATE REPORT
NATIONAL WEATHER SERVICE BUFFALO NY
437 PM EDT SUN MAY 31 2015


...................................

...THE ROCHESTER NY CLIMATE SUMMARY FOR MAY 31 2015...
VALID TODAY AS OF 0400 PM LOCAL TIME.

CLIMATE NORMAL PERIOD 1981 TO 2010
CLIMATE RECORD PERIOD 1871 TO 2015


WEATHER ITEM   OBSERVED TIME   RECORD YEAR NORMAL DEPARTURE LAST
                VALUE   (LST)  VALUE       VALUE  FROM      YEAR
                                                  NORMAL
..................................................................
TEMPERATURE (F)
 TODAY
  MAXIMUM         65   1225 AM  91    2011  72     -7       71
                                      1944
                                      1895
  MINIMUM         46   1020 AM  37    2001  51     -5       49
                                      1984
                                      1930
  AVERAGE         56                        62     -6       60

PRECIPITATION (IN)
  TODAY            0.63          1.64 1889   0.10   0.53     0.00
  MONTH TO DATE    2.40                      2.87  -0.47     3.17
  SINCE MAR 1      6.44                      8.10  -1.66     9.38
  SINCE JAN 1     10.69                     12.46  -1.77    13.00

SNOWFALL (IN)
  TODAY            0.0           0.0    MM   0.0    0.0      0.0
  MONTH TO DATE    0.0                       0.4   -0.4       T
  SINCE MAR 1     13.3                      20.6   -7.3     29.6
  SINCE JUL 1    101.9                      99.5    2.4    112.7
  SNOW DEPTH       0

DEGREE DAYS
 HEATING
  TODAY            9                         5      4        5
  MONTH TO DATE  128                       275   -147      191
  SINCE MAR 1   1720                      1792    -72     1901
  SINCE JUL 1   6814                      6578    236     6986

 COOLING
  TODAY            0                         2     -2        0
  MONTH TO DATE  103                        26     77       38
  SINCE MAR 1    103                        30     73       39
  SINCE JAN 1    103                        30     73       39
..................................................................


WIND (MPH)
  HIGHEST WIND SPEED    25   HIGHEST WIND DIRECTION    NE (40)
  HIGHEST GUST SPEED    33   HIGHEST GUST DIRECTION    NE (40)
  AVERAGE WIND SPEED    17.1


SKY COVER
  AVERAGE SKY COVER 0.9


WEATHER CONDITIONS
 THE FOLLOWING WEATHER WAS RECORDED TODAY.
  THUNDERSTORM
  HEAVY RAIN
  RAIN
  LIGHT RAIN
  FOG


RELATIVE HUMIDITY (PERCENT)
 HIGHEST    96           300 AM
 LOWEST     86           800 AM
 AVERAGE    91

..........................................................


THE ROCHESTER NY CLIMATE NORMALS FOR TOMORROW
                         NORMAL    RECORD    YEAR
 MAXIMUM TEMPERATURE (F)   73        93      1895
 MINIMUM TEMPERATURE (F)   52        35      1945


SUNRISE AND SUNSET
MAY 31 2015...........SUNRISE   535 AM EDT   SUNSET   843 PM EDT
JUNE  1 2015..........SUNRISE   534 AM EDT   SUNSET   843 PM EDT


-  INDICATES NEGATIVE NUMBERS.
R  INDICATES RECORD WAS SET OR TIED.
MM INDICATES DATA IS MISSING.
T  INDICATES TRACE AMOUNT.




$$
