000
CDUS41 KBUF 290705
CLIROC


CLIMATE REPORT
NATIONAL WEATHER SERVICE BUFFALO NY
305 AM EDT MON SEP 29 2014


...................................

...THE ROCHESTER NY CLIMATE SUMMARY FOR SEPTEMBER 28 2014...

CLIMATE NORMAL PERIOD 1981 TO 2010
CLIMATE RECORD PERIOD 1871 TO 2014


WEATHER ITEM   OBSERVED TIME   RECORD YEAR NORMAL DEPARTURE LAST
                VALUE   (LST)  VALUE       VALUE  FROM      YEAR
                                                  NORMAL
..................................................................
TEMPERATURE (F)
 YESTERDAY
  MAXIMUM         80    155 PM  90    1959  67     13       74
  MINIMUM         51    537 AM  28    1947  47      4       44
  AVERAGE         66                        57      9       59

PRECIPITATION (IN)
  YESTERDAY        0.00          1.95 1962   0.11  -0.11     0.00
  MONTH TO DATE    1.33                      3.17  -1.84     2.41
  SINCE SEP 1      1.33                      3.17  -1.84     2.41
  SINCE JAN 1     26.36                     25.77   0.59    27.62

SNOWFALL (IN)
  YESTERDAY        0.0           0.0    MM   0.0    0.0      0.0
  MONTH TO DATE    0.0                       0.0    0.0      0.0
  SINCE SEP 1      0.0                       0.0    0.0      0.0
  SINCE JUL 1      0.0                       0.0    0.0      0.0
  SNOW DEPTH       0

DEGREE DAYS
 HEATING
  YESTERDAY        0                         9     -9        6
  MONTH TO DATE  124                       130     -6      168
  SINCE SEP 1    124                       130     -6      168
  SINCE JUL 1    149                       164    -15      186

 COOLING
  YESTERDAY        1                         1      0        0
  MONTH TO DATE   67                        50     17       58
  SINCE SEP 1     67                        50     17       58
  SINCE JAN 1    531                       534     -3      649
..................................................................


WIND (MPH)
  HIGHEST WIND SPEED    10   HIGHEST WIND DIRECTION    NE (60)
  HIGHEST GUST SPEED    13   HIGHEST GUST DIRECTION    NE (30)
  AVERAGE WIND SPEED     3.6


SKY COVER
  AVERAGE SKY COVER 0.5


WEATHER CONDITIONS
 THE FOLLOWING WEATHER WAS RECORDED YESTERDAY.
  FOG


RELATIVE HUMIDITY (PERCENT)
 HIGHEST   100           300 AM
 LOWEST     42           100 PM
 AVERAGE    71

..........................................................


THE ROCHESTER NY CLIMATE NORMALS FOR TODAY
                         NORMAL    RECORD    YEAR
 MAXIMUM TEMPERATURE (F)   66        90      1959
 MINIMUM TEMPERATURE (F)   47        31      1942


SUNRISE AND SUNSET
SEPTEMBER 29 2014.....SUNRISE   706 AM EDT   SUNSET   655 PM EDT
SEPTEMBER 30 2014.....SUNRISE   707 AM EDT   SUNSET   654 PM EDT


-  INDICATES NEGATIVE NUMBERS.
R  INDICATES RECORD WAS SET OR TIED.
MM INDICATES DATA IS MISSING.
T  INDICATES TRACE AMOUNT.




$$
