000
CDUS41 KBUF 040705
CLIROC


CLIMATE REPORT
NATIONAL WEATHER SERVICE BUFFALO NY
305 AM EDT SAT JUL 4 2015


...................................

...THE ROCHESTER NY CLIMATE SUMMARY FOR JULY 3 2015...

CLIMATE NORMAL PERIOD 1981 TO 2010
CLIMATE RECORD PERIOD 1871 TO 2015


WEATHER ITEM   OBSERVED TIME   RECORD YEAR NORMAL DEPARTURE LAST
                VALUE   (LST)  VALUE       VALUE  FROM      YEAR
                                                  NORMAL
..................................................................
TEMPERATURE (F)
 YESTERDAY
  MAXIMUM         76    204 PM 100    1911  81     -5       75
  MINIMUM         50    419 AM  48    1995  60    -10       62
                                      1977
                                      1971
  AVERAGE         63                        70     -7       69

PRECIPITATION (IN)
  YESTERDAY        T             2.37 2013   0.11  -0.11     0.43
  MONTH TO DATE    0.22                      0.32  -0.10     0.46
  SINCE JUN 1      6.42                      3.66   2.76     2.52
  SINCE JAN 1     18.12                     16.12   2.00    15.52

SNOWFALL (IN)
  YESTERDAY        0.0           0.0    MM   0.0    0.0      0.0
  MONTH TO DATE    0.0                       0.0    0.0      0.0
  SINCE JUN 1      0.0                       0.0    0.0      0.0
  SINCE JUL 1      0.0                       0.0    0.0      0.0
  SNOW DEPTH       0

DEGREE DAYS
 HEATING
  YESTERDAY        2                         1      1        0
  MONTH TO DATE    4                         3      1        0
  SINCE JUN 1     61                        71    -10       29
  SINCE JUL 1      4                         3      1        0

 COOLING
  YESTERDAY        0                         6     -6        4
  MONTH TO DATE    3                        18    -15       35
  SINCE JUN 1     97                       124    -27      185
  SINCE JAN 1    200                       154     46      224
..................................................................


WIND (MPH)
  HIGHEST WIND SPEED    16   HIGHEST WIND DIRECTION    NE (30)
  HIGHEST GUST SPEED    18   HIGHEST GUST DIRECTION    NE (50)
  AVERAGE WIND SPEED     6.7


SKY COVER
  AVERAGE SKY COVER 0.4


WEATHER CONDITIONS
 THE FOLLOWING WEATHER WAS RECORDED YESTERDAY.
  NO SIGNIFICANT WEATHER WAS OBSERVED.


RELATIVE HUMIDITY (PERCENT)
 HIGHEST    96           200 AM
 LOWEST     36           200 PM
 AVERAGE    66

..........................................................


THE ROCHESTER NY CLIMATE NORMALS FOR TODAY
                         NORMAL    RECORD    YEAR
 MAXIMUM TEMPERATURE (F)   81        99      1897
 MINIMUM TEMPERATURE (F)   60        47      1986
                                             1960


SUNRISE AND SUNSET
JULY  4 2015..........SUNRISE   536 AM EDT   SUNSET   853 PM EDT
JULY  5 2015..........SUNRISE   537 AM EDT   SUNSET   853 PM EDT


-  INDICATES NEGATIVE NUMBERS.
R  INDICATES RECORD WAS SET OR TIED.
MM INDICATES DATA IS MISSING.
T  INDICATES TRACE AMOUNT.




$$
