000
CDUS41 KBUF 160705
CLIROC


CLIMATE REPORT
NATIONAL WEATHER SERVICE BUFFALO NY
205 AM EST TUE JAN 16 2018


...................................

...THE ROCHESTER NY CLIMATE SUMMARY FOR JANUARY 15 2018...

CLIMATE NORMAL PERIOD 1981 TO 2010
CLIMATE RECORD PERIOD 1871 TO 2018


WEATHER ITEM   OBSERVED TIME   RECORD YEAR NORMAL DEPARTURE LAST
                VALUE   (LST)  VALUE       VALUE  FROM      YEAR
                                                  NORMAL
..................................................................
TEMPERATURE (F)
 YESTERDAY
  MAXIMUM         22   1154 PM  68    1995  31     -9       32
  MINIMUM          2    631 AM -16    1957  17    -15       19
  AVERAGE         12                        24    -12       26

PRECIPITATION (IN)
  YESTERDAY        0.04          0.80 2007   0.07  -0.03     0.00
  MONTH TO DATE    2.23                      1.21   1.02     1.05
  SINCE DEC 1      4.47                      3.84   0.63     3.96
  SINCE JAN 1      2.23                      1.21   1.02     1.05

SNOWFALL (IN)
  YESTERDAY       MM             8.1  1999   0.9   MM        0.0
  MONTH TO DATE   23.7                      13.6   10.1      4.4
  SINCE DEC 1     58.4                      35.4   23.0     33.7
  SINCE JUL 1     61.0                      42.8   18.2     49.6
  SNOW DEPTH       9

DEGREE DAYS
 HEATING
  YESTERDAY       53                        41     12       39
  MONTH TO DATE  678                       598     80      559
  SINCE DEC 1   1880                      1683    197     1594
  SINCE JUL 1   2971                      3051    -80     2572

 COOLING
  YESTERDAY        0                         0      0        0
  MONTH TO DATE    0                         0      0        0
  SINCE DEC 1      0                         0      0        0
  SINCE JAN 1      0                         0      0        0
..................................................................


WIND (MPH)
  HIGHEST WIND SPEED    16   HIGHEST WIND DIRECTION     S (170)
  HIGHEST GUST SPEED    20   HIGHEST GUST DIRECTION     S (170)
  AVERAGE WIND SPEED     8.0


SKY COVER
  AVERAGE SKY COVER 0.9


WEATHER CONDITIONS
 THE FOLLOWING WEATHER WAS RECORDED YESTERDAY.
  LIGHT SNOW
  FOG


RELATIVE HUMIDITY (PERCENT)
 HIGHEST    92          1000 PM
 LOWEST     47           300 PM
 AVERAGE    70

..........................................................


THE ROCHESTER NY CLIMATE NORMALS FOR TODAY
                         NORMAL    RECORD    YEAR
 MAXIMUM TEMPERATURE (F)   31        56      1953
 MINIMUM TEMPERATURE (F)   17       -17      1994


SUNRISE AND SUNSET
JANUARY 16 2018.......SUNRISE   739 AM EST   SUNSET   502 PM EST
JANUARY 17 2018.......SUNRISE   738 AM EST   SUNSET   504 PM EST


-  INDICATES NEGATIVE NUMBERS.
R  INDICATES RECORD WAS SET OR TIED.
MM INDICATES DATA IS MISSING.
T  INDICATES TRACE AMOUNT.




$$
