000
CDUS41 KBUF 151018
CLIROC


CLIMATE REPORT
NATIONAL WEATHER SERVICE BUFFALO NY
615 AM EDT TUE APR 15 2014


...................................

...THE ROCHESTER NY CLIMATE SUMMARY FOR APRIL 14 2014...

CLIMATE NORMAL PERIOD 1981 TO 2010
CLIMATE RECORD PERIOD 1871 TO 2014


WEATHER ITEM   OBSERVED TIME   RECORD YEAR NORMAL DEPARTURE LAST
                VALUE   (LST)  VALUE       VALUE  FROM      YEAR
                                                  NORMAL
..................................................................
TEMPERATURE (F)
 YESTERDAY
  MAXIMUM         82    116 PM  85    1968  55     27       47
  MINIMUM         49   1159 PM  19    1904  36     13       35
  AVERAGE         66                        46     20       41

PRECIPITATION (IN)
  YESTERDAY        0.23          0.58 1948   0.10   0.13      T
  MONTH TO DATE    1.68                      1.34   0.34     2.37
  SINCE MAR 1      4.04                      3.84   0.20     3.22
  SINCE JAN 1      7.66                      8.20  -0.54     7.53

SNOWFALL (IN)
  YESTERDAY        0.0           2.0  1893   0.2   -0.2       T
  MONTH TO DATE    0.1                       2.8   -2.7      2.3
  SINCE MAR 1     29.4                      19.1   10.3     14.2
  SINCE JUL 1    112.5                      98.0   14.5     78.1
  SNOW DEPTH       0

DEGREE DAYS
 HEATING
  YESTERDAY        0                        19    -19       24
  MONTH TO DATE  267                       308    -41      330
  SINCE MAR 1   1415                      1260    155     1301
  SINCE JUL 1   6500                      6046    454     5609

 COOLING
  YESTERDAY        1                         0      1        0
  MONTH TO DATE    1                         0      1        0
  SINCE MAR 1      1                         0      1        0
  SINCE JAN 1      1                         0      1        0
..................................................................


WIND (MPH)
  HIGHEST WIND SPEED    33   HIGHEST WIND DIRECTION    SW (230)
  HIGHEST GUST SPEED    41   HIGHEST GUST DIRECTION    SW (230)
  AVERAGE WIND SPEED    12.7


SKY COVER
  AVERAGE SKY COVER 1.0


WEATHER CONDITIONS
 THE FOLLOWING WEATHER WAS RECORDED YESTERDAY.
  HEAVY RAIN
  RAIN
  LIGHT RAIN
  FOG


RELATIVE HUMIDITY (PERCENT)
 HIGHEST    93          1000 PM
 LOWEST     33           100 PM
 AVERAGE    63

..........................................................


THE ROCHESTER NY CLIMATE NORMALS FOR TODAY
                         NORMAL    RECORD    YEAR
 MAXIMUM TEMPERATURE (F)   56        86      1994
 MINIMUM TEMPERATURE (F)   37        18      1904


SUNRISE AND SUNSET
APRIL 15 2014.........SUNRISE   629 AM EDT   SUNSET   753 PM EDT
APRIL 16 2014.........SUNRISE   627 AM EDT   SUNSET   755 PM EDT


-  INDICATES NEGATIVE NUMBERS.
R  INDICATES RECORD WAS SET OR TIED.
MM INDICATES DATA IS MISSING.
T  INDICATES TRACE AMOUNT.




$$
