366
CDUS41 KBUF 161025
CLIROC


CLIMATE REPORT
NATIONAL WEATHER SERVICE BUFFALO NY
624 AM EDT SAT MAY 16 2015


...................................

...THE ROCHESTER NY CLIMATE SUMMARY FOR MAY 15 2015...

CLIMATE NORMAL PERIOD 1981 TO 2010
CLIMATE RECORD PERIOD 1871 TO 2015


WEATHER ITEM   OBSERVED TIME   RECORD YEAR NORMAL DEPARTURE LAST
                VALUE   (LST)  VALUE       VALUE  FROM      YEAR
                                                  NORMAL
..................................................................
TEMPERATURE (F)
 YESTERDAY
  MAXIMUM         73    242 PM  88    1962  67      6       81
                                      1961
  MINIMUM         47   1257 AM  35    1977  46      1       54
                                      1971
                                      1920
  AVERAGE         60                        57      3       68

PRECIPITATION (IN)
  YESTERDAY        0.12          1.07 2011   0.09   0.03     0.45
  MONTH TO DATE    0.98                      1.34  -0.36     1.10
  SINCE MAR 1      5.02                      6.57  -1.55     7.31
  SINCE JAN 1      9.27                     10.93  -1.66    10.93

SNOWFALL (IN)
  YESTERDAY        0.0           T    1959   0.0    0.0      0.0
  MONTH TO DATE    0.0                       0.3   -0.3       T
  SINCE MAR 1     13.3                      20.5   -7.2     29.6
  SINCE JUL 1    101.9                      99.4    2.5    112.7
  SNOW DEPTH       0

DEGREE DAYS
 HEATING
  YESTERDAY        5                         9     -4        0
  MONTH TO DATE   62                       166   -104      103
  SINCE MAR 1   1654                      1683    -29     1813
  SINCE JUL 1   6748                      6469    279     6898

 COOLING
  YESTERDAY        0                         1     -1        3
  MONTH TO DATE   41                         6     35       25
  SINCE MAR 1     41                        10     31       26
  SINCE JAN 1     41                        10     31       26
..................................................................


WIND (MPH)
  HIGHEST WIND SPEED    24   HIGHEST WIND DIRECTION     W (250)
  HIGHEST GUST SPEED    31   HIGHEST GUST DIRECTION    SW (240)
  AVERAGE WIND SPEED     5.2


SKY COVER
  AVERAGE SKY COVER 1.0


WEATHER CONDITIONS
 THE FOLLOWING WEATHER WAS RECORDED YESTERDAY.
  THUNDERSTORM
  LIGHT RAIN
  FOG
  HAZE


RELATIVE HUMIDITY (PERCENT)
 HIGHEST    90          1100 PM
 LOWEST     33          1200 PM
 AVERAGE    62

..........................................................


THE ROCHESTER NY CLIMATE NORMALS FOR TODAY
                         NORMAL    RECORD    YEAR
 MAXIMUM TEMPERATURE (F)   68        90      1962
 MINIMUM TEMPERATURE (F)   46        30      1959


SUNRISE AND SUNSET
MAY 16 2015...........SUNRISE   546 AM EDT   SUNSET   828 PM EDT
MAY 17 2015...........SUNRISE   545 AM EDT   SUNSET   829 PM EDT


-  INDICATES NEGATIVE NUMBERS.
R  INDICATES RECORD WAS SET OR TIED.
MM INDICATES DATA IS MISSING.
T  INDICATES TRACE AMOUNT.




$$
