000
CDUS41 KBUF 162157
CLIROC


CLIMATE REPORT
NATIONAL WEATHER SERVICE BUFFALO NY
449 PM EST SUN NOV 16 2014


...................................

...THE ROCHESTER NY CLIMATE SUMMARY FOR NOVEMBER 16 2014...
VALID TODAY AS OF 0400 PM LOCAL TIME.

CLIMATE NORMAL PERIOD 1981 TO 2010
CLIMATE RECORD PERIOD 1871 TO 2014


WEATHER ITEM   OBSERVED TIME   RECORD YEAR NORMAL DEPARTURE LAST
                VALUE   (LST)  VALUE       VALUE  FROM      YEAR
                                                  NORMAL
..................................................................
TEMPERATURE (F)
 TODAY
  MAXIMUM         40    220 PM  70    2005  48     -8       60
  MINIMUM         31    227 AM   8    1933  33     -2       41
  AVERAGE         36                        40     -4       51

PRECIPITATION (IN)
  TODAY            0.00          0.97 2006   0.10  -0.10     0.00
                                      1981
  MONTH TO DATE    1.44                      1.53  -0.09     1.44
  SINCE SEP 1      4.66                      7.63  -2.97     7.17
  SINCE JAN 1     29.69                     30.23  -0.54    32.38

SNOWFALL (IN)
  TODAY            0.0           5.6  1997   0.2   -0.2      0.0
  MONTH TO DATE    0.4                       2.5   -2.1      1.8
  SINCE SEP 1      0.4                       2.6   -2.2      1.8
  SINCE JUL 1      0.4                       2.6   -2.2      1.8
  SNOW DEPTH       0

DEGREE DAYS
 HEATING
  TODAY           29                        25      4       14
  MONTH TO DATE  358                       352      6      351
  SINCE SEP 1    830                       951   -121      888
  SINCE JUL 1    855                       985   -130      906

 COOLING
  TODAY            0                         0      0        0
  MONTH TO DATE    0                         0      0        0
  SINCE SEP 1     78                        55     23       69
  SINCE JAN 1    542                       539      3      660
..................................................................


WIND (MPH)
  HIGHEST WIND SPEED    18   HIGHEST WIND DIRECTION     W (250)
  HIGHEST GUST SPEED    21   HIGHEST GUST DIRECTION     W (250)
  AVERAGE WIND SPEED    10.5


SKY COVER
  AVERAGE SKY COVER 1.0


WEATHER CONDITIONS
 THE FOLLOWING WEATHER WAS RECORDED TODAY.
  NO SIGNIFICANT WEATHER WAS OBSERVED.


RELATIVE HUMIDITY (PERCENT)
 HIGHEST    64          1200 AM
 LOWEST     40           200 PM
 AVERAGE    52

..........................................................


THE ROCHESTER NY CLIMATE NORMALS FOR TOMORROW
                         NORMAL    RECORD    YEAR
 MAXIMUM TEMPERATURE (F)   48        72      1931
 MINIMUM TEMPERATURE (F)   33        15      1959
                                             1933


SUNRISE AND SUNSET
NOVEMBER 16 2014......SUNRISE   705 AM EST   SUNSET   446 PM EST
NOVEMBER 17 2014......SUNRISE   706 AM EST   SUNSET   445 PM EST


-  INDICATES NEGATIVE NUMBERS.
R  INDICATES RECORD WAS SET OR TIED.
MM INDICATES DATA IS MISSING.
T  INDICATES TRACE AMOUNT.




$$
