000
CDUS41 KBUF 270705
CLIROC


CLIMATE REPORT
NATIONAL WEATHER SERVICE BUFFALO NY
305 AM EDT SUN JUL 27 2014


...................................

...THE ROCHESTER NY CLIMATE SUMMARY FOR JULY 26 2014...

CLIMATE NORMAL PERIOD 1981 TO 2010
CLIMATE RECORD PERIOD 1871 TO 2014


WEATHER ITEM   OBSERVED TIME   RECORD YEAR NORMAL DEPARTURE LAST
                VALUE   (LST)  VALUE       VALUE  FROM      YEAR
                                                  NORMAL
..................................................................
TEMPERATURE (F)
 YESTERDAY
  MAXIMUM         82    400 PM  95    1930  81      1       76
  MINIMUM         57    306 AM  47    1975  61     -4       51
  AVERAGE         70                        71     -1       64

PRECIPITATION (IN)
  YESTERDAY        T             1.49 1878   0.12  -0.12     0.00
  MONTH TO DATE    3.67                      2.77   0.90     4.30
  SINCE JUN 1      5.73                      6.11  -0.38    10.57
  SINCE JAN 1     18.73                     18.57   0.16    22.40

SNOWFALL (IN)
  YESTERDAY        0.0           0.0    MM   0.0    0.0      0.0
  MONTH TO DATE    0.0                       0.0    0.0      0.0
  SINCE JUN 1      0.0                       0.0    0.0      0.0
  SINCE JUL 1      0.0                       0.0    0.0      0.0
  SNOW DEPTH       0

DEGREE DAYS
 HEATING
  YESTERDAY        0                         0      0        1
  MONTH TO DATE    2                         6     -4        8
  SINCE JUN 1     31                        74    -43       66
  SINCE JUL 1      2                         6     -4        8

 COOLING
  YESTERDAY        5                         6     -1        0
  MONTH TO DATE  136                       156    -20      250
  SINCE JUN 1    286                       262     24      357
  SINCE JAN 1    325                       292     33      428
..................................................................


WIND (MPH)
  HIGHEST WIND SPEED    15   HIGHEST WIND DIRECTION    SW (230)
  HIGHEST GUST SPEED    18   HIGHEST GUST DIRECTION    SW (230)
  AVERAGE WIND SPEED     5.8


SKY COVER
  AVERAGE SKY COVER 0.6


WEATHER CONDITIONS
 THE FOLLOWING WEATHER WAS RECORDED YESTERDAY.
  LIGHT RAIN


RELATIVE HUMIDITY (PERCENT)
 HIGHEST    86           300 AM
 LOWEST     42           300 PM
 AVERAGE    64

..........................................................


THE ROCHESTER NY CLIMATE NORMALS FOR TODAY
                         NORMAL    RECORD    YEAR
 MAXIMUM TEMPERATURE (F)   81        98      1941
                                             1894
 MINIMUM TEMPERATURE (F)   61        45      1977


SUNRISE AND SUNSET
JULY 27 2014..........SUNRISE   556 AM EDT   SUNSET   838 PM EDT
JULY 28 2014..........SUNRISE   557 AM EDT   SUNSET   837 PM EDT


-  INDICATES NEGATIVE NUMBERS.
R  INDICATES RECORD WAS SET OR TIED.
MM INDICATES DATA IS MISSING.
T  INDICATES TRACE AMOUNT.




$$
