000
CDUS41 KBUF 270705
CLIROC


CLIMATE REPORT
NATIONAL WEATHER SERVICE BUFFALO NY
305 AM EDT MON JUL 27 2015


...................................

...THE ROCHESTER NY CLIMATE SUMMARY FOR JULY 26 2015...

CLIMATE NORMAL PERIOD 1981 TO 2010
CLIMATE RECORD PERIOD 1871 TO 2015


WEATHER ITEM   OBSERVED TIME   RECORD YEAR NORMAL DEPARTURE LAST
                VALUE   (LST)  VALUE       VALUE  FROM      YEAR
                                                  NORMAL
..................................................................
TEMPERATURE (F)
 YESTERDAY
  MAXIMUM         84   1228 PM  95    1930  81      3       82
  MINIMUM         66   1159 PM  47    1975  61      5       57
  AVERAGE         75                        71      4       70

PRECIPITATION (IN)
  YESTERDAY        0.04          1.49 1878   0.12  -0.08      T
  MONTH TO DATE    3.25                      2.77   0.48     3.67
  SINCE JUN 1      9.45                      6.11   3.34     5.73
  SINCE JAN 1     21.15                     18.57   2.58    18.73

SNOWFALL (IN)
  YESTERDAY        0.0           0.0    MM   0.0    0.0      0.0
  MONTH TO DATE    0.0                       0.0    0.0      0.0
  SINCE JUN 1      0.0                       0.0    0.0      0.0
  SINCE JUL 1      0.0                       0.0    0.0      0.0
  SNOW DEPTH       0

DEGREE DAYS
 HEATING
  YESTERDAY        0                         0      0        0
  MONTH TO DATE   11                         6      5        2
  SINCE JUN 1     68                        74     -6       31
  SINCE JUL 1     11                         6      5        2

 COOLING
  YESTERDAY       10                         6      4        5
  MONTH TO DATE  141                       156    -15      136
  SINCE JUN 1    235                       262    -27      286
  SINCE JAN 1    338                       292     46      325
..................................................................


WIND (MPH)
  HIGHEST WIND SPEED    15   HIGHEST WIND DIRECTION     N (20)
  HIGHEST GUST SPEED    16   HIGHEST GUST DIRECTION     N (20)
  AVERAGE WIND SPEED     4.4


SKY COVER
  AVERAGE SKY COVER 0.5


WEATHER CONDITIONS
 THE FOLLOWING WEATHER WAS RECORDED YESTERDAY.
  RAIN
  FOG


RELATIVE HUMIDITY (PERCENT)
 HIGHEST    90           200 AM
 LOWEST     45           500 PM
 AVERAGE    68

..........................................................


THE ROCHESTER NY CLIMATE NORMALS FOR TODAY
                         NORMAL    RECORD    YEAR
 MAXIMUM TEMPERATURE (F)   81        98      1941
                                             1894
 MINIMUM TEMPERATURE (F)   61        45      1977


SUNRISE AND SUNSET
JULY 27 2015..........SUNRISE   556 AM EDT   SUNSET   838 PM EDT
JULY 28 2015..........SUNRISE   557 AM EDT   SUNSET   837 PM EDT


-  INDICATES NEGATIVE NUMBERS.
R  INDICATES RECORD WAS SET OR TIED.
MM INDICATES DATA IS MISSING.
T  INDICATES TRACE AMOUNT.




$$
