000
CDUS41 KBUF 301011
CLIROC


CLIMATE REPORT
NATIONAL WEATHER SERVICE BUFFALO NY
610 AM EDT SAT AUG 30 2014


...................................

...THE ROCHESTER NY CLIMATE SUMMARY FOR AUGUST 29 2014...

CLIMATE NORMAL PERIOD 1981 TO 2010
CLIMATE RECORD PERIOD 1871 TO 2014


WEATHER ITEM   OBSERVED TIME   RECORD YEAR NORMAL DEPARTURE LAST
                VALUE   (LST)  VALUE       VALUE  FROM      YEAR
                                                  NORMAL
..................................................................
TEMPERATURE (F)
 YESTERDAY
  MAXIMUM         77    341 PM  94    1973  77      0       84
                                      1953
  MINIMUM         50    548 AM  38    1982  58     -8       64
  AVERAGE         64                        67     -3       74

PRECIPITATION (IN)
  YESTERDAY        0.00          4.14 1893   0.10  -0.10     0.00
  MONTH TO DATE    2.14                      3.26  -1.12     2.60
  SINCE JUN 1     11.90                      9.93   1.97    13.28
  SINCE JAN 1     24.90                     22.39   2.51    25.11

SNOWFALL (IN)
  YESTERDAY        0.0           0.0    MM   0.0    0.0      0.0
  MONTH TO DATE    0.0                       0.0    0.0      0.0
  SINCE JUN 1      0.0                       0.0    0.0      0.0
  SINCE JUL 1      0.0                       0.0    0.0      0.0
  SNOW DEPTH       0

DEGREE DAYS
 HEATING
  YESTERDAY        1                         1      0        0
  MONTH TO DATE   18                        19     -1       10
  SINCE JUN 1     54                        99    -45       76
  SINCE JUL 1     25                        31     -6       18

 COOLING
  YESTERDAY        0                         4     -4        9
  MONTH TO DATE  110                       149    -39      131
  SINCE JUN 1    410                       448    -38      499
  SINCE JAN 1    449                       478    -29      570
..................................................................


WIND (MPH)
  HIGHEST WIND SPEED    10   HIGHEST WIND DIRECTION    NE (50)
  HIGHEST GUST SPEED    13   HIGHEST GUST DIRECTION    NE (50)
  AVERAGE WIND SPEED     4.1


SKY COVER
  AVERAGE SKY COVER 0.5


WEATHER CONDITIONS
 THE FOLLOWING WEATHER WAS RECORDED YESTERDAY.
  NO SIGNIFICANT WEATHER WAS OBSERVED.


RELATIVE HUMIDITY (PERCENT)
 HIGHEST    96           200 AM
 LOWEST     43           200 PM
 AVERAGE    70

..........................................................


THE ROCHESTER NY CLIMATE NORMALS FOR TODAY
                         NORMAL    RECORD    YEAR
 MAXIMUM TEMPERATURE (F)   77        96      1953
                                             1881
 MINIMUM TEMPERATURE (F)   57        36      1965


SUNRISE AND SUNSET
AUGUST 30 2014........SUNRISE   633 AM EDT   SUNSET   749 PM EDT
AUGUST 31 2014........SUNRISE   634 AM EDT   SUNSET   747 PM EDT


-  INDICATES NEGATIVE NUMBERS.
R  INDICATES RECORD WAS SET OR TIED.
MM INDICATES DATA IS MISSING.
T  INDICATES TRACE AMOUNT.

$$
