108
CDUS41 KBUF 131042
CLIROC


CLIMATE REPORT
NATIONAL WEATHER SERVICE BUFFALO NY
541 AM EST SAT FEB 13 2016


...................................

...THE ROCHESTER NY CLIMATE SUMMARY FOR FEBRUARY 12 2016...

CLIMATE NORMAL PERIOD 1981 TO 2010
CLIMATE RECORD PERIOD 1871 TO 2016


WEATHER ITEM   OBSERVED TIME   RECORD YEAR NORMAL DEPARTURE LAST
                VALUE   (LST)  VALUE       VALUE  FROM      YEAR
                                                  NORMAL
..................................................................
TEMPERATURE (F)
 YESTERDAY
  MAXIMUM         27    203 PM  64    1965  33     -6       31
  MINIMUM          9    547 AM -15    1979  18     -9        4
  AVERAGE         18                        26     -8       18

PRECIPITATION (IN)
  YESTERDAY        0.06          1.00 1871   0.07  -0.01     0.10
  MONTH TO DATE    1.00                      0.80   0.20     1.64
  SINCE DEC 1      5.25                      5.84  -0.59     5.69
  SINCE JAN 1      2.52                      3.21  -0.69     3.38

SNOWFALL (IN)
  YESTERDAY        1.4          16.0  1910   0.7    0.7      2.9
  MONTH TO DATE    5.2                       9.3   -4.1     28.5
  SINCE DEC 1     27.7                      59.3  -31.6     62.8
  SINCE JUL 1     28.9                      66.7  -37.8     71.9
  SNOW DEPTH       1

DEGREE DAYS
 HEATING
  YESTERDAY       47                        39      8       47
  MONTH TO DATE  377                       479   -102      561
  SINCE DEC 1   2235                      2815   -580     2903
  SINCE JUL 1   3275                      4183   -908     4183

 COOLING
  YESTERDAY        0                         0      0        0
  MONTH TO DATE    0                         0      0        0
  SINCE DEC 1      0                         0      0        0
  SINCE JAN 1      0                         0      0        0
..................................................................


WIND (MPH)
  HIGHEST WIND SPEED    26   HIGHEST WIND DIRECTION    SW (230)
  HIGHEST GUST SPEED    36   HIGHEST GUST DIRECTION    SW (220)
  AVERAGE WIND SPEED    14.6


SKY COVER
  AVERAGE SKY COVER 0.8


WEATHER CONDITIONS
 THE FOLLOWING WEATHER WAS RECORDED YESTERDAY.
  HEAVY SNOW
  SNOW
  LIGHT SNOW
  FOG
  FOG W/VISIBILITY <= 1/4 MILE
  BLOWING SNOW


RELATIVE HUMIDITY (PERCENT)
 HIGHEST    91           700 PM
 LOWEST     46           200 PM
 AVERAGE    69

..........................................................


THE ROCHESTER NY CLIMATE NORMALS FOR TODAY
                         NORMAL    RECORD    YEAR
 MAXIMUM TEMPERATURE (F)   34        64      1984
 MINIMUM TEMPERATURE (F)   18       -12      1979


SUNRISE AND SUNSET
FEBRUARY 13 2016......SUNRISE   712 AM EST   SUNSET   539 PM EST
FEBRUARY 14 2016......SUNRISE   710 AM EST   SUNSET   540 PM EST


-  INDICATES NEGATIVE NUMBERS.
R  INDICATES RECORD WAS SET OR TIED.
MM INDICATES DATA IS MISSING.
T  INDICATES TRACE AMOUNT.




$$
