000
CDUS41 KBUF 022140
CLIROC


CLIMATE REPORT
NATIONAL WEATHER SERVICE BUFFALO NY
539 PM EDT TUE SEP 2 2014


...................................

...THE ROCHESTER NY CLIMATE SUMMARY FOR SEPTEMBER 2 2014...
VALID TODAY AS OF 0500 PM LOCAL TIME.

CLIMATE NORMAL PERIOD 1981 TO 2010
CLIMATE RECORD PERIOD 1871 TO 2014


WEATHER ITEM   OBSERVED TIME   RECORD YEAR NORMAL DEPARTURE LAST
                VALUE   (LST)  VALUE       VALUE  FROM      YEAR
                                                  NORMAL
..................................................................
TEMPERATURE (F)
 TODAY
  MAXIMUM         83   1153 AM  97    1953  76      7       83
  MINIMUM         71    401 AM  40    1885  57     14       64
  AVERAGE         77                        66     11       74

PRECIPITATION (IN)
  TODAY            0.07          1.45 2006   0.11  -0.04      T
  MONTH TO DATE    0.14                      0.22  -0.08     0.38
  SINCE SEP 1      0.14                      0.22  -0.08     0.38
  SINCE JAN 1     25.17                     22.82   2.35    25.59

SNOWFALL (IN)
  TODAY            0.0           0.0    MM   0.0    0.0      0.0
  MONTH TO DATE    0.0                       0.0    0.0      0.0
  SINCE SEP 1      0.0                       0.0    0.0      0.0
  SINCE JUL 1      0.0                       0.0    0.0      0.0
  SNOW DEPTH       0

DEGREE DAYS
 HEATING
  TODAY            0                         2     -2        0
  MONTH TO DATE    0                         4     -4        0
  SINCE SEP 1      0                         4     -4        0
  SINCE JUL 1     25                        38    -13       18

 COOLING
  TODAY           12                         3      9        9
  MONTH TO DATE   24                         6     18       18
  SINCE SEP 1     24                         6     18       18
  SINCE JAN 1    488                       490     -2      609
..................................................................


WIND (MPH)
  HIGHEST WIND SPEED    17   HIGHEST WIND DIRECTION     W (280)
  HIGHEST GUST SPEED    24   HIGHEST GUST DIRECTION     W (270)
  AVERAGE WIND SPEED     8.4


SKY COVER
  AVERAGE SKY COVER 0.9


WEATHER CONDITIONS
 THE FOLLOWING WEATHER WAS RECORDED TODAY.
  LIGHT RAIN
  FOG


RELATIVE HUMIDITY (PERCENT)
 HIGHEST    93           600 AM
 LOWEST     62          1100 AM
 AVERAGE    78

..........................................................


THE ROCHESTER NY CLIMATE NORMALS FOR TOMORROW
                         NORMAL    RECORD    YEAR
 MAXIMUM TEMPERATURE (F)   76        99      1953
 MINIMUM TEMPERATURE (F)   56        41      1946


SUNRISE AND SUNSET
SEPTEMBER  2 2014.....SUNRISE   636 AM EDT   SUNSET   744 PM EDT
SEPTEMBER  3 2014.....SUNRISE   637 AM EDT   SUNSET   742 PM EDT


-  INDICATES NEGATIVE NUMBERS.
R  INDICATES RECORD WAS SET OR TIED.
MM INDICATES DATA IS MISSING.
T  INDICATES TRACE AMOUNT.




$$
