000
CDUS41 KBUF 230705
CLIROC


CLIMATE REPORT
NATIONAL WEATHER SERVICE BUFFALO NY
205 AM EST MON JAN 23 2017


...................................

...THE ROCHESTER NY CLIMATE SUMMARY FOR JANUARY 22 2017...

CLIMATE NORMAL PERIOD 1981 TO 2010
CLIMATE RECORD PERIOD 1871 TO 2017


WEATHER ITEM   OBSERVED TIME   RECORD YEAR NORMAL DEPARTURE LAST
                VALUE   (LST)  VALUE       VALUE  FROM      YEAR
                                                  NORMAL
..................................................................
TEMPERATURE (F)
 YESTERDAY
  MAXIMUM         45   1255 PM  68    1906  31     14       25
  MINIMUM         37    454 AM  -9    2005  17     20        6
  AVERAGE         41                        24     17       16

PRECIPITATION (IN)
  YESTERDAY        T             0.92 1904   0.08  -0.08     0.04
  MONTH TO DATE    1.89                      1.76   0.13     1.37
  SINCE DEC 1      4.80                      4.39   0.41     4.10
  SINCE JAN 1      1.89                      1.76   0.13     1.37

SNOWFALL (IN)
  YESTERDAY       MM             9.0  1881   1.0   MM        1.2
  MONTH TO DATE    4.4                      20.2  -15.8     17.9
  SINCE DEC 1     33.7                      42.0   -8.3     20.2
  SINCE JUL 1     49.6                      49.4    0.2     21.4
  SNOW DEPTH       0

DEGREE DAYS
 HEATING
  YESTERDAY       24                        41    -17       49
  MONTH TO DATE  737                       885   -148      861
  SINCE DEC 1   1772                      1970   -198     1560
  SINCE JUL 1   2750                      3338   -588     2600

 COOLING
  YESTERDAY        0                         0      0        0
  MONTH TO DATE    0                         0      0        0
  SINCE DEC 1      0                         0      0        0
  SINCE JAN 1      0                         0      0        0
..................................................................


WIND (MPH)
  HIGHEST WIND SPEED    17   HIGHEST WIND DIRECTION    NE (40)
  HIGHEST GUST SPEED    21   HIGHEST GUST DIRECTION    NE (40)
  AVERAGE WIND SPEED     7.5


SKY COVER
  AVERAGE SKY COVER 0.9


WEATHER CONDITIONS
 THE FOLLOWING WEATHER WAS RECORDED YESTERDAY.
  LIGHT RAIN
  FOG
  FOG W/VISIBILITY <= 1/4 MILE


RELATIVE HUMIDITY (PERCENT)
 HIGHEST   100           400 AM
 LOWEST     85           800 PM
 AVERAGE    93

..........................................................


THE ROCHESTER NY CLIMATE NORMALS FOR TODAY
                         NORMAL    RECORD    YEAR
 MAXIMUM TEMPERATURE (F)   31        64      1906
 MINIMUM TEMPERATURE (F)   17       -14      1976


SUNRISE AND SUNSET
JANUARY 23 2017.......SUNRISE   734 AM EST   SUNSET   512 PM EST
JANUARY 24 2017.......SUNRISE   733 AM EST   SUNSET   513 PM EST


-  INDICATES NEGATIVE NUMBERS.
R  INDICATES RECORD WAS SET OR TIED.
MM INDICATES DATA IS MISSING.
T  INDICATES TRACE AMOUNT.




$$
