000
CDUS41 KBUF 302059
CLIROC


CLIMATE REPORT
NATIONAL WEATHER SERVICE BUFFALO NY
452 PM EDT SAT MAY 30 2015


...................................

...THE ROCHESTER NY CLIMATE SUMMARY FOR MAY 30 2015...
VALID TODAY AS OF 0400 PM LOCAL TIME.

CLIMATE NORMAL PERIOD 1981 TO 2010
CLIMATE RECORD PERIOD 1871 TO 2015


WEATHER ITEM   OBSERVED TIME   RECORD YEAR NORMAL DEPARTURE LAST
                VALUE   (LST)  VALUE       VALUE  FROM      YEAR
                                                  NORMAL
..................................................................
TEMPERATURE (F)
 TODAY
  MAXIMUM         86    259 PM  94    1987  72     14       74
  MINIMUM         73    608 AM  33    1884  51     22       47
  AVERAGE         80                        61     19       61

PRECIPITATION (IN)
  TODAY            T             1.77 1880   0.09  -0.09     0.00
  MONTH TO DATE    1.52                      2.77  -1.25     3.17
  SINCE MAR 1      5.56                      8.00  -2.44     9.38
  SINCE JAN 1      9.81                     12.36  -2.55    13.00

SNOWFALL (IN)
  TODAY            0.0           0.0    MM   0.0    0.0      0.0
  MONTH TO DATE    0.0                       0.4   -0.4       T
  SINCE MAR 1     13.3                      20.6   -7.3     29.6
  SINCE JUL 1    101.9                      99.5    2.4    112.7
  SNOW DEPTH       0

DEGREE DAYS
 HEATING
  TODAY            0                         5     -5        4
  MONTH TO DATE  119                       270   -151      186
  SINCE MAR 1   1711                      1787    -76     1896
  SINCE JUL 1   6805                      6573    232     6981

 COOLING
  TODAY           15                         2     13        0
  MONTH TO DATE  107                        22     85       38
  SINCE MAR 1    107                        26     81       39
  SINCE JAN 1    107                        26     81       39
..................................................................


WIND (MPH)
  HIGHEST WIND SPEED    23   HIGHEST WIND DIRECTION     W (250)
  HIGHEST GUST SPEED    29   HIGHEST GUST DIRECTION    SW (240)
  AVERAGE WIND SPEED    14.5


SKY COVER
  AVERAGE SKY COVER 0.6


WEATHER CONDITIONS
 THE FOLLOWING WEATHER WAS RECORDED TODAY.
  LIGHT RAIN


RELATIVE HUMIDITY (PERCENT)
 HIGHEST    73           300 AM
 LOWEST     51           200 PM
 AVERAGE    62

..........................................................


THE ROCHESTER NY CLIMATE NORMALS FOR TOMORROW
                         NORMAL    RECORD    YEAR
 MAXIMUM TEMPERATURE (F)   72        91      2011
                                             1944
                                             1895
 MINIMUM TEMPERATURE (F)   51        37      2001
                                             1984
                                             1930


SUNRISE AND SUNSET
MAY 30 2015...........SUNRISE   535 AM EDT   SUNSET   842 PM EDT
MAY 31 2015...........SUNRISE   535 AM EDT   SUNSET   843 PM EDT


-  INDICATES NEGATIVE NUMBERS.
R  INDICATES RECORD WAS SET OR TIED.
MM INDICATES DATA IS MISSING.
T  INDICATES TRACE AMOUNT.




$$
