629
CDUS41 KBUF 250706
CLIROC


CLIMATE REPORT
NATIONAL WEATHER SERVICE BUFFALO NY
305 AM EDT SUN SEP 25 2016


...................................

...THE ROCHESTER NY CLIMATE SUMMARY FOR SEPTEMBER 24 2016...

CLIMATE NORMAL PERIOD 1981 TO 2010
CLIMATE RECORD PERIOD 1871 TO 2016


WEATHER ITEM   OBSERVED TIME   RECORD YEAR NORMAL DEPARTURE LAST
                VALUE   (LST)  VALUE       VALUE  FROM      YEAR
                                                  NORMAL
..................................................................
TEMPERATURE (F)
 YESTERDAY
  MAXIMUM         64    238 PM  90    1970  68     -4       75
  MINIMUM         45   1057 PM  30    1963  49     -4       52
  AVERAGE         55                        59     -4       64

PRECIPITATION (IN)
  YESTERDAY        0.00          1.86 1972   0.11  -0.11     0.00
  MONTH TO DATE    1.94                      2.72  -0.78     2.66
  SINCE SEP 1      1.94                      2.72  -0.78     2.66
  SINCE JAN 1     19.59                     25.32  -5.73    28.79

SNOWFALL (IN)
  YESTERDAY        0.0           0.0    MM   0.0    0.0      0.0
  MONTH TO DATE    0.0                       0.0    0.0      0.0
  SINCE SEP 1      0.0                       0.0    0.0      0.0
  SINCE JUL 1      0.0                       0.0    0.0      0.0
  SNOW DEPTH       0

DEGREE DAYS
 HEATING
  YESTERDAY       10                         7      3        1
  MONTH TO DATE   20                        97    -77       34
  SINCE SEP 1     20                        97    -77       34
  SINCE JUL 1     20                       131   -111       53

 COOLING
  YESTERDAY        0                         1     -1        0
  MONTH TO DATE  112                        46     66      137
  SINCE SEP 1    112                        46     66      137
  SINCE JAN 1    963                       530    433      691
..................................................................


WIND (MPH)
  HIGHEST WIND SPEED    14   HIGHEST WIND DIRECTION     N (20)
  HIGHEST GUST SPEED    18   HIGHEST GUST DIRECTION     N (20)
  AVERAGE WIND SPEED     5.5


SKY COVER
  AVERAGE SKY COVER 0.5


WEATHER CONDITIONS
 THE FOLLOWING WEATHER WAS RECORDED YESTERDAY.
  NO SIGNIFICANT WEATHER WAS OBSERVED.


RELATIVE HUMIDITY (PERCENT)
 HIGHEST    96           700 AM
 LOWEST     43           400 PM
 AVERAGE    70

..........................................................


THE ROCHESTER NY CLIMATE NORMALS FOR TODAY
                         NORMAL    RECORD    YEAR
 MAXIMUM TEMPERATURE (F)   68        92      2007
 MINIMUM TEMPERATURE (F)   49        35      1949
                                             1879


SUNRISE AND SUNSET
SEPTEMBER 25 2016.....SUNRISE   702 AM EDT   SUNSET   702 PM EDT
SEPTEMBER 26 2016.....SUNRISE   703 AM EDT   SUNSET   700 PM EDT


-  INDICATES NEGATIVE NUMBERS.
R  INDICATES RECORD WAS SET OR TIED.
MM INDICATES DATA IS MISSING.
T  INDICATES TRACE AMOUNT.




$$
