000
CDUS41 KBUF 260706
CLIROC


CLIMATE REPORT
NATIONAL WEATHER SERVICE BUFFALO NY
305 AM EDT THU MAR 26 2015


...................................

...THE ROCHESTER NY CLIMATE SUMMARY FOR MARCH 25 2015...

CLIMATE NORMAL PERIOD 1981 TO 2010
CLIMATE RECORD PERIOD 1871 TO 2015


WEATHER ITEM   OBSERVED TIME   RECORD YEAR NORMAL DEPARTURE LAST
                VALUE   (LST)  VALUE       VALUE  FROM      YEAR
                                                  NORMAL
..................................................................
TEMPERATURE (F)
 YESTERDAY
  MAXIMUM         49   1137 AM  77    1988  46      3       38
  MINIMUM         22    552 AM   3    1960  29     -7       18
  AVERAGE         36                        38     -2       28

PRECIPITATION (IN)
  YESTERDAY        0.07          1.13 1909   0.08  -0.01      T
  MONTH TO DATE    0.96                      1.99  -1.03     1.38
  SINCE MAR 1      0.96                      1.99  -1.03     1.38
  SINCE JAN 1      5.21                      6.35  -1.14     5.00

SNOWFALL (IN)
  YESTERDAY       MM             3.2  1909   0.4   MM        0.1
  MONTH TO DATE   10.3                      14.4   -4.1     20.6
  SINCE MAR 1     10.3                      14.4   -4.1     20.6
  SINCE JUL 1     98.9                      93.3    5.6    103.7
  SNOW DEPTH       0

DEGREE DAYS
 HEATING
  YESTERDAY       29                        27      2       37
  MONTH TO DATE  883                       796     87      960
  SINCE MAR 1    883                       796     87      960
  SINCE JUL 1   5977                      5582    395     6045

 COOLING
  YESTERDAY        0                         0      0        0
  MONTH TO DATE    0                         0      0        0
  SINCE MAR 1      0                         0      0        0
  SINCE JAN 1      0                         0      0        0
..................................................................


WIND (MPH)
  HIGHEST WIND SPEED    25   HIGHEST WIND DIRECTION     S (190)
  HIGHEST GUST SPEED    33   HIGHEST GUST DIRECTION     S (200)
  AVERAGE WIND SPEED    10.3


SKY COVER
  AVERAGE SKY COVER 0.7


WEATHER CONDITIONS
 THE FOLLOWING WEATHER WAS RECORDED YESTERDAY.
  LIGHT RAIN


RELATIVE HUMIDITY (PERCENT)
 HIGHEST    89           700 PM
 LOWEST     39          1100 AM
 AVERAGE    64

..........................................................


THE ROCHESTER NY CLIMATE NORMALS FOR TODAY
                         NORMAL    RECORD    YEAR
 MAXIMUM TEMPERATURE (F)   47        84      1945
 MINIMUM TEMPERATURE (F)   29         4      1960


SUNRISE AND SUNSET
MARCH 26 2015.........SUNRISE   704 AM EDT   SUNSET   730 PM EDT
MARCH 27 2015.........SUNRISE   702 AM EDT   SUNSET   731 PM EDT


-  INDICATES NEGATIVE NUMBERS.
R  INDICATES RECORD WAS SET OR TIED.
MM INDICATES DATA IS MISSING.
T  INDICATES TRACE AMOUNT.




$$
