000
CDUS41 KBUF 280705
CLIROC


CLIMATE REPORT
NATIONAL WEATHER SERVICE BUFFALO NY
305 AM EDT SUN SEP 28 2014


...................................

...THE ROCHESTER NY CLIMATE SUMMARY FOR SEPTEMBER 27 2014...

CLIMATE NORMAL PERIOD 1981 TO 2010
CLIMATE RECORD PERIOD 1871 TO 2014


WEATHER ITEM   OBSERVED TIME   RECORD YEAR NORMAL DEPARTURE LAST
                VALUE   (LST)  VALUE       VALUE  FROM      YEAR
                                                  NORMAL
..................................................................
TEMPERATURE (F)
 YESTERDAY
  MAXIMUM         78    119 PM  88    1920  67     11       67
  MINIMUM         50    634 AM  31    1957  48      2       45
  AVERAGE         64                        57      7       56

PRECIPITATION (IN)
  YESTERDAY        0.00          1.87 2002   0.11  -0.11     0.00
  MONTH TO DATE    1.33                      3.06  -1.73     2.41
  SINCE SEP 1      1.33                      3.06  -1.73     2.41
  SINCE JAN 1     26.36                     25.66   0.70    27.62

SNOWFALL (IN)
  YESTERDAY        0.0           0.0    MM   0.0    0.0      0.0
  MONTH TO DATE    0.0                       0.0    0.0      0.0
  SINCE SEP 1      0.0                       0.0    0.0      0.0
  SINCE JUL 1      0.0                       0.0    0.0      0.0
  SNOW DEPTH       0

DEGREE DAYS
 HEATING
  YESTERDAY        1                         8     -7        9
  MONTH TO DATE  124                       121      3      162
  SINCE SEP 1    124                       121      3      162
  SINCE JUL 1    149                       155     -6      180

 COOLING
  YESTERDAY        0                         1     -1        0
  MONTH TO DATE   66                        49     17       58
  SINCE SEP 1     66                        49     17       58
  SINCE JAN 1    530                       533     -3      649
..................................................................


WIND (MPH)
  HIGHEST WIND SPEED    10   HIGHEST WIND DIRECTION    NE (30)
  HIGHEST GUST SPEED    14   HIGHEST GUST DIRECTION    NE (30)
  AVERAGE WIND SPEED     4.4


SKY COVER
  AVERAGE SKY COVER 0.0


WEATHER CONDITIONS
 THE FOLLOWING WEATHER WAS RECORDED YESTERDAY.
  FOG


RELATIVE HUMIDITY (PERCENT)
 HIGHEST    96           200 AM
 LOWEST     47           100 PM
 AVERAGE    72

..........................................................


THE ROCHESTER NY CLIMATE NORMALS FOR TODAY
                         NORMAL    RECORD    YEAR
 MAXIMUM TEMPERATURE (F)   67        90      1959
 MINIMUM TEMPERATURE (F)   47        28      1947


SUNRISE AND SUNSET
SEPTEMBER 28 2014.....SUNRISE   705 AM EDT   SUNSET   657 PM EDT
SEPTEMBER 29 2014.....SUNRISE   706 AM EDT   SUNSET   655 PM EDT


-  INDICATES NEGATIVE NUMBERS.
R  INDICATES RECORD WAS SET OR TIED.
MM INDICATES DATA IS MISSING.
T  INDICATES TRACE AMOUNT.




$$
