000
CDUS41 KBUF 121032
CLIROC


CLIMATE REPORT
NATIONAL WEATHER SERVICE BUFFALO NY
631 AM EDT TUE SEP 12 2017


...................................

...THE ROCHESTER NY CLIMATE SUMMARY FOR SEPTEMBER 11 2017...

CLIMATE NORMAL PERIOD 1981 TO 2010
CLIMATE RECORD PERIOD 1871 TO 2017


WEATHER ITEM   OBSERVED TIME   RECORD YEAR NORMAL DEPARTURE LAST
                VALUE   (LST)  VALUE       VALUE  FROM      YEAR
                                                  NORMAL
..................................................................
TEMPERATURE (F)
 YESTERDAY
  MAXIMUM         74    219 PM  94    1931  74      0       73
  MINIMUM         44    540 AM  37    1879  54    -10       57
  AVERAGE         59                        64     -5       65

PRECIPITATION (IN)
  YESTERDAY        0.00          2.10 1890   0.11  -0.11     0.02
  MONTH TO DATE    0.96                      1.20  -0.24     0.15
  SINCE SEP 1      0.96                      1.20  -0.24     0.15
  SINCE JAN 1     31.97                     23.80   8.17    17.80

SNOWFALL (IN)
  YESTERDAY        0.0           0.0    MM   0.0    0.0      0.0
  MONTH TO DATE    0.0                       0.0    0.0      0.0
  SINCE SEP 1      0.0                       0.0    0.0      0.0
  SINCE JUL 1      0.0                       0.0    0.0      0.0
  SNOW DEPTH       0

DEGREE DAYS
 HEATING
  YESTERDAY        6                         3      3        0
  MONTH TO DATE   59                        27     32        3
  SINCE SEP 1     59                        27     32        3
  SINCE JUL 1     86                        61     25        3

 COOLING
  YESTERDAY        0                         2     -2        0
  MONTH TO DATE    3                        29    -26       71
  SINCE SEP 1      3                        29    -26       71
  SINCE JAN 1    519                       513      6      922
..................................................................


WIND (MPH)
  HIGHEST WIND SPEED    12   HIGHEST WIND DIRECTION    NE (50)
  HIGHEST GUST SPEED    14   HIGHEST GUST DIRECTION    NE (40)
  AVERAGE WIND SPEED     4.0


SKY COVER
  AVERAGE SKY COVER 0.4


WEATHER CONDITIONS
 THE FOLLOWING WEATHER WAS RECORDED YESTERDAY.
  NO SIGNIFICANT WEATHER WAS OBSERVED.


RELATIVE HUMIDITY (PERCENT)
 HIGHEST   100           600 AM
 LOWEST     38           200 PM
 AVERAGE    69

..........................................................


THE ROCHESTER NY CLIMATE NORMALS FOR TODAY
                         NORMAL    RECORD    YEAR
 MAXIMUM TEMPERATURE (F)   73        95      1931
 MINIMUM TEMPERATURE (F)   53        38      1943


SUNRISE AND SUNSET
SEPTEMBER 12 2017.....SUNRISE   647 AM EDT   SUNSET   726 PM EDT
SEPTEMBER 13 2017.....SUNRISE   648 AM EDT   SUNSET   724 PM EDT


-  INDICATES NEGATIVE NUMBERS.
R  INDICATES RECORD WAS SET OR TIED.
MM INDICATES DATA IS MISSING.
T  INDICATES TRACE AMOUNT.




$$
