000
CDUS41 KBUF 230705
CLIROC


CLIMATE REPORT
NATIONAL WEATHER SERVICE BUFFALO NY
305 AM EDT TUE AUG 23 2016


...................................

...THE ROCHESTER NY CLIMATE SUMMARY FOR AUGUST 22 2016...

CLIMATE NORMAL PERIOD 1981 TO 2010
CLIMATE RECORD PERIOD 1871 TO 2016


WEATHER ITEM   OBSERVED TIME   RECORD YEAR NORMAL DEPARTURE LAST
                VALUE   (LST)  VALUE       VALUE  FROM      YEAR
                                                  NORMAL
..................................................................
TEMPERATURE (F)
 YESTERDAY
  MAXIMUM         75    436 PM  98    1916  79     -4       75
  MINIMUM         59   1159 PM  43    1957  59      0       57
  AVERAGE         67                        69     -2       66

PRECIPITATION (IN)
  YESTERDAY        0.00          1.02 1971   0.10  -0.10     0.00
  MONTH TO DATE    2.68                      2.53   0.15     4.66
  SINCE JUN 1      4.81                      9.20  -4.39    14.42
  SINCE JAN 1     16.42                     21.66  -5.24    26.12

SNOWFALL (IN)
  YESTERDAY        0.0           0.0    MM   0.0    0.0      0.0
  MONTH TO DATE    0.0                       0.0    0.0      0.0
  SINCE JUN 1      0.0                       0.0    0.0      0.0
  SINCE JUL 1      0.0                       0.0    0.0      0.0
  SNOW DEPTH       0

DEGREE DAYS
 HEATING
  YESTERDAY        0                         1     -1        0
  MONTH TO DATE    0                        12    -12        1
  SINCE JUN 1     47                        92    -45       69
  SINCE JUL 1      0                        24    -24       12

 COOLING
  YESTERDAY        2                         5     -3        1
  MONTH TO DATE  264                       121    143      128
  SINCE JUN 1    706                       420    286      422
  SINCE JAN 1    768                       450    318      525
..................................................................


WIND (MPH)
  HIGHEST WIND SPEED    16   HIGHEST WIND DIRECTION     W (290)
  HIGHEST GUST SPEED    22   HIGHEST GUST DIRECTION     W (290)
  AVERAGE WIND SPEED     6.9


SKY COVER
  AVERAGE SKY COVER 0.6


WEATHER CONDITIONS
 THE FOLLOWING WEATHER WAS RECORDED YESTERDAY.
  NO SIGNIFICANT WEATHER WAS OBSERVED.


RELATIVE HUMIDITY (PERCENT)
 HIGHEST    87          1100 PM
 LOWEST     41          1200 PM
 AVERAGE    64

..........................................................


THE ROCHESTER NY CLIMATE NORMALS FOR TODAY
                         NORMAL    RECORD    YEAR
 MAXIMUM TEMPERATURE (F)   78        92      1918
 MINIMUM TEMPERATURE (F)   59        44      1923


SUNRISE AND SUNSET
AUGUST 23 2016........SUNRISE   626 AM EDT   SUNSET   800 PM EDT
AUGUST 24 2016........SUNRISE   627 AM EDT   SUNSET   758 PM EDT


-  INDICATES NEGATIVE NUMBERS.
R  INDICATES RECORD WAS SET OR TIED.
MM INDICATES DATA IS MISSING.
T  INDICATES TRACE AMOUNT.




$$
