000
CDUS41 KBUF 231004
CLIROC


CLIMATE REPORT
NATIONAL WEATHER SERVICE BUFFALO NY
604 AM EDT SAT JUL 23 2016


...................................

...THE ROCHESTER NY CLIMATE SUMMARY FOR JULY 22 2016...

CLIMATE NORMAL PERIOD 1981 TO 2010
CLIMATE RECORD PERIOD 1871 TO 2016


WEATHER ITEM   OBSERVED TIME   RECORD YEAR NORMAL DEPARTURE LAST
                VALUE   (LST)  VALUE       VALUE  FROM      YEAR
                                                  NORMAL
..................................................................
TEMPERATURE (F)
 YESTERDAY
  MAXIMUM         92    513 PM  97    1955  81     11       76
  MINIMUM         71   1159 PM  46    1970  61     10       59
  AVERAGE         82                        71     11       68

PRECIPITATION (IN)
  YESTERDAY        0.00          2.15 1947   0.11  -0.11     0.00
  MONTH TO DATE    0.92                      2.32  -1.40     2.40
  SINCE JUN 1      1.83                      5.66  -3.83     8.60
  SINCE JAN 1     13.44                     18.12  -4.68    20.30

SNOWFALL (IN)
  YESTERDAY        0.0           0.0    MM   0.0    0.0      0.0
  MONTH TO DATE    0.0                       0.0    0.0      0.0
  SINCE JUN 1      0.0                       0.0    0.0      0.0
  SINCE JUL 1      0.0                       0.0    0.0      0.0
  SNOW DEPTH       0

DEGREE DAYS
 HEATING
  YESTERDAY        0                         0      0        0
  MONTH TO DATE    0                         6     -6       11
  SINCE JUN 1     47                        74    -27       68
  SINCE JUL 1      0                         6     -6       11

 COOLING
  YESTERDAY       17                         6     11        3
  MONTH TO DATE  208                       132     76      118
  SINCE JUN 1    337                       238     99      212
  SINCE JAN 1    399                       268    131      315
..................................................................


WIND (MPH)
  HIGHEST WIND SPEED    24   HIGHEST WIND DIRECTION     W (260)
  HIGHEST GUST SPEED    31   HIGHEST GUST DIRECTION     W (250)
  AVERAGE WIND SPEED    12.9


SKY COVER
  AVERAGE SKY COVER 0.6


WEATHER CONDITIONS
 THE FOLLOWING WEATHER WAS RECORDED YESTERDAY.
  NO SIGNIFICANT WEATHER WAS OBSERVED.


RELATIVE HUMIDITY (PERCENT)
 HIGHEST    82          1100 PM
 LOWEST     41           500 PM
 AVERAGE    62

..........................................................


THE ROCHESTER NY CLIMATE NORMALS FOR TODAY
                         NORMAL    RECORD    YEAR
 MAXIMUM TEMPERATURE (F)   81        99      1933
 MINIMUM TEMPERATURE (F)   61        48      1985


SUNRISE AND SUNSET
JULY 23 2016..........SUNRISE   553 AM EDT   SUNSET   841 PM EDT
JULY 24 2016..........SUNRISE   554 AM EDT   SUNSET   840 PM EDT


-  INDICATES NEGATIVE NUMBERS.
R  INDICATES RECORD WAS SET OR TIED.
MM INDICATES DATA IS MISSING.
T  INDICATES TRACE AMOUNT.




$$
