452
CDUS41 KBUF 140705
CLIROC


CLIMATE REPORT
NATIONAL WEATHER SERVICE BUFFALO NY
205 AM EST TUE NOV 14 2017


...................................

...THE ROCHESTER NY CLIMATE SUMMARY FOR NOVEMBER 13 2017...

CLIMATE NORMAL PERIOD 1981 TO 2010
CLIMATE RECORD PERIOD 1871 TO 2017


WEATHER ITEM   OBSERVED TIME   RECORD YEAR NORMAL DEPARTURE LAST
                VALUE   (LST)  VALUE       VALUE  FROM      YEAR
                                                  NORMAL
..................................................................
TEMPERATURE (F)
 YESTERDAY
  MAXIMUM         43    112 PM  71    1902  49     -6       57
  MINIMUM         34    758 AM  17    2013  34      0       41
  AVERAGE         39                        42     -3       49

PRECIPITATION (IN)
  YESTERDAY        0.21          1.54 1937   0.10   0.11     0.00
  MONTH TO DATE    3.16                      1.23   1.93     1.03
  SINCE SEP 1     11.15                      7.33   3.82     8.59
  SINCE JAN 1     42.16                     29.93  12.23    26.24

SNOWFALL (IN)
  YESTERDAY       MM            12.6  1886   0.2   MM        0.0
  MONTH TO DATE    1.5                       1.9   -0.4      0.0
  SINCE SEP 1      1.5                       2.0   -0.5      0.9
  SINCE JUL 1      1.5                       2.0   -0.5      0.9
  SNOW DEPTH       0

DEGREE DAYS
 HEATING
  YESTERDAY       26                        24      2       16
  MONTH TO DATE  308                       279     29      210
  SINCE SEP 1    643                       878   -235      603
  SINCE JUL 1    670                       912   -242      603

 COOLING
  YESTERDAY        0                         0      0        0
  MONTH TO DATE    0                         0      0        0
  SINCE SEP 1    139                        55     84      127
  SINCE JAN 1    655                       539    116      978
..................................................................


WIND (MPH)
  HIGHEST WIND SPEED     8   HIGHEST WIND DIRECTION    NW (310)
  HIGHEST GUST SPEED    11   HIGHEST GUST DIRECTION     N (340)
  AVERAGE WIND SPEED     4.7


SKY COVER
  AVERAGE SKY COVER 1.0


WEATHER CONDITIONS
 THE FOLLOWING WEATHER WAS RECORDED YESTERDAY.
  RAIN
  LIGHT RAIN
  LIGHT SNOW
  FOG


RELATIVE HUMIDITY (PERCENT)
 HIGHEST   100           700 AM
 LOWEST     54          1200 AM
 AVERAGE    77

..........................................................


THE ROCHESTER NY CLIMATE NORMALS FOR TODAY
                         NORMAL    RECORD    YEAR
 MAXIMUM TEMPERATURE (F)   49        72      1994
 MINIMUM TEMPERATURE (F)   34        10      1905


SUNRISE AND SUNSET
NOVEMBER 14 2017......SUNRISE   702 AM EST   SUNSET   447 PM EST
NOVEMBER 15 2017......SUNRISE   704 AM EST   SUNSET   447 PM EST


-  INDICATES NEGATIVE NUMBERS.
R  INDICATES RECORD WAS SET OR TIED.
MM INDICATES DATA IS MISSING.
T  INDICATES TRACE AMOUNT.




$$
