000
CDUS41 KBUF 212027
CLIROC


CLIMATE REPORT
NATIONAL WEATHER SERVICE BUFFALO NY
427 PM EDT SUN AUG 21 2016


...................................

...THE ROCHESTER NY CLIMATE SUMMARY FOR AUGUST 21 2016...
VALID TODAY AS OF 0400 PM LOCAL TIME.

CLIMATE NORMAL PERIOD 1981 TO 2010
CLIMATE RECORD PERIOD 1871 TO 2016


WEATHER ITEM   OBSERVED TIME   RECORD YEAR NORMAL DEPARTURE LAST
                VALUE   (LST)  VALUE       VALUE  FROM      YEAR
                                                  NORMAL
..................................................................
TEMPERATURE (F)
 TODAY
  MAXIMUM         79    217 PM  95    1916  79      0       74
  MINIMUM         71   1012 AM  44    1950  59     12       61
  AVERAGE         75                        69      6       68

PRECIPITATION (IN)
  TODAY            0.28          1.38 1926   0.10   0.18     0.00
  MONTH TO DATE    2.68                      2.43   0.25     4.66
  SINCE JUN 1      4.81                      9.10  -4.29    14.42
  SINCE JAN 1     16.42                     21.56  -5.14    26.12

SNOWFALL (IN)
  TODAY            0.0           0.0    MM   0.0    0.0      0.0
  MONTH TO DATE    0.0                       0.0    0.0      0.0
  SINCE JUN 1      0.0                       0.0    0.0      0.0
  SINCE JUL 1      0.0                       0.0    0.0      0.0
  SNOW DEPTH       0

DEGREE DAYS
 HEATING
  TODAY            0                         1     -1        0
  MONTH TO DATE    0                        11    -11        1
  SINCE JUN 1     47                        91    -44       69
  SINCE JUL 1      0                        23    -23       12

 COOLING
  TODAY           10                         5      5        3
  MONTH TO DATE  265                       116    149      127
  SINCE JUN 1    707                       415    292      421
  SINCE JAN 1    769                       445    324      524
..................................................................


WIND (MPH)
  HIGHEST WIND SPEED    24   HIGHEST WIND DIRECTION     W (250)
  HIGHEST GUST SPEED    30   HIGHEST GUST DIRECTION     W (260)
  AVERAGE WIND SPEED    13.6


SKY COVER
  AVERAGE SKY COVER 0.8


WEATHER CONDITIONS
 THE FOLLOWING WEATHER WAS RECORDED TODAY.
  HEAVY RAIN
  RAIN
  FOG


RELATIVE HUMIDITY (PERCENT)
 HIGHEST    87           800 AM
 LOWEST     48           200 PM
 AVERAGE    68

..........................................................


THE ROCHESTER NY CLIMATE NORMALS FOR TOMORROW
                         NORMAL    RECORD    YEAR
 MAXIMUM TEMPERATURE (F)   79        98      1916
 MINIMUM TEMPERATURE (F)   59        43      1957


SUNRISE AND SUNSET
AUGUST 21 2016........SUNRISE   623 AM EDT   SUNSET   803 PM EDT
AUGUST 22 2016........SUNRISE   625 AM EDT   SUNSET   801 PM EDT


-  INDICATES NEGATIVE NUMBERS.
R  INDICATES RECORD WAS SET OR TIED.
MM INDICATES DATA IS MISSING.
T  INDICATES TRACE AMOUNT.




$$
