000
CDUS41 KBUF 150705
CLIROC


CLIMATE REPORT
NATIONAL WEATHER SERVICE BUFFALO NY
305 AM EDT MON MAY 15 2017


...................................

...THE ROCHESTER NY CLIMATE SUMMARY FOR MAY 14 2017...

CLIMATE NORMAL PERIOD 1981 TO 2010
CLIMATE RECORD PERIOD 1871 TO 2017


WEATHER ITEM   OBSERVED TIME   RECORD YEAR NORMAL DEPARTURE LAST
                VALUE   (LST)  VALUE       VALUE  FROM      YEAR
                                                  NORMAL
..................................................................
TEMPERATURE (F)
 YESTERDAY
  MAXIMUM         65   1142 AM  94    1974  67     -2       64
  MINIMUM         42    341 AM  31    1878  46     -4       45
  AVERAGE         54                        56     -2       55

PRECIPITATION (IN)
  YESTERDAY        0.14          1.10 1904   0.09   0.05      T
  MONTH TO DATE    3.32                      1.25   2.07     1.24
  SINCE MAR 1     12.93                      6.48   6.45     4.62
  SINCE JAN 1     18.01                     10.84   7.17     9.92

SNOWFALL (IN)
  YESTERDAY       MM             0.0    MM   0.0   MM        0.0
  MONTH TO DATE    0.0                       0.3   -0.3      0.0
  SINCE MAR 1     35.5                      20.5   15.0     12.0
  SINCE JUL 1    107.1                      99.4    7.7     63.7
  SNOW DEPTH       0

DEGREE DAYS
 HEATING
  YESTERDAY       11                         9      2       10
  MONTH TO DATE  212                       157     55      164
  SINCE MAR 1   1611                      1674    -63     1600
  SINCE JUL 1   5479                      6460   -981     5517

 COOLING
  YESTERDAY        0                         1     -1        0
  MONTH TO DATE    0                         5     -5        0
  SINCE MAR 1     14                         9      5        0
  SINCE JAN 1     14                         9      5        0
..................................................................


WIND (MPH)
  HIGHEST WIND SPEED    29   HIGHEST WIND DIRECTION     W (260)
  HIGHEST GUST SPEED    40   HIGHEST GUST DIRECTION     W (250)
  AVERAGE WIND SPEED     9.2


SKY COVER
  AVERAGE SKY COVER 0.7


WEATHER CONDITIONS
 THE FOLLOWING WEATHER WAS RECORDED YESTERDAY.
  THUNDERSTORM
  RAIN
  LIGHT RAIN
  HAIL
  FOG
  FOG W/VISIBILITY <= 1/4 MILE


RELATIVE HUMIDITY (PERCENT)
 HIGHEST   100           500 AM
 LOWEST     46          1200 PM
 AVERAGE    73

..........................................................


THE ROCHESTER NY CLIMATE NORMALS FOR TODAY
                         NORMAL    RECORD    YEAR
 MAXIMUM TEMPERATURE (F)   67        88      1962
                                             1961
 MINIMUM TEMPERATURE (F)   46        35      1977
                                             1971
                                             1920


SUNRISE AND SUNSET
MAY 15 2017...........SUNRISE   547 AM EDT   SUNSET   828 PM EDT
MAY 16 2017...........SUNRISE   546 AM EDT   SUNSET   829 PM EDT


-  INDICATES NEGATIVE NUMBERS.
R  INDICATES RECORD WAS SET OR TIED.
MM INDICATES DATA IS MISSING.
T  INDICATES TRACE AMOUNT.




$$
