000
CDUS41 KBUF 071024
CLIROC


CLIMATE REPORT
NATIONAL WEATHER SERVICE BUFFALO NY
614 AM EDT MON JUL 7 2014


...................................

...THE ROCHESTER NY CLIMATE SUMMARY FOR JULY 6 2014...

CLIMATE NORMAL PERIOD 1981 TO 2010
CLIMATE RECORD PERIOD 1871 TO 2014


WEATHER ITEM   OBSERVED TIME   RECORD YEAR NORMAL DEPARTURE LAST
                VALUE   (LST)  VALUE       VALUE  FROM      YEAR
                                                  NORMAL
..................................................................
TEMPERATURE (F)
 YESTERDAY
  MAXIMUM         83    259 PM  98    1993  81      2       87
  MINIMUM         55    554 AM  47    1963  60     -5       67
  AVERAGE         69                        71     -2       77

PRECIPITATION (IN)
  YESTERDAY        0.00          3.25 1987   0.11  -0.11      T
  MONTH TO DATE    0.46                      0.63  -0.17     2.84
  SINCE JUN 1      2.52                      3.97  -1.45     9.11
  SINCE JAN 1     15.52                     16.43  -0.91    20.94

SNOWFALL (IN)
  YESTERDAY        0.0           0.0    MM   0.0    0.0      0.0
  MONTH TO DATE    0.0                       0.0    0.0      0.0
  SINCE JUN 1      0.0                       0.0    0.0      0.0
  SINCE JUL 1      0.0                       0.0    0.0      0.0
  SNOW DEPTH       0

DEGREE DAYS
 HEATING
  YESTERDAY        0                         1     -1        0
  MONTH TO DATE    0                         6     -6        0
  SINCE JUN 1     29                        74    -45       58
  SINCE JUL 1      0                         6     -6        0

 COOLING
  YESTERDAY        4                         6     -2       12
  MONTH TO DATE   41                        36      5       56
  SINCE JUN 1    191                       142     49      163
  SINCE JAN 1    230                       172     58      234
..................................................................


WIND (MPH)
  HIGHEST WIND SPEED    20   HIGHEST WIND DIRECTION     W (250)
  HIGHEST GUST SPEED    24   HIGHEST GUST DIRECTION     W (280)
  AVERAGE WIND SPEED    10.0


SKY COVER
  AVERAGE SKY COVER 0.4


WEATHER CONDITIONS
 THE FOLLOWING WEATHER WAS RECORDED YESTERDAY.
  NO SIGNIFICANT WEATHER WAS OBSERVED.


RELATIVE HUMIDITY (PERCENT)
 HIGHEST    67           100 AM
 LOWEST     37           100 PM
 AVERAGE    52

..........................................................


THE ROCHESTER NY CLIMATE NORMALS FOR TODAY
                         NORMAL    RECORD    YEAR
 MAXIMUM TEMPERATURE (F)   81        97      1988
 MINIMUM TEMPERATURE (F)   60        47      1942


SUNRISE AND SUNSET
JULY  7 2014..........SUNRISE   539 AM EDT   SUNSET   852 PM EDT
JULY  8 2014..........SUNRISE   539 AM EDT   SUNSET   852 PM EDT


-  INDICATES NEGATIVE NUMBERS.
R  INDICATES RECORD WAS SET OR TIED.
MM INDICATES DATA IS MISSING.
T  INDICATES TRACE AMOUNT.




$$
