294
CDUS41 KBUF 041014
CLIROC


CLIMATE REPORT
NATIONAL WEATHER SERVICE BUFFALO NY
512 AM EST THU FEB 4 2016


...................................

...THE ROCHESTER NY CLIMATE SUMMARY FOR FEBRUARY 3 2016...

CLIMATE NORMAL PERIOD 1981 TO 2010
CLIMATE RECORD PERIOD 1871 TO 2016


WEATHER ITEM   OBSERVED TIME   RECORD YEAR NORMAL DEPARTURE LAST
                VALUE   (LST)  VALUE       VALUE  FROM      YEAR
                                                  NORMAL
..................................................................
TEMPERATURE (F)
 YESTERDAY
  MAXIMUM         59R   528 PM  52    1991  32     27       22
  MINIMUM         40   1217 AM  -5    1951  17     23        0
  AVERAGE         50                        25     25       11

PRECIPITATION (IN)
  YESTERDAY        0.74          1.37 1880   0.07   0.67      T
  MONTH TO DATE    0.76                      0.21   0.55     0.56
  SINCE DEC 1      5.01                      5.25  -0.24     4.61
  SINCE JAN 1      2.28                      2.62  -0.34     2.30

SNOWFALL (IN)
  YESTERDAY        0.0          13.7  1880   0.8   -0.8       T
  MONTH TO DATE    0.0                       2.5   -2.5      8.4
  SINCE DEC 1     22.5                      52.5  -30.0     42.7
  SINCE JUL 1     23.7                      59.9  -36.2     51.8
  SNOW DEPTH       0

DEGREE DAYS
 HEATING
  YESTERDAY       15                        40    -25       54
  MONTH TO DATE   63                       121    -58      149
  SINCE DEC 1   1921                      2457   -536     2491
  SINCE JUL 1   2961                      3825   -864     3771

 COOLING
  YESTERDAY        0                         0      0        0
  MONTH TO DATE    0                         0      0        0
  SINCE DEC 1      0                         0      0        0
  SINCE JAN 1      0                         0      0        0
..................................................................


WIND (MPH)
  HIGHEST WIND SPEED    35   HIGHEST WIND DIRECTION     S (200)
  HIGHEST GUST SPEED    49   HIGHEST GUST DIRECTION     S (180)
  AVERAGE WIND SPEED    18.8


SKY COVER
  AVERAGE SKY COVER 0.7


WEATHER CONDITIONS
 THE FOLLOWING WEATHER WAS RECORDED YESTERDAY.
  RAIN
  LIGHT RAIN
  FOG


RELATIVE HUMIDITY (PERCENT)
 HIGHEST    89           600 AM
 LOWEST     54           900 PM
 AVERAGE    72

..........................................................


THE ROCHESTER NY CLIMATE NORMALS FOR TODAY
                         NORMAL    RECORD    YEAR
 MAXIMUM TEMPERATURE (F)   32        58      1991
                                             1890
 MINIMUM TEMPERATURE (F)   17        -8      1970
                                             1918


SUNRISE AND SUNSET
FEBRUARY  4 2016......SUNRISE   723 AM EST   SUNSET   526 PM EST
FEBRUARY  5 2016......SUNRISE   722 AM EST   SUNSET   528 PM EST


-  INDICATES NEGATIVE NUMBERS.
R  INDICATES RECORD WAS SET OR TIED.
MM INDICATES DATA IS MISSING.
T  INDICATES TRACE AMOUNT.




$$
