544
CDUS41 KBUF 231023
CLIROC


CLIMATE REPORT
NATIONAL WEATHER SERVICE BUFFALO NY
621 AM EDT SUN JUL 23 2017


...................................

...THE ROCHESTER NY CLIMATE SUMMARY FOR JULY 22 2017...

CLIMATE NORMAL PERIOD 1981 TO 2010
CLIMATE RECORD PERIOD 1871 TO 2017


WEATHER ITEM   OBSERVED TIME   RECORD YEAR NORMAL DEPARTURE LAST
                VALUE   (LST)  VALUE       VALUE  FROM      YEAR
                                                  NORMAL
..................................................................
TEMPERATURE (F)
 YESTERDAY
  MAXIMUM         79    506 PM  97    1955  81     -2       92
  MINIMUM         66    526 AM  46    1970  61      5       71
  AVERAGE         73                        71      2       82

PRECIPITATION (IN)
  YESTERDAY        T             2.15 1947   0.11  -0.11     0.00
  MONTH TO DATE    3.59                      2.32   1.27     0.92
  SINCE JUN 1      7.13                      5.66   1.47     1.83
  SINCE JAN 1     27.11                     18.12   8.99    13.44

SNOWFALL (IN)
  YESTERDAY        0.0           0.0    MM   0.0    0.0      0.0
  MONTH TO DATE    0.0                       0.0    0.0      0.0
  SINCE JUN 1      0.0                       0.0    0.0      0.0
  SINCE JUL 1      0.0                       0.0    0.0      0.0
  SNOW DEPTH       0

DEGREE DAYS
 HEATING
  YESTERDAY        0                         0      0        0
  MONTH TO DATE    0                         6     -6        0
  SINCE JUN 1     45                        74    -29       47
  SINCE JUL 1      0                         6     -6        0

 COOLING
  YESTERDAY        8                         6      2       17
  MONTH TO DATE  154                       132     22      208
  SINCE JUN 1    287                       238     49      337
  SINCE JAN 1    329                       268     61      399
..................................................................


WIND (MPH)
  HIGHEST WIND SPEED    12   HIGHEST WIND DIRECTION    NE (50)
  HIGHEST GUST SPEED    14   HIGHEST GUST DIRECTION    NE (40)
  AVERAGE WIND SPEED     3.7


SKY COVER
  AVERAGE SKY COVER 0.8


WEATHER CONDITIONS
 THE FOLLOWING WEATHER WAS RECORDED YESTERDAY.
  LIGHT RAIN
  FOG


RELATIVE HUMIDITY (PERCENT)
 HIGHEST    93           500 AM
 LOWEST     48           500 PM
 AVERAGE    71

..........................................................


THE ROCHESTER NY CLIMATE NORMALS FOR TODAY
                         NORMAL    RECORD    YEAR
 MAXIMUM TEMPERATURE (F)   81        99      1933
 MINIMUM TEMPERATURE (F)   61        48      1985


SUNRISE AND SUNSET
JULY 23 2017..........SUNRISE   552 AM EDT   SUNSET   841 PM EDT
JULY 24 2017..........SUNRISE   553 AM EDT   SUNSET   840 PM EDT


-  INDICATES NEGATIVE NUMBERS.
R  INDICATES RECORD WAS SET OR TIED.
MM INDICATES DATA IS MISSING.
T  INDICATES TRACE AMOUNT.




$$
