000
CDUS41 KBUF 190706
CLIROC


CLIMATE REPORT
NATIONAL WEATHER SERVICE BUFFALO NY
305 AM EDT TUE MAY 19 2015


...................................

...THE ROCHESTER NY CLIMATE SUMMARY FOR MAY 18 2015...

CLIMATE NORMAL PERIOD 1981 TO 2010
CLIMATE RECORD PERIOD 1871 TO 2015


WEATHER ITEM   OBSERVED TIME   RECORD YEAR NORMAL DEPARTURE LAST
                VALUE   (LST)  VALUE       VALUE  FROM      YEAR
                                                  NORMAL
..................................................................
TEMPERATURE (F)
 YESTERDAY
  MAXIMUM         85    414 PM  92    1889  68     17       61
  MINIMUM         62    301 AM  30    1981  47     15       43
  AVERAGE         74                        58     16       52

PRECIPITATION (IN)
  YESTERDAY        T             1.46 1894   0.09  -0.09     0.06
  MONTH TO DATE    0.98                      1.62  -0.64     2.73
  SINCE MAR 1      5.02                      6.85  -1.83     8.94
  SINCE JAN 1      9.27                     11.21  -1.94    12.56

SNOWFALL (IN)
  YESTERDAY        0.0           T    1976   0.0    0.0      0.0
  MONTH TO DATE    0.0                       0.3   -0.3       T
  SINCE MAR 1     13.3                      20.5   -7.2     29.6
  SINCE JUL 1    101.9                      99.4    2.5    112.7
  SNOW DEPTH       0

DEGREE DAYS
 HEATING
  YESTERDAY        0                         8     -8       13
  MONTH TO DATE   62                       191   -129      146
  SINCE MAR 1   1654                      1708    -54     1856
  SINCE JUL 1   6748                      6494    254     6941

 COOLING
  YESTERDAY        9                         1      8        0
  MONTH TO DATE   55                         9     46       25
  SINCE MAR 1     55                        13     42       26
  SINCE JAN 1     55                        13     42       26
..................................................................


WIND (MPH)
  HIGHEST WIND SPEED    17   HIGHEST WIND DIRECTION     W (280)
  HIGHEST GUST SPEED    24   HIGHEST GUST DIRECTION     W (270)
  AVERAGE WIND SPEED     9.0


SKY COVER
  AVERAGE SKY COVER 0.8


WEATHER CONDITIONS
 THE FOLLOWING WEATHER WAS RECORDED YESTERDAY.
  LIGHT RAIN


RELATIVE HUMIDITY (PERCENT)
 HIGHEST    93           600 AM
 LOWEST     51           500 PM
 AVERAGE    72

..........................................................


THE ROCHESTER NY CLIMATE NORMALS FOR TODAY
                         NORMAL    RECORD    YEAR
 MAXIMUM TEMPERATURE (F)   69        89      1996
                                             1971
 MINIMUM TEMPERATURE (F)   47        34      1981


SUNRISE AND SUNSET
MAY 19 2015...........SUNRISE   543 AM EDT   SUNSET   831 PM EDT
MAY 20 2015...........SUNRISE   543 AM EDT   SUNSET   832 PM EDT


-  INDICATES NEGATIVE NUMBERS.
R  INDICATES RECORD WAS SET OR TIED.
MM INDICATES DATA IS MISSING.
T  INDICATES TRACE AMOUNT.




$$
