882
CDUS41 KBUF 071016
CLIROC


CLIMATE REPORT
NATIONAL WEATHER SERVICE BUFFALO NY
516 AM EST WED DEC 7 2016


...................................

...THE ROCHESTER NY CLIMATE SUMMARY FOR DECEMBER 6 2016...

CLIMATE NORMAL PERIOD 1981 TO 2010
CLIMATE RECORD PERIOD 1871 TO 2016


WEATHER ITEM   OBSERVED TIME   RECORD YEAR NORMAL DEPARTURE LAST
                VALUE   (LST)  VALUE       VALUE  FROM      YEAR
                                                  NORMAL
..................................................................
TEMPERATURE (F)
 YESTERDAY
  MAXIMUM         42    117 PM  68    2001  40      2       47
                                      1998
  MINIMUM         25    702 AM   1    1886  27     -2       27
  AVERAGE         34                        33      1       37

PRECIPITATION (IN)
  YESTERDAY        0.38          0.81 1945   0.09   0.29     0.00
  MONTH TO DATE    0.70                      0.55   0.15     0.58
  SINCE DEC 1      0.70                      0.55   0.15     0.58
  SINCE JAN 1     28.51                     32.19  -3.68    34.53

SNOWFALL (IN)
  YESTERDAY        T             7.0  1918   0.6   -0.6      0.0
  MONTH TO DATE    1.0                       3.4   -2.4       T
  SINCE DEC 1      1.0                       3.4   -2.4       T
  SINCE JUL 1     16.9                      10.8    6.1      1.2
  SNOW DEPTH       0

DEGREE DAYS
 HEATING
  YESTERDAY       31                        32     -1       28
  MONTH TO DATE  162                       187    -25      142
  SINCE DEC 1    162                       187    -25      142
  SINCE JUL 1   1140                      1555   -415     1182

 COOLING
  YESTERDAY        0                         0      0        0
  MONTH TO DATE    0                         0      0        0
  SINCE DEC 1      0                         0      0        0
  SINCE JAN 1    978                       539    439      698
..................................................................


WIND (MPH)
  HIGHEST WIND SPEED    21   HIGHEST WIND DIRECTION    SE (120)
  HIGHEST GUST SPEED    27   HIGHEST GUST DIRECTION    SE (130)
  AVERAGE WIND SPEED     7.4


SKY COVER
  AVERAGE SKY COVER 0.7


WEATHER CONDITIONS
 THE FOLLOWING WEATHER WAS RECORDED YESTERDAY.
  LIGHT RAIN
  SNOW
  LIGHT SNOW
  FOG
  HAZE


RELATIVE HUMIDITY (PERCENT)
 HIGHEST    96           900 PM
 LOWEST     62           100 PM
 AVERAGE    79

..........................................................


THE ROCHESTER NY CLIMATE NORMALS FOR TODAY
                         NORMAL    RECORD    YEAR
 MAXIMUM TEMPERATURE (F)   39        69      1998
 MINIMUM TEMPERATURE (F)   26         4      1926
                                             1906


SUNRISE AND SUNSET
DECEMBER  7 2016......SUNRISE   729 AM EST   SUNSET   436 PM EST
DECEMBER  8 2016......SUNRISE   730 AM EST   SUNSET   435 PM EST


-  INDICATES NEGATIVE NUMBERS.
R  INDICATES RECORD WAS SET OR TIED.
MM INDICATES DATA IS MISSING.
T  INDICATES TRACE AMOUNT.




$$
