000
CDUS41 KBUF 182026
CLIROC


CLIMATE REPORT
NATIONAL WEATHER SERVICE BUFFALO NY
426 PM EDT SUN SEP 18 2016


...................................

...THE ROCHESTER NY CLIMATE SUMMARY FOR SEPTEMBER 18 2016...
VALID TODAY AS OF 0400 PM LOCAL TIME.

CLIMATE NORMAL PERIOD 1981 TO 2010
CLIMATE RECORD PERIOD 1871 TO 2016


WEATHER ITEM   OBSERVED TIME   RECORD YEAR NORMAL DEPARTURE LAST
                VALUE   (LST)  VALUE       VALUE  FROM      YEAR
                                                  NORMAL
..................................................................
TEMPERATURE (F)
 TODAY
  MAXIMUM         80    151 PM  92    1955  71      9       83
  MINIMUM         66    621 AM  37    1990  51     15       59
  AVERAGE         73                        61     12       71

PRECIPITATION (IN)
  TODAY            0.75          2.42 1945   0.12   0.63     0.01
  MONTH TO DATE    1.91                      2.02  -0.11     2.45
  SINCE SEP 1      1.91                      2.02  -0.11     2.45
  SINCE JAN 1     19.56                     24.62  -5.06    28.58

SNOWFALL (IN)
  TODAY            0.0           0.0    MM   0.0    0.0      0.0
  MONTH TO DATE    0.0                       0.0    0.0      0.0
  SINCE SEP 1      0.0                       0.0    0.0      0.0
  SINCE JUL 1      0.0                       0.0    0.0      0.0
  SNOW DEPTH       0

DEGREE DAYS
 HEATING
  TODAY            0                         5     -5        0
  MONTH TO DATE   10                        58    -48       14
  SINCE SEP 1     10                        58    -48       14
  SINCE JUL 1     10                        92    -82       33

 COOLING
  TODAY            8                         1      7        6
  MONTH TO DATE   90                        40     50      132
  SINCE SEP 1     90                        40     50      132
  SINCE JAN 1    941                       524    417      686
..................................................................


WIND (MPH)
  HIGHEST WIND SPEED    30   HIGHEST WIND DIRECTION     W (270)
  HIGHEST GUST SPEED    35   HIGHEST GUST DIRECTION     W (270)
  AVERAGE WIND SPEED     6.6


SKY COVER
  AVERAGE SKY COVER 0.8


WEATHER CONDITIONS
 THE FOLLOWING WEATHER WAS RECORDED TODAY.
  THUNDERSTORM
  HEAVY RAIN
  LIGHT RAIN
  FOG


RELATIVE HUMIDITY (PERCENT)
 HIGHEST   100           400 AM
 LOWEST     62          1200 PM
 AVERAGE    81

..........................................................


THE ROCHESTER NY CLIMATE NORMALS FOR TOMORROW
                         NORMAL    RECORD    YEAR
 MAXIMUM TEMPERATURE (F)   70        90      1955
 MINIMUM TEMPERATURE (F)   51        36      1993


SUNRISE AND SUNSET
SEPTEMBER 18 2016.....SUNRISE   654 AM EDT   SUNSET   714 PM EDT
SEPTEMBER 19 2016.....SUNRISE   655 AM EDT   SUNSET   712 PM EDT


-  INDICATES NEGATIVE NUMBERS.
R  INDICATES RECORD WAS SET OR TIED.
MM INDICATES DATA IS MISSING.
T  INDICATES TRACE AMOUNT.




$$
