000
CDUS41 KBUF 152106
CLIROC


CLIMATE REPORT
NATIONAL WEATHER SERVICE BUFFALO NY
505 PM EDT THU JUN 15 2017


...................................

...THE ROCHESTER NY CLIMATE SUMMARY FOR JUNE 15 2017...
VALID TODAY AS OF 0500 PM LOCAL TIME.

CLIMATE NORMAL PERIOD 1981 TO 2010
CLIMATE RECORD PERIOD 1871 TO 2017


WEATHER ITEM   OBSERVED TIME   RECORD YEAR NORMAL DEPARTURE LAST
                VALUE   (LST)  VALUE       VALUE  FROM      YEAR
                                                  NORMAL
..................................................................
TEMPERATURE (F)
 TODAY
  MAXIMUM         80    238 PM  94    1994  77      3       83
                                      1891
  MINIMUM         55    445 AM  40    1978  56     -1       47
  AVERAGE         68                        66      2       65

PRECIPITATION (IN)
  TODAY            0.65          1.42 1899   0.12   0.53      T
  MONTH TO DATE    1.60                      1.61  -0.01     0.75
  SINCE JUN 1      1.60                      1.61  -0.01     0.75
  SINCE JAN 1     21.58                     14.07   7.51    12.36

SNOWFALL (IN)
  TODAY            0.0           0.0    MM   0.0    0.0      0.0
  MONTH TO DATE    0.0                       0.0    0.0      0.0
  SINCE JUN 1      0.0                       0.0    0.0      0.0
  SINCE JUL 1    107.1                      99.5    7.6     63.7
  SNOW DEPTH       0

DEGREE DAYS
 HEATING
  TODAY            0                         2     -2        0
  MONTH TO DATE   41                        50     -9       46
  SINCE JUN 1     41                        50     -9       46
  SINCE JUL 1   5573                      6628  -1055     5654

 COOLING
  TODAY            3                         3      0        0
  MONTH TO DATE   45                        37      8       26
  SINCE JUN 1     45                        37      8       26
  SINCE JAN 1     87                        67     20       88
..................................................................


WIND (MPH)
  HIGHEST WIND SPEED    15   HIGHEST WIND DIRECTION    SE (130)
  HIGHEST GUST SPEED    18   HIGHEST GUST DIRECTION    SE (120)
  AVERAGE WIND SPEED     4.5


SKY COVER
  AVERAGE SKY COVER 0.7


WEATHER CONDITIONS
 THE FOLLOWING WEATHER WAS RECORDED TODAY.
  THUNDERSTORM
  HEAVY RAIN
  RAIN
  LIGHT RAIN
  FOG


RELATIVE HUMIDITY (PERCENT)
 HIGHEST    93          1100 AM
 LOWEST     49          1200 AM
 AVERAGE    71

..........................................................


THE ROCHESTER NY CLIMATE NORMALS FOR TOMORROW
                         NORMAL    RECORD    YEAR
 MAXIMUM TEMPERATURE (F)   77        95      1994
 MINIMUM TEMPERATURE (F)   56        41      1999


SUNRISE AND SUNSET
JUNE 15 2017..........SUNRISE   531 AM EDT   SUNSET   852 PM EDT
JUNE 16 2017..........SUNRISE   531 AM EDT   SUNSET   852 PM EDT


-  INDICATES NEGATIVE NUMBERS.
R  INDICATES RECORD WAS SET OR TIED.
MM INDICATES DATA IS MISSING.
T  INDICATES TRACE AMOUNT.




$$
