000
CDUS41 KBUF 231007
CLIROC


CLIMATE REPORT
NATIONAL WEATHER SERVICE BUFFALO NY
505 AM EST FRI JAN 23 2015


...................................

...THE ROCHESTER NY CLIMATE SUMMARY FOR JANUARY 22 2015...

CLIMATE NORMAL PERIOD 1981 TO 2010
CLIMATE RECORD PERIOD 1871 TO 2015


WEATHER ITEM   OBSERVED TIME   RECORD YEAR NORMAL DEPARTURE LAST
                VALUE   (LST)  VALUE       VALUE  FROM      YEAR
                                                  NORMAL
..................................................................
TEMPERATURE (F)
 YESTERDAY
  MAXIMUM         30    432 PM  68    1906  31     -1        9
  MINIMUM         17    248 AM  -9    2005  17      0       -5
  AVERAGE         24                        24      0        2

PRECIPITATION (IN)
  YESTERDAY        0.00          0.92 1904   0.08  -0.08     0.01
  MONTH TO DATE    1.37                      1.76  -0.39     1.09
  SINCE DEC 1      3.68                      4.39  -0.71     4.08
  SINCE JAN 1      1.37                      1.76  -0.39     1.09

SNOWFALL (IN)
  YESTERDAY        0.0           9.0  1881   1.0   -1.0      0.2
  MONTH TO DATE   12.3                      20.2   -7.9     16.7
  SINCE DEC 1     28.9                      42.0  -13.1     39.2
  SINCE JUL 1     38.0                      49.4  -11.4     52.7
  SNOW DEPTH       1

DEGREE DAYS
 HEATING
  YESTERDAY       41                        41      0       63
  MONTH TO DATE  983                       885     98      921
  SINCE DEC 1   1923                      1970    -47     2046
  SINCE JUL 1   3203                      3338   -135     3418

 COOLING
  YESTERDAY        0                         0      0        0
  MONTH TO DATE    0                         0      0        0
  SINCE DEC 1      0                         0      0        0
  SINCE JAN 1      0                         0      0        0
..................................................................


WIND (MPH)
  HIGHEST WIND SPEED    15   HIGHEST WIND DIRECTION     W (260)
  HIGHEST GUST SPEED    20   HIGHEST GUST DIRECTION     W (280)
  AVERAGE WIND SPEED     7.2


SKY COVER
  AVERAGE SKY COVER 0.6


WEATHER CONDITIONS
 THE FOLLOWING WEATHER WAS RECORDED YESTERDAY.
  NO SIGNIFICANT WEATHER WAS OBSERVED.


RELATIVE HUMIDITY (PERCENT)
 HIGHEST    88           400 AM
 LOWEST     53           300 PM
 AVERAGE    71

..........................................................


THE ROCHESTER NY CLIMATE NORMALS FOR TODAY
                         NORMAL    RECORD    YEAR
 MAXIMUM TEMPERATURE (F)   31        64      1906
 MINIMUM TEMPERATURE (F)   17       -14      1976


SUNRISE AND SUNSET
JANUARY 23 2015.......SUNRISE   735 AM EST   SUNSET   511 PM EST
JANUARY 24 2015.......SUNRISE   734 AM EST   SUNSET   512 PM EST


-  INDICATES NEGATIVE NUMBERS.
R  INDICATES RECORD WAS SET OR TIED.
MM INDICATES DATA IS MISSING.
T  INDICATES TRACE AMOUNT.




$$
