329
CDUS41 KBUF 260705
CLIROC


CLIMATE REPORT
NATIONAL WEATHER SERVICE BUFFALO NY
305 AM EDT WED APR 26 2017


...................................

...THE ROCHESTER NY CLIMATE SUMMARY FOR APRIL 25 2017...

CLIMATE NORMAL PERIOD 1981 TO 2010
CLIMATE RECORD PERIOD 1871 TO 2017


WEATHER ITEM   OBSERVED TIME   RECORD YEAR NORMAL DEPARTURE LAST
                VALUE   (LST)  VALUE       VALUE  FROM      YEAR
                                                  NORMAL
..................................................................
TEMPERATURE (F)
 YESTERDAY
  MAXIMUM         65    443 PM  86    1915  60      5       51
  MINIMUM         42    104 AM  21    1919  40      2       41
  AVERAGE         54                        50      4       46

PRECIPITATION (IN)
  YESTERDAY        0.21          0.94 1976   0.08   0.13     0.15
  MONTH TO DATE    4.33                      2.28   2.05     1.05
  SINCE MAR 1      8.99                      4.78   4.21     2.87
  SINCE JAN 1     14.07                      9.14   4.93     8.17

SNOWFALL (IN)
  YESTERDAY       MM             7.0  1874   0.0   MM        0.0
  MONTH TO DATE    2.5                       3.7   -1.2      8.8
  SINCE MAR 1     35.5                      20.0   15.5     12.0
  SINCE JUL 1    107.1                      98.9    8.2     63.7
  SNOW DEPTH       0

DEGREE DAYS
 HEATING
  YESTERDAY       11                        15     -4       19
  MONTH TO DATE  377                       495   -118      565
  SINCE MAR 1   1365                      1447    -82     1327
  SINCE JUL 1   5233                      6233  -1000     5244

 COOLING
  YESTERDAY        0                         0      0        0
  MONTH TO DATE    7                         0      7        0
  SINCE MAR 1      7                         0      7        0
  SINCE JAN 1      7                         0      7        0
..................................................................


WIND (MPH)
  HIGHEST WIND SPEED    17   HIGHEST WIND DIRECTION    SE (130)
  HIGHEST GUST SPEED    23   HIGHEST GUST DIRECTION    SE (120)
  AVERAGE WIND SPEED     9.0


SKY COVER
  AVERAGE SKY COVER 1.0


WEATHER CONDITIONS
 THE FOLLOWING WEATHER WAS RECORDED YESTERDAY.
  HEAVY RAIN
  LIGHT RAIN
  FOG


RELATIVE HUMIDITY (PERCENT)
 HIGHEST    83          1100 AM
 LOWEST     63           400 PM
 AVERAGE    73

..........................................................


THE ROCHESTER NY CLIMATE NORMALS FOR TODAY
                         NORMAL    RECORD    YEAR
 MAXIMUM TEMPERATURE (F)   61        86      1990
                                             1915
 MINIMUM TEMPERATURE (F)   40        23      1919


SUNRISE AND SUNSET
APRIL 26 2017.........SUNRISE   611 AM EDT   SUNSET   806 PM EDT
APRIL 27 2017.........SUNRISE   610 AM EDT   SUNSET   808 PM EDT


-  INDICATES NEGATIVE NUMBERS.
R  INDICATES RECORD WAS SET OR TIED.
MM INDICATES DATA IS MISSING.
T  INDICATES TRACE AMOUNT.




$$
