000
CDUS41 KBUF 180705
CLIROC


CLIMATE REPORT
NATIONAL WEATHER SERVICE BUFFALO NY
205 AM EST TUE NOV 18 2014


...................................

...THE ROCHESTER NY CLIMATE SUMMARY FOR NOVEMBER 17 2014...

CLIMATE NORMAL PERIOD 1981 TO 2010
CLIMATE RECORD PERIOD 1871 TO 2014


WEATHER ITEM   OBSERVED TIME   RECORD YEAR NORMAL DEPARTURE LAST
                VALUE   (LST)  VALUE       VALUE  FROM      YEAR
                                                  NORMAL
..................................................................
TEMPERATURE (F)
 YESTERDAY
  MAXIMUM         36   1219 AM  72    1931  48    -12       62
  MINIMUM         26   1159 PM  15    1959  33     -7       52
                                      1933
  AVERAGE         31                        40     -9       57

PRECIPITATION (IN)
  YESTERDAY        0.36          2.01 1890   0.10   0.26     0.20
  MONTH TO DATE    1.80                      1.63   0.17     1.64
  SINCE SEP 1      5.02                      7.73  -2.71     7.37
  SINCE JAN 1     30.05                     30.33  -0.28    32.58

SNOWFALL (IN)
  YESTERDAY       MM             7.8  1920   0.2   MM        0.0
  MONTH TO DATE    0.4                       2.7   -2.3      1.8
  SINCE SEP 1      0.4                       2.8   -2.4      1.8
  SINCE JUL 1      0.4                       2.8   -2.4      1.8
  SNOW DEPTH       0

DEGREE DAYS
 HEATING
  YESTERDAY       34                        25      9        8
  MONTH TO DATE  392                       377     15      359
  SINCE SEP 1    864                       976   -112      896
  SINCE JUL 1    889                      1010   -121      914

 COOLING
  YESTERDAY        0                         0      0        0
  MONTH TO DATE    0                         0      0        0
  SINCE SEP 1     78                        55     23       69
  SINCE JAN 1    542                       539      3      660
..................................................................


WIND (MPH)
  HIGHEST WIND SPEED    26   HIGHEST WIND DIRECTION     W (270)
  HIGHEST GUST SPEED    37   HIGHEST GUST DIRECTION     W (270)
  AVERAGE WIND SPEED     8.4


SKY COVER
  AVERAGE SKY COVER 0.9


WEATHER CONDITIONS
 THE FOLLOWING WEATHER WAS RECORDED YESTERDAY.
  RAIN
  LIGHT RAIN
  SNOW
  LIGHT SNOW
  FOG
  HAZE
  BLOWING SNOW


RELATIVE HUMIDITY (PERCENT)
 HIGHEST   100           100 PM
 LOWEST     78           900 PM
 AVERAGE    89

..........................................................


THE ROCHESTER NY CLIMATE NORMALS FOR TODAY
                         NORMAL    RECORD    YEAR
 MAXIMUM TEMPERATURE (F)   47        71      1958
                                             1896
 MINIMUM TEMPERATURE (F)   32        14      1959


SUNRISE AND SUNSET
NOVEMBER 18 2014......SUNRISE   707 AM EST   SUNSET   444 PM EST
NOVEMBER 19 2014......SUNRISE   708 AM EST   SUNSET   443 PM EST


-  INDICATES NEGATIVE NUMBERS.
R  INDICATES RECORD WAS SET OR TIED.
MM INDICATES DATA IS MISSING.
T  INDICATES TRACE AMOUNT.




$$
