000
CDUS41 KBUF 201019
CLIROC


CLIMATE REPORT
NATIONAL WEATHER SERVICE BUFFALO NY
518 AM EST TUE JAN 20 2015


...................................

...THE ROCHESTER NY CLIMATE SUMMARY FOR JANUARY 19 2015...

CLIMATE NORMAL PERIOD 1981 TO 2010
CLIMATE RECORD PERIOD 1871 TO 2015


WEATHER ITEM   OBSERVED TIME   RECORD YEAR NORMAL DEPARTURE LAST
                VALUE   (LST)  VALUE       VALUE  FROM      YEAR
                                                  NORMAL
..................................................................
TEMPERATURE (F)
 YESTERDAY
  MAXIMUM         35   1224 AM  61    1996  31      4       31
                                      1933
  MINIMUM         23   1159 PM -11    1994  17      6       17
  AVERAGE         29                        24      5       24

PRECIPITATION (IN)
  YESTERDAY        0.01          0.76 1996   0.08  -0.07     0.01
  MONTH TO DATE    1.36                      1.53  -0.17     0.94
  SINCE DEC 1      3.67                      4.16  -0.49     3.93
  SINCE JAN 1      1.36                      1.53  -0.17     0.94

SNOWFALL (IN)
  YESTERDAY        0.2           6.3  1884   1.0   -0.8      0.2
  MONTH TO DATE   12.3                      17.4   -5.1     13.9
  SINCE DEC 1     28.9                      39.2  -10.3     36.4
  SINCE JUL 1     38.0                      46.6   -8.6     49.9
  SNOW DEPTH       T

DEGREE DAYS
 HEATING
  YESTERDAY       36                        41     -5       41
  MONTH TO DATE  841                       762     79      757
  SINCE DEC 1   1781                      1847    -66     1882
  SINCE JUL 1   3061                      3215   -154     3254

 COOLING
  YESTERDAY        0                         0      0        0
  MONTH TO DATE    0                         0      0        0
  SINCE DEC 1      0                         0      0        0
  SINCE JAN 1      0                         0      0        0
..................................................................


WIND (MPH)
  HIGHEST WIND SPEED    24   HIGHEST WIND DIRECTION     W (290)
  HIGHEST GUST SPEED    32   HIGHEST GUST DIRECTION     W (290)
  AVERAGE WIND SPEED    12.2


SKY COVER
  AVERAGE SKY COVER 0.9


WEATHER CONDITIONS
 THE FOLLOWING WEATHER WAS RECORDED YESTERDAY.
  LIGHT SNOW
  FOG


RELATIVE HUMIDITY (PERCENT)
 HIGHEST    89           100 AM
 LOWEST     63           100 PM
 AVERAGE    76

..........................................................


THE ROCHESTER NY CLIMATE NORMALS FOR TODAY
                         NORMAL    RECORD    YEAR
 MAXIMUM TEMPERATURE (F)   31        58      1951
 MINIMUM TEMPERATURE (F)   17        -9      1994


SUNRISE AND SUNSET
JANUARY 20 2015.......SUNRISE   737 AM EST   SUNSET   507 PM EST
JANUARY 21 2015.......SUNRISE   736 AM EST   SUNSET   508 PM EST


-  INDICATES NEGATIVE NUMBERS.
R  INDICATES RECORD WAS SET OR TIED.
MM INDICATES DATA IS MISSING.
T  INDICATES TRACE AMOUNT.




$$
