000
CDUS41 KBUF 222034
CLIROC


CLIMATE REPORT
NATIONAL WEATHER SERVICE BUFFALO NY
433 PM EDT SUN OCT 22 2017


...................................

...THE ROCHESTER NY CLIMATE SUMMARY FOR OCTOBER 22 2017...
VALID TODAY AS OF 0400 PM LOCAL TIME.

CLIMATE NORMAL PERIOD 1981 TO 2010
CLIMATE RECORD PERIOD 1871 TO 2017


WEATHER ITEM   OBSERVED TIME   RECORD YEAR NORMAL DEPARTURE LAST
                VALUE   (LST)  VALUE       VALUE  FROM      YEAR
                                                  NORMAL
..................................................................
TEMPERATURE (F)
 TODAY
  MAXIMUM         75    105 PM  82    1979  57     18       47
  MINIMUM         47    344 AM  23    1940  40      7       42
  AVERAGE         61                        48     13       45

PRECIPITATION (IN)
  TODAY            0.00          1.07 1898   0.08  -0.08     0.05
  MONTH TO DATE    3.74                      1.94   1.80     4.61
  SINCE SEP 1      5.02                      5.32  -0.30     6.91
  SINCE JAN 1     36.03                     27.92   8.11    24.56

SNOWFALL (IN)
  TODAY            0.0           T    2010   0.0    0.0      0.0
                                      2008
                                      1988
  MONTH TO DATE    0.0                       0.0    0.0      0.0
  SINCE SEP 1      0.0                       0.0    0.0      0.0
  SINCE JUL 1      0.0                       0.0    0.0      0.0
  SNOW DEPTH       0

DEGREE DAYS
 HEATING
  TODAY            4                        17    -13       20
  MONTH TO DATE  114                       290   -176      161
  SINCE SEP 1    206                       437   -231      212
  SINCE JUL 1    233                       471   -238      212

 COOLING
  TODAY            0                         0      0        0
  MONTH TO DATE   21                         0     21       15
  SINCE SEP 1    138                        50     88      127
  SINCE JAN 1    654                       534    120      978
..................................................................


WIND (MPH)
  HIGHEST WIND SPEED    14   HIGHEST WIND DIRECTION    SW (220)
  HIGHEST GUST SPEED    16   HIGHEST GUST DIRECTION    SW (220)
  AVERAGE WIND SPEED     5.4


SKY COVER
  AVERAGE SKY COVER 0.6


WEATHER CONDITIONS
 THE FOLLOWING WEATHER WAS RECORDED TODAY.
  NO SIGNIFICANT WEATHER WAS OBSERVED.


RELATIVE HUMIDITY (PERCENT)
 HIGHEST    93           100 AM
 LOWEST     46           100 PM
 AVERAGE    70

..........................................................


THE ROCHESTER NY CLIMATE NORMALS FOR TOMORROW
                         NORMAL    RECORD    YEAR
 MAXIMUM TEMPERATURE (F)   57        79      1975
                                             1963
 MINIMUM TEMPERATURE (F)   39        22      1969


SUNRISE AND SUNSET
OCTOBER 22 2017.......SUNRISE   733 AM EDT   SUNSET   616 PM EDT
OCTOBER 23 2017.......SUNRISE   734 AM EDT   SUNSET   615 PM EDT


-  INDICATES NEGATIVE NUMBERS.
R  INDICATES RECORD WAS SET OR TIED.
MM INDICATES DATA IS MISSING.
T  INDICATES TRACE AMOUNT.




$$
