000
CDUS41 KBUF 041019
CLIROC


CLIMATE REPORT
NATIONAL WEATHER SERVICE BUFFALO NY
616 AM EDT TUE AUG 4 2015


...................................

...THE ROCHESTER NY CLIMATE SUMMARY FOR AUGUST 3 2015...

CLIMATE NORMAL PERIOD 1981 TO 2010
CLIMATE RECORD PERIOD 1871 TO 2015


WEATHER ITEM   OBSERVED TIME   RECORD YEAR NORMAL DEPARTURE LAST
                VALUE   (LST)  VALUE       VALUE  FROM      YEAR
                                                  NORMAL
..................................................................
TEMPERATURE (F)
 YESTERDAY
  MAXIMUM         82    316 PM  95    1988  80      2       74
                                      1890
  MINIMUM         65   1159 PM  46    1959  61      4       65
                                      1956
  AVERAGE         74                        71      3       70

PRECIPITATION (IN)
  YESTERDAY        0.01          2.00 1995   0.12  -0.11     0.27
  MONTH TO DATE    0.03                      0.37  -0.34     0.61
  SINCE JUN 1      9.79                      7.04   2.75    10.37
  SINCE JAN 1     21.49                     19.50   1.99    23.37

SNOWFALL (IN)
  YESTERDAY        0.0           0.0    MM   0.0    0.0      0.0
  MONTH TO DATE    0.0                       0.0    0.0      0.0
  SINCE JUN 1      0.0                       0.0    0.0      0.0
  SINCE JUL 1      0.0                       0.0    0.0      0.0
  SNOW DEPTH       0

DEGREE DAYS
 HEATING
  YESTERDAY        0                         0      0        0
  MONTH TO DATE    0                         0      0        0
  SINCE JUN 1     68                        80    -12       36
  SINCE JUL 1     11                        12     -1        7

 COOLING
  YESTERDAY        9                         6      3        5
  MONTH TO DATE   22                        18      4       20
  SINCE JUN 1    316                       317     -1      320
  SINCE JAN 1    419                       347     72      359
..................................................................


WIND (MPH)
  HIGHEST WIND SPEED    23   HIGHEST WIND DIRECTION    SW (240)
  HIGHEST GUST SPEED    28   HIGHEST GUST DIRECTION    SW (230)
  AVERAGE WIND SPEED    10.3


SKY COVER
  AVERAGE SKY COVER 0.7


WEATHER CONDITIONS
 THE FOLLOWING WEATHER WAS RECORDED YESTERDAY.
  LIGHT RAIN


RELATIVE HUMIDITY (PERCENT)
 HIGHEST    78          1100 AM
 LOWEST     42           600 PM
 AVERAGE    60

..........................................................


THE ROCHESTER NY CLIMATE NORMALS FOR TODAY
                         NORMAL    RECORD    YEAR
 MAXIMUM TEMPERATURE (F)   80        98      1944
 MINIMUM TEMPERATURE (F)   61        47      1886


SUNRISE AND SUNSET
AUGUST  4 2015........SUNRISE   604 AM EDT   SUNSET   829 PM EDT
AUGUST  5 2015........SUNRISE   605 AM EDT   SUNSET   827 PM EDT


-  INDICATES NEGATIVE NUMBERS.
R  INDICATES RECORD WAS SET OR TIED.
MM INDICATES DATA IS MISSING.
T  INDICATES TRACE AMOUNT.




$$
