000
CDUS41 KBUF 271010
CLIROC


CLIMATE REPORT
NATIONAL WEATHER SERVICE BUFFALO NY
508 AM EST FRI FEB 27 2015


...................................

...THE ROCHESTER NY CLIMATE SUMMARY FOR FEBRUARY 26 2015...

CLIMATE NORMAL PERIOD 1981 TO 2010
CLIMATE RECORD PERIOD 1871 TO 2015


WEATHER ITEM   OBSERVED TIME   RECORD YEAR NORMAL DEPARTURE LAST
                VALUE   (LST)  VALUE       VALUE  FROM      YEAR
                                                  NORMAL
..................................................................
TEMPERATURE (F)
 YESTERDAY
  MAXIMUM         15   1141 AM  66    2000  37    -22       19
  MINIMUM          9   1159 PM  -2    2003  21    -12        8
                                      1963
  AVERAGE         12                        29    -17       14

PRECIPITATION (IN)
  YESTERDAY        0.01          1.12 2010   0.07  -0.06     0.02
  MONTH TO DATE    2.51                      1.79   0.72     2.25
  SINCE DEC 1      6.56                      6.83  -0.27     6.47
  SINCE JAN 1      4.25                      4.20   0.05     3.48

SNOWFALL (IN)
  YESTERDAY        0.4          11.8  2010   0.8   -0.4      0.7
  MONTH TO DATE   45.2                      20.0   25.2     23.8
  SINCE DEC 1     79.5                      70.0    9.5     67.1
  SINCE JUL 1     88.6                      77.4   11.2     80.6
  SNOW DEPTH      16

DEGREE DAYS
 HEATING
  YESTERDAY       53                        36     17       51
  MONTH TO DATE 1361                      1009    352     1109
  SINCE DEC 1   3703                      3345    358     3605
  SINCE JUL 1   4983                      4713    270     4977

 COOLING
  YESTERDAY        0                         0      0        0
  MONTH TO DATE    0                         0      0        0
  SINCE DEC 1      0                         0      0        0
  SINCE JAN 1      0                         0      0        0
..................................................................


WIND (MPH)
  HIGHEST WIND SPEED    15   HIGHEST WIND DIRECTION    NE (40)
  HIGHEST GUST SPEED    18   HIGHEST GUST DIRECTION    NE (40)
  AVERAGE WIND SPEED     6.1


SKY COVER
  AVERAGE SKY COVER 1.0


WEATHER CONDITIONS
 THE FOLLOWING WEATHER WAS RECORDED YESTERDAY.
  LIGHT SNOW
  FOG


RELATIVE HUMIDITY (PERCENT)
 HIGHEST    83           300 AM
 LOWEST     58          1200 PM
 AVERAGE    71

..........................................................


THE ROCHESTER NY CLIMATE NORMALS FOR TODAY
                         NORMAL    RECORD    YEAR
 MAXIMUM TEMPERATURE (F)   37        66      2000
 MINIMUM TEMPERATURE (F)   21        -6      1993


SUNRISE AND SUNSET
FEBRUARY 27 2015......SUNRISE   650 AM EST   SUNSET   557 PM EST
FEBRUARY 28 2015......SUNRISE   649 AM EST   SUNSET   558 PM EST


-  INDICATES NEGATIVE NUMBERS.
R  INDICATES RECORD WAS SET OR TIED.
MM INDICATES DATA IS MISSING.
T  INDICATES TRACE AMOUNT.




$$
