173
CDUS41 KBUF 120705
CLIROC


CLIMATE REPORT
NATIONAL WEATHER SERVICE BUFFALO NY
205 AM EST THU JAN 12 2017


...................................

...THE ROCHESTER NY CLIMATE SUMMARY FOR JANUARY 11 2017...

CLIMATE NORMAL PERIOD 1981 TO 2010
CLIMATE RECORD PERIOD 1871 TO 2017


WEATHER ITEM   OBSERVED TIME   RECORD YEAR NORMAL DEPARTURE LAST
                VALUE   (LST)  VALUE       VALUE  FROM      YEAR
                                                  NORMAL
..................................................................
TEMPERATURE (F)
 YESTERDAY
  MAXIMUM         52   1159 PM  63    1975  32     20       25
  MINIMUM         38    805 AM -14    1981  18     20       17
  AVERAGE         45                        25     20       21

PRECIPITATION (IN)
  YESTERDAY        0.05          2.11 1878   0.08  -0.03     0.02
  MONTH TO DATE    0.87                      0.90  -0.03     0.70
  SINCE DEC 1      3.78                      3.53   0.25     3.43
  SINCE JAN 1      0.87                      0.90  -0.03     0.70

SNOWFALL (IN)
  YESTERDAY       MM            10.2  1982   0.9   MM        0.5
  MONTH TO DATE    4.4                       9.8   -5.4      2.7
  SINCE DEC 1     33.7                      31.6    2.1      5.0
  SINCE JUL 1     49.6                      39.0   10.6      6.2
  SNOW DEPTH       0

DEGREE DAYS
 HEATING
  YESTERDAY       20                        40    -20       44
  MONTH TO DATE  425                       436    -11      403
  SINCE DEC 1   1460                      1521    -61     1102
  SINCE JUL 1   2438                      2889   -451     2142

 COOLING
  YESTERDAY        0                         0      0        0
  MONTH TO DATE    0                         0      0        0
  SINCE DEC 1      0                         0      0        0
  SINCE JAN 1      0                         0      0        0
..................................................................


WIND (MPH)
  HIGHEST WIND SPEED    41   HIGHEST WIND DIRECTION     W (260)
  HIGHEST GUST SPEED    58   HIGHEST GUST DIRECTION     W (260)
  AVERAGE WIND SPEED    17.3


SKY COVER
  AVERAGE SKY COVER 0.7


WEATHER CONDITIONS
 THE FOLLOWING WEATHER WAS RECORDED YESTERDAY.
  LIGHT RAIN
  FOG


RELATIVE HUMIDITY (PERCENT)
 HIGHEST    79           100 AM
 LOWEST     32           400 PM
 AVERAGE    56

..........................................................


THE ROCHESTER NY CLIMATE NORMALS FOR TODAY
                         NORMAL    RECORD    YEAR
 MAXIMUM TEMPERATURE (F)   32        58      2013
 MINIMUM TEMPERATURE (F)   18       -15      1982
                                             1981


SUNRISE AND SUNSET
JANUARY 12 2017.......SUNRISE   741 AM EST   SUNSET   458 PM EST
JANUARY 13 2017.......SUNRISE   740 AM EST   SUNSET   459 PM EST


-  INDICATES NEGATIVE NUMBERS.
R  INDICATES RECORD WAS SET OR TIED.
MM INDICATES DATA IS MISSING.
T  INDICATES TRACE AMOUNT.




$$
