000
CDUS41 KBUF 241006
CLIROC


CLIMATE REPORT
NATIONAL WEATHER SERVICE BUFFALO NY
604 AM EDT FRI JUL 24 2015


...................................

...THE ROCHESTER NY CLIMATE SUMMARY FOR JULY 23 2015...

CLIMATE NORMAL PERIOD 1981 TO 2010
CLIMATE RECORD PERIOD 1871 TO 2015


WEATHER ITEM   OBSERVED TIME   RECORD YEAR NORMAL DEPARTURE LAST
                VALUE   (LST)  VALUE       VALUE  FROM      YEAR
                                                  NORMAL
..................................................................
TEMPERATURE (F)
 YESTERDAY
  MAXIMUM         78    405 PM  99    1933  81     -3       82
  MINIMUM         54    517 AM  48    1985  61     -7       66
  AVERAGE         66                        71     -5       74

PRECIPITATION (IN)
  YESTERDAY        T             1.56 1898   0.11  -0.11      T
  MONTH TO DATE    2.40                      2.43  -0.03     3.67
  SINCE JUN 1      8.60                      5.77   2.83     5.73
  SINCE JAN 1     20.30                     18.23   2.07    18.73

SNOWFALL (IN)
  YESTERDAY        0.0           0.0    MM   0.0    0.0      0.0
  MONTH TO DATE    0.0                       0.0    0.0      0.0
  SINCE JUN 1      0.0                       0.0    0.0      0.0
  SINCE JUL 1      0.0                       0.0    0.0      0.0
  SNOW DEPTH       0

DEGREE DAYS
 HEATING
  YESTERDAY        0                         0      0        0
  MONTH TO DATE   11                         6      5        1
  SINCE JUN 1     68                        74     -6       30
  SINCE JUL 1     11                         6      5        1

 COOLING
  YESTERDAY        1                         6     -5        9
  MONTH TO DATE  119                       138    -19      131
  SINCE JUN 1    213                       244    -31      281
  SINCE JAN 1    316                       274     42      320
..................................................................


WIND (MPH)
  HIGHEST WIND SPEED    16   HIGHEST WIND DIRECTION    NW (330)
  HIGHEST GUST SPEED    21   HIGHEST GUST DIRECTION    NW (330)
  AVERAGE WIND SPEED     7.0


SKY COVER
  AVERAGE SKY COVER 0.2


WEATHER CONDITIONS
 THE FOLLOWING WEATHER WAS RECORDED YESTERDAY.
  NO SIGNIFICANT WEATHER WAS OBSERVED.


RELATIVE HUMIDITY (PERCENT)
 HIGHEST    93           300 AM
 LOWEST     29           400 PM
 AVERAGE    61

..........................................................


THE ROCHESTER NY CLIMATE NORMALS FOR TODAY
                         NORMAL    RECORD    YEAR
 MAXIMUM TEMPERATURE (F)   81        97      1941
 MINIMUM TEMPERATURE (F)   61        47      1985


SUNRISE AND SUNSET
JULY 24 2015..........SUNRISE   553 AM EDT   SUNSET   841 PM EDT
JULY 25 2015..........SUNRISE   554 AM EDT   SUNSET   840 PM EDT


-  INDICATES NEGATIVE NUMBERS.
R  INDICATES RECORD WAS SET OR TIED.
MM INDICATES DATA IS MISSING.
T  INDICATES TRACE AMOUNT.




$$
