000
CDUS41 KBUF 081039
CLIROC


CLIMATE REPORT
NATIONAL WEATHER SERVICE BUFFALO NY
532 AM EST SUN JAN 8 2017


...................................

...THE ROCHESTER NY CLIMATE SUMMARY FOR JANUARY 7 2017...

CLIMATE NORMAL PERIOD 1981 TO 2010
CLIMATE RECORD PERIOD 1871 TO 2017


WEATHER ITEM   OBSERVED TIME   RECORD YEAR NORMAL DEPARTURE LAST
                VALUE   (LST)  VALUE       VALUE  FROM      YEAR
                                                  NORMAL
..................................................................
TEMPERATURE (F)
 YESTERDAY
  MAXIMUM         22    321 PM  62    2008  32    -10       41
  MINIMUM          7    348 AM  -7    1942  18    -11       20
  AVERAGE         15                        25    -10       31

PRECIPITATION (IN)
  YESTERDAY        T             1.24 1998   0.08  -0.08     0.00
  MONTH TO DATE    0.59                      0.57   0.02     0.08
  SINCE DEC 1      3.50                      3.20   0.30     2.81
  SINCE JAN 1      0.59                      0.57   0.02     0.08

SNOWFALL (IN)
  YESTERDAY        T             7.0  1910   0.9   -0.9      0.0
  MONTH TO DATE    1.1                       6.1   -5.0      2.1
  SINCE DEC 1     30.4                      27.9    2.5      4.4
  SINCE JUL 1     46.3                      35.3   11.0      5.6
  SNOW DEPTH       1

DEGREE DAYS
 HEATING
  YESTERDAY       50                        40     10       34
  MONTH TO DATE  271                       276     -5      276
  SINCE DEC 1   1306                      1361    -55      975
  SINCE JUL 1   2284                      2729   -445     2015

 COOLING
  YESTERDAY        0                         0      0        0
  MONTH TO DATE    0                         0      0        0
  SINCE DEC 1      0                         0      0        0
  SINCE JAN 1      0                         0      0        0
..................................................................


WIND (MPH)
  HIGHEST WIND SPEED    18   HIGHEST WIND DIRECTION     W (290)
  HIGHEST GUST SPEED    24   HIGHEST GUST DIRECTION     W (290)
  AVERAGE WIND SPEED    10.0


SKY COVER
  AVERAGE SKY COVER 0.4


WEATHER CONDITIONS
 THE FOLLOWING WEATHER WAS RECORDED YESTERDAY.
  NO SIGNIFICANT WEATHER WAS OBSERVED.


RELATIVE HUMIDITY (PERCENT)
 HIGHEST    80           600 AM
 LOWEST     49           800 PM
 AVERAGE    65

..........................................................


THE ROCHESTER NY CLIMATE NORMALS FOR TODAY
                         NORMAL    RECORD    YEAR
 MAXIMUM TEMPERATURE (F)   32        67      2008
 MINIMUM TEMPERATURE (F)   18       -10      1942


SUNRISE AND SUNSET
JANUARY  8 2017.......SUNRISE   742 AM EST   SUNSET   453 PM EST
JANUARY  9 2017.......SUNRISE   742 AM EST   SUNSET   455 PM EST


-  INDICATES NEGATIVE NUMBERS.
R  INDICATES RECORD WAS SET OR TIED.
MM INDICATES DATA IS MISSING.
T  INDICATES TRACE AMOUNT.




$$
