000
CDUS41 KBUF 180705
CLIROC


CLIMATE REPORT
NATIONAL WEATHER SERVICE BUFFALO NY
305 AM EDT SAT OCT 18 2014


...................................

...THE ROCHESTER NY CLIMATE SUMMARY FOR OCTOBER 17 2014...

CLIMATE NORMAL PERIOD 1981 TO 2010
CLIMATE RECORD PERIOD 1871 TO 2014


WEATHER ITEM   OBSERVED TIME   RECORD YEAR NORMAL DEPARTURE LAST
                VALUE   (LST)  VALUE       VALUE  FROM      YEAR
                                                  NORMAL
..................................................................
TEMPERATURE (F)
 YESTERDAY
  MAXIMUM         66    141 PM  85    1947  59      7       64
  MINIMUM         52    233 AM  25    1978  41     11       47
  AVERAGE         59                        50      9       56

PRECIPITATION (IN)
  YESTERDAY        0.07          1.20 1948   0.08  -0.01     0.35
  MONTH TO DATE    0.84                      1.53  -0.69     2.20
  SINCE SEP 1      2.17                      4.91  -2.74     4.61
  SINCE JAN 1     27.20                     27.51  -0.31    29.82

SNOWFALL (IN)
  YESTERDAY        0.0           1.2  1875   0.0    0.0      0.0
  MONTH TO DATE    0.0                       0.0    0.0      0.0
  SINCE SEP 1      0.0                       0.0    0.0      0.0
  SINCE JUL 1      0.0                       0.0    0.0      0.0
  SNOW DEPTH       0

DEGREE DAYS
 HEATING
  YESTERDAY        6                        15     -9        9
  MONTH TO DATE  140                       210    -70       98
  SINCE SEP 1    264                       357    -93      270
  SINCE JUL 1    289                       391   -102      288

 COOLING
  YESTERDAY        0                         0      0        0
  MONTH TO DATE    9                         0      9       10
  SINCE SEP 1     77                        50     27       69
  SINCE JAN 1    541                       534      7      660
..................................................................


WIND (MPH)
  HIGHEST WIND SPEED    20   HIGHEST WIND DIRECTION    SW (210)
  HIGHEST GUST SPEED    29   HIGHEST GUST DIRECTION     S (190)
  AVERAGE WIND SPEED     9.2


SKY COVER
  AVERAGE SKY COVER 0.8


WEATHER CONDITIONS
 THE FOLLOWING WEATHER WAS RECORDED YESTERDAY.
  LIGHT RAIN
  FOG


RELATIVE HUMIDITY (PERCENT)
 HIGHEST    93          1200 AM
 LOWEST     52           200 PM
 AVERAGE    73

..........................................................


THE ROCHESTER NY CLIMATE NORMALS FOR TODAY
                         NORMAL    RECORD    YEAR
 MAXIMUM TEMPERATURE (F)   59        83      1947
 MINIMUM TEMPERATURE (F)   41        23      1972


SUNRISE AND SUNSET
OCTOBER 18 2014.......SUNRISE   728 AM EDT   SUNSET   623 PM EDT
OCTOBER 19 2014.......SUNRISE   729 AM EDT   SUNSET   621 PM EDT


-  INDICATES NEGATIVE NUMBERS.
R  INDICATES RECORD WAS SET OR TIED.
MM INDICATES DATA IS MISSING.
T  INDICATES TRACE AMOUNT.




$$
