199
CDUS41 KBUF 171036
CLIROC


CLIMATE REPORT
NATIONAL WEATHER SERVICE BUFFALO NY
635 AM EDT SAT JUN 17 2017


...................................

...THE ROCHESTER NY CLIMATE SUMMARY FOR JUNE 16 2017...

CLIMATE NORMAL PERIOD 1981 TO 2010
CLIMATE RECORD PERIOD 1871 TO 2017


WEATHER ITEM   OBSERVED TIME   RECORD YEAR NORMAL DEPARTURE LAST
                VALUE   (LST)  VALUE       VALUE  FROM      YEAR
                                                  NORMAL
..................................................................
TEMPERATURE (F)
 YESTERDAY
  MAXIMUM         87    136 PM  95    1994  77     10       80
  MINIMUM         67    418 AM  41    1999  56     11       63
  AVERAGE         77                        67     10       72

PRECIPITATION (IN)
  YESTERDAY        0.00          1.48 1989   0.11  -0.11      T
  MONTH TO DATE    1.83                      1.72   0.11     0.75
  SINCE JUN 1      1.83                      1.72   0.11     0.75
  SINCE JAN 1     21.81                     14.18   7.63    12.36

SNOWFALL (IN)
  YESTERDAY        0.0           0.0    MM   0.0    0.0      0.0
  MONTH TO DATE    0.0                       0.0    0.0      0.0
  SINCE JUN 1      0.0                       0.0    0.0      0.0
  SINCE JUL 1    107.1                      99.5    7.6     63.7
  SNOW DEPTH       0

DEGREE DAYS
 HEATING
  YESTERDAY        0                         2     -2        0
  MONTH TO DATE   41                        52    -11       46
  SINCE JUN 1     41                        52    -11       46
  SINCE JUL 1   5573                      6630  -1057     5654

 COOLING
  YESTERDAY       12                         3      9        7
  MONTH TO DATE   57                        40     17       33
  SINCE JUN 1     57                        40     17       33
  SINCE JAN 1     99                        70     29       95
..................................................................


WIND (MPH)
  HIGHEST WIND SPEED    14   HIGHEST WIND DIRECTION     W (290)
  HIGHEST GUST SPEED    20   HIGHEST GUST DIRECTION    NW (320)
  AVERAGE WIND SPEED     5.8


SKY COVER
  AVERAGE SKY COVER 0.7


WEATHER CONDITIONS
 THE FOLLOWING WEATHER WAS RECORDED YESTERDAY.
  NO SIGNIFICANT WEATHER WAS OBSERVED.


RELATIVE HUMIDITY (PERCENT)
 HIGHEST    93           400 AM
 LOWEST     42           500 PM
 AVERAGE    68

..........................................................


THE ROCHESTER NY CLIMATE NORMALS FOR TODAY
                         NORMAL    RECORD    YEAR
 MAXIMUM TEMPERATURE (F)   77        94      1994
 MINIMUM TEMPERATURE (F)   57        41      1980


SUNRISE AND SUNSET
JUNE 17 2017..........SUNRISE   531 AM EDT   SUNSET   853 PM EDT
JUNE 18 2017..........SUNRISE   531 AM EDT   SUNSET   853 PM EDT


-  INDICATES NEGATIVE NUMBERS.
R  INDICATES RECORD WAS SET OR TIED.
MM INDICATES DATA IS MISSING.
T  INDICATES TRACE AMOUNT.




$$
