000
CDUS41 KBUF 180705
CLIROC


CLIMATE REPORT
NATIONAL WEATHER SERVICE BUFFALO NY
305 AM EDT SAT MAR 18 2017


...................................

...THE ROCHESTER NY CLIMATE SUMMARY FOR MARCH 17 2017...

CLIMATE NORMAL PERIOD 1981 TO 2010
CLIMATE RECORD PERIOD 1871 TO 2017


WEATHER ITEM   OBSERVED TIME   RECORD YEAR NORMAL DEPARTURE LAST
                VALUE   (LST)  VALUE       VALUE  FROM      YEAR
                                                  NORMAL
..................................................................
TEMPERATURE (F)
 YESTERDAY
  MAXIMUM         42    454 PM  76    1927  43     -1       57
  MINIMUM         18    656 AM   0    1885  26     -8       39
  AVERAGE         30                        34     -4       48

PRECIPITATION (IN)
  YESTERDAY        0.00          1.18 1973   0.08  -0.08     0.03
  MONTH TO DATE    2.39                      1.33   1.06     0.95
  SINCE MAR 1      2.39                      1.33   1.06     0.95
  SINCE JAN 1      7.47                      5.69   1.78     6.25

SNOWFALL (IN)
  YESTERDAY        0.0          10.4  1974   0.5   -0.5      0.0
  MONTH TO DATE   31.3                      11.0   20.3      2.2
  SINCE MAR 1     31.3                      11.0   20.3      2.2
  SINCE JUL 1    102.9                      89.9   13.0     53.9
  SNOW DEPTH      13

DEGREE DAYS
 HEATING
  YESTERDAY       35                        31      4       17
  MONTH TO DATE  618                       566     52      414
  SINCE MAR 1    618                       566     52      414
  SINCE JUL 1   4486                      5352   -866     4331

 COOLING
  YESTERDAY        0                         0      0        0
  MONTH TO DATE    0                         0      0        0
  SINCE MAR 1      0                         0      0        0
  SINCE JAN 1      0                         0      0        0
..................................................................


WIND (MPH)
  HIGHEST WIND SPEED    13   HIGHEST WIND DIRECTION     W (270)
  HIGHEST GUST SPEED    17   HIGHEST GUST DIRECTION     W (270)
  AVERAGE WIND SPEED     7.9


SKY COVER
  AVERAGE SKY COVER 0.3


WEATHER CONDITIONS
 THE FOLLOWING WEATHER WAS RECORDED YESTERDAY.
  NO SIGNIFICANT WEATHER WAS OBSERVED.


RELATIVE HUMIDITY (PERCENT)
 HIGHEST    80           700 AM
 LOWEST     30           200 PM
 AVERAGE    55

..........................................................


THE ROCHESTER NY CLIMATE NORMALS FOR TODAY
                         NORMAL    RECORD    YEAR
 MAXIMUM TEMPERATURE (F)   43        78      2012
 MINIMUM TEMPERATURE (F)   26        -3      1916


SUNRISE AND SUNSET
MARCH 18 2017.........SUNRISE   717 AM EDT   SUNSET   721 PM EDT
MARCH 19 2017.........SUNRISE   715 AM EDT   SUNSET   722 PM EDT


-  INDICATES NEGATIVE NUMBERS.
R  INDICATES RECORD WAS SET OR TIED.
MM INDICATES DATA IS MISSING.
T  INDICATES TRACE AMOUNT.




$$
