000
CDUS41 KBUF 171010
CLIROC


CLIMATE REPORT
NATIONAL WEATHER SERVICE BUFFALO NY
610 AM EDT WED MAY 17 2017


...................................

...THE ROCHESTER NY CLIMATE SUMMARY FOR MAY 16 2017...

CLIMATE NORMAL PERIOD 1981 TO 2010
CLIMATE RECORD PERIOD 1871 TO 2017


WEATHER ITEM   OBSERVED TIME   RECORD YEAR NORMAL DEPARTURE LAST
                VALUE   (LST)  VALUE       VALUE  FROM      YEAR
                                                  NORMAL
..................................................................
TEMPERATURE (F)
 YESTERDAY
  MAXIMUM         69    631 PM  90    1962  68      1       62
  MINIMUM         46    510 AM  30    1959  46      0       36
  AVERAGE         58                        57      1       49

PRECIPITATION (IN)
  YESTERDAY        0.01          3.45 1974   0.09  -0.08     0.05
  MONTH TO DATE    3.33                      1.43   1.90     1.34
  SINCE MAR 1     12.94                      6.66   6.28     4.72
  SINCE JAN 1     18.02                     11.02   7.00    10.02

SNOWFALL (IN)
  YESTERDAY        0.0           0.1  1884   0.0    0.0      0.0
  MONTH TO DATE    0.0                       0.3   -0.3       T
  SINCE MAR 1     35.5                      20.5   15.0     12.0
  SINCE JUL 1    107.1                      99.4    7.7     63.7
  SNOW DEPTH       0

DEGREE DAYS
 HEATING
  YESTERDAY        7                         9     -2       16
  MONTH TO DATE  227                       175     52      203
  SINCE MAR 1   1626                      1692    -66     1639
  SINCE JUL 1   5494                      6478   -984     5556

 COOLING
  YESTERDAY        0                         1     -1        0
  MONTH TO DATE    0                         7     -7        0
  SINCE MAR 1     14                        11      3        0
  SINCE JAN 1     14                        11      3        0
..................................................................


WIND (MPH)
  HIGHEST WIND SPEED    12   HIGHEST WIND DIRECTION     S (190)
  HIGHEST GUST SPEED    21   HIGHEST GUST DIRECTION    SW (220)
  AVERAGE WIND SPEED     5.9


SKY COVER
  AVERAGE SKY COVER 0.7


WEATHER CONDITIONS
 THE FOLLOWING WEATHER WAS RECORDED YESTERDAY.
  LIGHT RAIN


RELATIVE HUMIDITY (PERCENT)
 HIGHEST    82           300 AM
 LOWEST     40           600 PM
 AVERAGE    61

..........................................................


THE ROCHESTER NY CLIMATE NORMALS FOR TODAY
                         NORMAL    RECORD    YEAR
 MAXIMUM TEMPERATURE (F)   68        90      1962
 MINIMUM TEMPERATURE (F)   47        29      1956


SUNRISE AND SUNSET
MAY 17 2017...........SUNRISE   545 AM EDT   SUNSET   830 PM EDT
MAY 18 2017...........SUNRISE   544 AM EDT   SUNSET   831 PM EDT


-  INDICATES NEGATIVE NUMBERS.
R  INDICATES RECORD WAS SET OR TIED.
MM INDICATES DATA IS MISSING.
T  INDICATES TRACE AMOUNT.




$$
