000
CDUS41 KBUF 192034
CLIROC


CLIMATE REPORT
NATIONAL WEATHER SERVICE BUFFALO NY
433 PM EDT SAT JUL 19 2014


...................................

...THE ROCHESTER NY CLIMATE SUMMARY FOR JULY 19 2014...
VALID TODAY AS OF 0400 PM LOCAL TIME.

CLIMATE NORMAL PERIOD 1981 TO 2010
CLIMATE RECORD PERIOD 1871 TO 2014


WEATHER ITEM   OBSERVED TIME   RECORD YEAR NORMAL DEPARTURE LAST
                VALUE   (LST)  VALUE       VALUE  FROM      YEAR
                                                  NORMAL
..................................................................
TEMPERATURE (F)
 TODAY
  MAXIMUM         76   1111 AM  95    1978  81     -5       93
  MINIMUM         58    303 AM  50    1956  61     -3       70
  AVERAGE         67                        71     -4       82

PRECIPITATION (IN)
  TODAY            T             1.30 1951   0.11  -0.11     0.59
  MONTH TO DATE    3.24                      1.99   1.25     3.81
  SINCE JUN 1      5.30                      5.33  -0.03    10.08
  SINCE JAN 1     18.30                     17.79   0.51    21.91

SNOWFALL (IN)
  TODAY            0.0           0.0    MM   0.0    0.0      0.0
  MONTH TO DATE    0.0                       0.0    0.0      0.0
  SINCE JUN 1      0.0                       0.0    0.0      0.0
  SINCE JUL 1      0.0                       0.0    0.0      0.0
  SNOW DEPTH       0

DEGREE DAYS
 HEATING
  TODAY            0                         0      0        0
  MONTH TO DATE    1                         6     -5        0
  SINCE JUN 1     30                        74    -44       58
  SINCE JUL 1      1                         6     -5        0

 COOLING
  TODAY            2                         6     -4       17
  MONTH TO DATE   94                       114    -20      219
  SINCE JUN 1    244                       220     24      326
  SINCE JAN 1    283                       250     33      397
..................................................................


WIND (MPH)
  HIGHEST WIND SPEED    12   HIGHEST WIND DIRECTION    SW (220)
  HIGHEST GUST SPEED    15   HIGHEST GUST DIRECTION    SW (220)
  AVERAGE WIND SPEED     2.5


SKY COVER
  AVERAGE SKY COVER 0.8


WEATHER CONDITIONS
 THE FOLLOWING WEATHER WAS RECORDED TODAY.
  LIGHT RAIN


RELATIVE HUMIDITY (PERCENT)
 HIGHEST    93           300 AM
 LOWEST     54          1100 AM
 AVERAGE    74

..........................................................


THE ROCHESTER NY CLIMATE NORMALS FOR TOMORROW
                         NORMAL    RECORD    YEAR
 MAXIMUM TEMPERATURE (F)   81        99      1894
 MINIMUM TEMPERATURE (F)   61        46      1965


SUNRISE AND SUNSET
JULY 19 2014..........SUNRISE   548 AM EDT   SUNSET   845 PM EDT
JULY 20 2014..........SUNRISE   549 AM EDT   SUNSET   844 PM EDT


-  INDICATES NEGATIVE NUMBERS.
R  INDICATES RECORD WAS SET OR TIED.
MM INDICATES DATA IS MISSING.
T  INDICATES TRACE AMOUNT.




$$
