000
CDUS41 KBUF 240705
CLIROC


CLIMATE REPORT
NATIONAL WEATHER SERVICE BUFFALO NY
305 AM EDT SUN AUG 24 2014


...................................

...THE ROCHESTER NY CLIMATE SUMMARY FOR AUGUST 23 2014...

CLIMATE NORMAL PERIOD 1981 TO 2010
CLIMATE RECORD PERIOD 1871 TO 2014


WEATHER ITEM   OBSERVED TIME   RECORD YEAR NORMAL DEPARTURE LAST
                VALUE   (LST)  VALUE       VALUE  FROM      YEAR
                                                  NORMAL
..................................................................
TEMPERATURE (F)
 YESTERDAY
  MAXIMUM         78    220 PM  92    1918  78      0       74
  MINIMUM         64   1159 PM  44    1923  59      5       56
  AVERAGE         71                        69      2       65

PRECIPITATION (IN)
  YESTERDAY        0.00          1.64 1930   0.10  -0.10     0.00
  MONTH TO DATE    2.12                      2.63  -0.51     1.96
  SINCE JUN 1     11.88                      9.30   2.58    12.64
  SINCE JAN 1     24.88                     21.76   3.12    24.47

SNOWFALL (IN)
  YESTERDAY        0.0           0.0    MM   0.0    0.0      0.0
  MONTH TO DATE    0.0                       0.0    0.0      0.0
  SINCE JUN 1      0.0                       0.0    0.0      0.0
  SINCE JUL 1      0.0                       0.0    0.0      0.0
  SNOW DEPTH       0

DEGREE DAYS
 HEATING
  YESTERDAY        0                         1     -1        0
  MONTH TO DATE   14                        13      1        9
  SINCE JUN 1     50                        93    -43       75
  SINCE JUL 1     21                        25     -4       17

 COOLING
  YESTERDAY        6                         4      2        0
  MONTH TO DATE   85                       125    -40       89
  SINCE JUN 1    385                       424    -39      457
  SINCE JAN 1    424                       454    -30      528
..................................................................


WIND (MPH)
  HIGHEST WIND SPEED    15   HIGHEST WIND DIRECTION     E (100)
  HIGHEST GUST SPEED    18   HIGHEST GUST DIRECTION     E (100)
  AVERAGE WIND SPEED     6.9


SKY COVER
  AVERAGE SKY COVER 0.8


WEATHER CONDITIONS
 THE FOLLOWING WEATHER WAS RECORDED YESTERDAY.
  FOG


RELATIVE HUMIDITY (PERCENT)
 HIGHEST   100           500 AM
 LOWEST     68           500 PM
 AVERAGE    84

..........................................................


THE ROCHESTER NY CLIMATE NORMALS FOR TODAY
                         NORMAL    RECORD    YEAR
 MAXIMUM TEMPERATURE (F)   78        94      1947
 MINIMUM TEMPERATURE (F)   59        42      1971


SUNRISE AND SUNSET
AUGUST 24 2014........SUNRISE   626 AM EDT   SUNSET   759 PM EDT
AUGUST 25 2014........SUNRISE   627 AM EDT   SUNSET   757 PM EDT


-  INDICATES NEGATIVE NUMBERS.
R  INDICATES RECORD WAS SET OR TIED.
MM INDICATES DATA IS MISSING.
T  INDICATES TRACE AMOUNT.




$$
