000
CDUS41 KBUF 302029
CLIROC


CLIMATE REPORT
NATIONAL WEATHER SERVICE BUFFALO NY
428 PM EDT SUN AUG 30 2015


...................................

...THE ROCHESTER NY CLIMATE SUMMARY FOR AUGUST 30 2015...
VALID TODAY AS OF 0400 PM LOCAL TIME.

CLIMATE NORMAL PERIOD 1981 TO 2010
CLIMATE RECORD PERIOD 1871 TO 2015


WEATHER ITEM   OBSERVED TIME   RECORD YEAR NORMAL DEPARTURE LAST
                VALUE   (LST)  VALUE       VALUE  FROM      YEAR
                                                  NORMAL
..................................................................
TEMPERATURE (F)
 TODAY
  MAXIMUM         82    204 PM  96    1953  77      5       87
                                      1881
  MINIMUM         66    537 AM  36    1965  57      9       57
  AVERAGE         74                        67      7       72

PRECIPITATION (IN)
  TODAY            0.00          3.34 1886   0.10  -0.10     0.00
  MONTH TO DATE    4.67                      3.36   1.31     2.14
  SINCE JUN 1     14.43                     10.03   4.40    11.90
  SINCE JAN 1     26.13                     22.49   3.64    24.90

SNOWFALL (IN)
  TODAY            0.0           0.0    MM   0.0    0.0      0.0
  MONTH TO DATE    0.0                       0.0    0.0      0.0
  SINCE JUN 1      0.0                       0.0    0.0      0.0
  SINCE JUL 1      0.0                       0.0    0.0      0.0
  SNOW DEPTH       0

DEGREE DAYS
 HEATING
  TODAY            0                         1     -1        0
  MONTH TO DATE    8                        20    -12       18
  SINCE JUN 1     76                       100    -24       54
  SINCE JUL 1     19                        32    -13       25

 COOLING
  TODAY            9                         4      5        7
  MONTH TO DATE  148                       153     -5      117
  SINCE JUN 1    442                       452    -10      417
  SINCE JAN 1    545                       482     63      456
..................................................................


WIND (MPH)
  HIGHEST WIND SPEED    12   HIGHEST WIND DIRECTION     N (10)
  HIGHEST GUST SPEED    15   HIGHEST GUST DIRECTION     N (340)
  AVERAGE WIND SPEED     4.2


SKY COVER
  AVERAGE SKY COVER 0.8


WEATHER CONDITIONS
 THE FOLLOWING WEATHER WAS RECORDED TODAY.
  NO SIGNIFICANT WEATHER WAS OBSERVED.


RELATIVE HUMIDITY (PERCENT)
 HIGHEST    87           400 AM
 LOWEST     51           200 PM
 AVERAGE    69

..........................................................


THE ROCHESTER NY CLIMATE NORMALS FOR TOMORROW
                         NORMAL    RECORD    YEAR
 MAXIMUM TEMPERATURE (F)   77        96      1881
 MINIMUM TEMPERATURE (F)   57        43      1976


SUNRISE AND SUNSET
AUGUST 30 2015........SUNRISE   632 AM EDT   SUNSET   749 PM EDT
AUGUST 31 2015........SUNRISE   634 AM EDT   SUNSET   748 PM EDT


-  INDICATES NEGATIVE NUMBERS.
R  INDICATES RECORD WAS SET OR TIED.
MM INDICATES DATA IS MISSING.
T  INDICATES TRACE AMOUNT.

$$
