000
CDUS41 KBUF 221016
CLIROC


CLIMATE REPORT
NATIONAL WEATHER SERVICE BUFFALO NY
515 AM EST MON DEC 22 2014


...................................

...THE ROCHESTER NY CLIMATE SUMMARY FOR DECEMBER 21 2014...

CLIMATE NORMAL PERIOD 1981 TO 2010
CLIMATE RECORD PERIOD 1871 TO 2014


WEATHER ITEM   OBSERVED TIME   RECORD YEAR NORMAL DEPARTURE LAST
                VALUE   (LST)  VALUE       VALUE  FROM      YEAR
                                                  NORMAL
..................................................................
TEMPERATURE (F)
 YESTERDAY
  MAXIMUM         37    134 PM  62    1895  35      2       54
  MINIMUM         26    842 AM  -4    1879  22      4       32
  AVERAGE         32                        28      4       43

PRECIPITATION (IN)
  YESTERDAY        0.00          1.03 1905   0.08  -0.08     0.71
  MONTH TO DATE    1.87                      1.82   0.05     2.20
  SINCE DEC 1      1.87                      1.82   0.05     2.20
  SINCE JAN 1     32.53                     33.46  -0.93    35.95

SNOWFALL (IN)
  YESTERDAY        0.0           6.4  2008   0.8   -0.8      0.0
  MONTH TO DATE   12.0                      13.8   -1.8     18.0
  SINCE DEC 1     12.0                      13.8   -1.8     18.0
  SINCE JUL 1     21.1                      21.2   -0.1     31.5
  SNOW DEPTH       0

DEGREE DAYS
 HEATING
  YESTERDAY       33                        37     -4       22
  MONTH TO DATE  662                       706    -44      754
  SINCE DEC 1    662                       706    -44      754
  SINCE JUL 1   1942                      2074   -132     2126

 COOLING
  YESTERDAY        0                         0      0        0
  MONTH TO DATE    0                         0      0        0
  SINCE DEC 1      0                         0      0        0
  SINCE JAN 1    542                       539      3      660
..................................................................


WIND (MPH)
  HIGHEST WIND SPEED     9   HIGHEST WIND DIRECTION    SE (140)
  HIGHEST GUST SPEED    11   HIGHEST GUST DIRECTION     W (290)
  AVERAGE WIND SPEED     3.9


SKY COVER
  AVERAGE SKY COVER 0.9


WEATHER CONDITIONS
 THE FOLLOWING WEATHER WAS RECORDED YESTERDAY.
  NO SIGNIFICANT WEATHER WAS OBSERVED.


RELATIVE HUMIDITY (PERCENT)
 HIGHEST    85           200 AM
 LOWEST     56           200 PM
 AVERAGE    71

..........................................................


THE ROCHESTER NY CLIMATE NORMALS FOR TODAY
                         NORMAL    RECORD    YEAR
 MAXIMUM TEMPERATURE (F)   35        69      1949
 MINIMUM TEMPERATURE (F)   22        -9      1872


SUNRISE AND SUNSET
DECEMBER 22 2014......SUNRISE   740 AM EST   SUNSET   439 PM EST
DECEMBER 23 2014......SUNRISE   740 AM EST   SUNSET   440 PM EST


-  INDICATES NEGATIVE NUMBERS.
R  INDICATES RECORD WAS SET OR TIED.
MM INDICATES DATA IS MISSING.
T  INDICATES TRACE AMOUNT.




$$
