000
CDUS41 KBUF 071023
CLIROC


CLIMATE REPORT
NATIONAL WEATHER SERVICE BUFFALO NY
522 AM EST SAT JAN 7 2017


...................................

...THE ROCHESTER NY CLIMATE SUMMARY FOR JANUARY 6 2017...

CLIMATE NORMAL PERIOD 1981 TO 2010
CLIMATE RECORD PERIOD 1871 TO 2017


WEATHER ITEM   OBSERVED TIME   RECORD YEAR NORMAL DEPARTURE LAST
                VALUE   (LST)  VALUE       VALUE  FROM      YEAR
                                                  NORMAL
..................................................................
TEMPERATURE (F)
 YESTERDAY
  MAXIMUM         20    325 PM  60    1946  32    -12       39
                                      1890
  MINIMUM          7    727 AM -10    1896  18    -11       20
  AVERAGE         14                        25    -11       30

PRECIPITATION (IN)
  YESTERDAY        T             1.37 1874   0.08  -0.08     0.00
  MONTH TO DATE    0.59                      0.49   0.10     0.08
  SINCE DEC 1      3.50                      3.12   0.38     2.81
  SINCE JAN 1      0.59                      0.49   0.10     0.08

SNOWFALL (IN)
  YESTERDAY        T             6.5  1881   0.9   -0.9      0.0
  MONTH TO DATE    1.1                       5.2   -4.1      2.1
  SINCE DEC 1     30.4                      27.0    3.4      4.4
  SINCE JUL 1     46.3                      34.4   11.9      5.6
  SNOW DEPTH       1

DEGREE DAYS
 HEATING
  YESTERDAY       51                        40     11       35
  MONTH TO DATE  221                       236    -15      242
  SINCE DEC 1   1256                      1321    -65      941
  SINCE JUL 1   2234                      2689   -455     1981

 COOLING
  YESTERDAY        0                         0      0        0
  MONTH TO DATE    0                         0      0        0
  SINCE DEC 1      0                         0      0        0
  SINCE JAN 1      0                         0      0        0
..................................................................


WIND (MPH)
  HIGHEST WIND SPEED    20   HIGHEST WIND DIRECTION     W (250)
  HIGHEST GUST SPEED    25   HIGHEST GUST DIRECTION     W (260)
  AVERAGE WIND SPEED    10.2


SKY COVER
  AVERAGE SKY COVER 0.3


WEATHER CONDITIONS
 THE FOLLOWING WEATHER WAS RECORDED YESTERDAY.
  LIGHT SNOW


RELATIVE HUMIDITY (PERCENT)
 HIGHEST    80           600 AM
 LOWEST     45           100 PM
 AVERAGE    63

..........................................................


THE ROCHESTER NY CLIMATE NORMALS FOR TODAY
                         NORMAL    RECORD    YEAR
 MAXIMUM TEMPERATURE (F)   32        62      2008
 MINIMUM TEMPERATURE (F)   18        -7      1942


SUNRISE AND SUNSET
JANUARY  7 2017.......SUNRISE   742 AM EST   SUNSET   452 PM EST
JANUARY  8 2017.......SUNRISE   742 AM EST   SUNSET   453 PM EST


-  INDICATES NEGATIVE NUMBERS.
R  INDICATES RECORD WAS SET OR TIED.
MM INDICATES DATA IS MISSING.
T  INDICATES TRACE AMOUNT.




$$
