000
CDUS41 KBUF 170705
CLIROC


CLIMATE REPORT
NATIONAL WEATHER SERVICE BUFFALO NY
205 AM EST SAT FEB 17 2018


...................................

...THE ROCHESTER NY CLIMATE SUMMARY FOR FEBRUARY 16 2018...

CLIMATE NORMAL PERIOD 1981 TO 2010
CLIMATE RECORD PERIOD 1871 TO 2018


WEATHER ITEM   OBSERVED TIME   RECORD YEAR NORMAL DEPARTURE LAST
                VALUE   (LST)  VALUE       VALUE  FROM      YEAR
                                                  NORMAL
..................................................................
TEMPERATURE (F)
 YESTERDAY
  MAXIMUM         47   1227 AM  61    1921  34     13       26
  MINIMUM         22   1159 PM  -7    2015  19      3       20
                                      2004
  AVERAGE         35                        26      9       23

PRECIPITATION (IN)
  YESTERDAY        0.02          1.47 2016   0.07  -0.05     0.04
  MONTH TO DATE    1.08                      1.07   0.01     1.60
  SINCE DEC 1      6.43                      6.11   0.32     7.26
  SINCE JAN 1      4.19                      3.48   0.71     4.35

SNOWFALL (IN)
  YESTERDAY       MM            18.3  2016   0.7   MM        0.8
  MONTH TO DATE   15.0                      12.3    2.7     14.3
  SINCE DEC 1     82.6                      62.3   20.3     55.4
  SINCE JUL 1     85.2                      69.7   15.5     71.3
  SNOW DEPTH       0

DEGREE DAYS
 HEATING
  YESTERDAY       30                        39     -9       42
  MONTH TO DATE  602                       635    -33      570
  SINCE DEC 1   3037                      2971     66     2641
  SINCE JUL 1   4128                      4339   -211     3619

 COOLING
  YESTERDAY        0                         0      0        0
  MONTH TO DATE    0                         0      0        0
  SINCE DEC 1      0                         0      0        0
  SINCE JAN 1      0                         0      0        0
..................................................................


WIND (MPH)
  HIGHEST WIND SPEED    26   HIGHEST WIND DIRECTION    NW (310)
  HIGHEST GUST SPEED    37   HIGHEST GUST DIRECTION    NW (320)
  AVERAGE WIND SPEED    10.3


SKY COVER
  AVERAGE SKY COVER 0.7


WEATHER CONDITIONS
 THE FOLLOWING WEATHER WAS RECORDED YESTERDAY.
  RAIN
  LIGHT RAIN
  LIGHT SNOW
  FOG


RELATIVE HUMIDITY (PERCENT)
 HIGHEST   100           400 AM
 LOWEST     57          1000 PM
 AVERAGE    79

..........................................................


THE ROCHESTER NY CLIMATE NORMALS FOR TODAY
                         NORMAL    RECORD    YEAR
 MAXIMUM TEMPERATURE (F)   34        60      2006
 MINIMUM TEMPERATURE (F)   19       -17      1979


SUNRISE AND SUNSET
FEBRUARY 17 2018......SUNRISE   705 AM EST   SUNSET   544 PM EST
FEBRUARY 18 2018......SUNRISE   704 AM EST   SUNSET   546 PM EST


-  INDICATES NEGATIVE NUMBERS.
R  INDICATES RECORD WAS SET OR TIED.
MM INDICATES DATA IS MISSING.
T  INDICATES TRACE AMOUNT.




$$
