000
CDUS41 KBUF 190705
CLIROC


CLIMATE REPORT
NATIONAL WEATHER SERVICE BUFFALO NY
305 AM EDT SUN MAR 19 2017


...................................

...THE ROCHESTER NY CLIMATE SUMMARY FOR MARCH 18 2017...

CLIMATE NORMAL PERIOD 1981 TO 2010
CLIMATE RECORD PERIOD 1871 TO 2017


WEATHER ITEM   OBSERVED TIME   RECORD YEAR NORMAL DEPARTURE LAST
                VALUE   (LST)  VALUE       VALUE  FROM      YEAR
                                                  NORMAL
..................................................................
TEMPERATURE (F)
 YESTERDAY
  MAXIMUM         35    546 PM  78    2012  43     -8       42
  MINIMUM         25    104 AM  -3    1916  26     -1       31
  AVERAGE         30                        35     -5       37

PRECIPITATION (IN)
  YESTERDAY        0.08          0.98 1928   0.08   0.00     0.02
  MONTH TO DATE    2.47                      1.41   1.06     0.97
  SINCE MAR 1      2.47                      1.41   1.06     0.97
  SINCE JAN 1      7.55                      5.77   1.78     6.27

SNOWFALL (IN)
  YESTERDAY       MM             8.0  1928   0.5   MM         T
  MONTH TO DATE   31.3                      11.5   19.8      2.2
  SINCE MAR 1     31.3                      11.5   19.8      2.2
  SINCE JUL 1    102.9                      90.4   12.5     53.9
  SNOW DEPTH       0

DEGREE DAYS
 HEATING
  YESTERDAY       35                        30      5       28
  MONTH TO DATE  653                       596     57      442
  SINCE MAR 1    653                       596     57      442
  SINCE JUL 1   4521                      5382   -861     4359

 COOLING
  YESTERDAY        0                         0      0        0
  MONTH TO DATE    0                         0      0        0
  SINCE MAR 1      0                         0      0        0
  SINCE JAN 1      0                         0      0        0
..................................................................


WIND (MPH)
  HIGHEST WIND SPEED    18   HIGHEST WIND DIRECTION    SE (130)
  HIGHEST GUST SPEED    22   HIGHEST GUST DIRECTION    SE (140)
  AVERAGE WIND SPEED     9.1


SKY COVER
  AVERAGE SKY COVER 0.9


WEATHER CONDITIONS
 THE FOLLOWING WEATHER WAS RECORDED YESTERDAY.
  LIGHT SNOW
  FOG
  HAZE


RELATIVE HUMIDITY (PERCENT)
 HIGHEST    89          1200 PM
 LOWEST     53          1200 AM
 AVERAGE    71

..........................................................


THE ROCHESTER NY CLIMATE NORMALS FOR TODAY
                         NORMAL    RECORD    YEAR
 MAXIMUM TEMPERATURE (F)   44        77      1903
 MINIMUM TEMPERATURE (F)   27        -4      1993


SUNRISE AND SUNSET
MARCH 19 2017.........SUNRISE   715 AM EDT   SUNSET   722 PM EDT
MARCH 20 2017.........SUNRISE   713 AM EDT   SUNSET   723 PM EDT


-  INDICATES NEGATIVE NUMBERS.
R  INDICATES RECORD WAS SET OR TIED.
MM INDICATES DATA IS MISSING.
T  INDICATES TRACE AMOUNT.




$$
