000
CDUS41 KBUF 081016
CLIROC


CLIMATE REPORT
NATIONAL WEATHER SERVICE BUFFALO NY
615 AM EDT MON SEP 8 2014


...................................

...THE ROCHESTER NY CLIMATE SUMMARY FOR SEPTEMBER 7 2014...

CLIMATE NORMAL PERIOD 1981 TO 2010
CLIMATE RECORD PERIOD 1871 TO 2014


WEATHER ITEM   OBSERVED TIME   RECORD YEAR NORMAL DEPARTURE LAST
                VALUE   (LST)  VALUE       VALUE  FROM      YEAR
                                                  NORMAL
..................................................................
TEMPERATURE (F)
 YESTERDAY
  MAXIMUM         72    410 PM  95    2007  75     -3       66
                                      1960
                                      1881
  MINIMUM         49    542 AM  43    1986  55     -6       53
                                      1962
                                      1888
  AVERAGE         61                        65     -4       60

PRECIPITATION (IN)
  YESTERDAY        0.00          1.12 1990   0.10  -0.10     0.09
  MONTH TO DATE    0.25                      0.76  -0.51     0.61
  SINCE SEP 1      0.25                      0.76  -0.51     0.61
  SINCE JAN 1     25.28                     23.36   1.92    25.82

SNOWFALL (IN)
  YESTERDAY        0.0           0.0    MM   0.0    0.0      0.0
  MONTH TO DATE    0.0                       0.0    0.0      0.0
  SINCE SEP 1      0.0                       0.0    0.0      0.0
  SINCE JUL 1      0.0                       0.0    0.0      0.0
  SNOW DEPTH       0

DEGREE DAYS
 HEATING
  YESTERDAY        4                         3      1        5
  MONTH TO DATE    6                        15     -9       22
  SINCE SEP 1      6                        15     -9       22
  SINCE JUL 1     31                        49    -18       40

 COOLING
  YESTERDAY        0                         3     -3        0
  MONTH TO DATE   51                        21     30       19
  SINCE SEP 1     51                        21     30       19
  SINCE JAN 1    515                       505     10      610
..................................................................


WIND (MPH)
  HIGHEST WIND SPEED    13   HIGHEST WIND DIRECTION    NW (330)
  HIGHEST GUST SPEED    16   HIGHEST GUST DIRECTION    NW (310)
  AVERAGE WIND SPEED     4.6


SKY COVER
  AVERAGE SKY COVER 0.1


WEATHER CONDITIONS
 THE FOLLOWING WEATHER WAS RECORDED YESTERDAY.
  NO SIGNIFICANT WEATHER WAS OBSERVED.


RELATIVE HUMIDITY (PERCENT)
 HIGHEST    93           500 AM
 LOWEST     47          1200 PM
 AVERAGE    70

..........................................................


THE ROCHESTER NY CLIMATE NORMALS FOR TODAY
                         NORMAL    RECORD    YEAR
 MAXIMUM TEMPERATURE (F)   75        94      1959
 MINIMUM TEMPERATURE (F)   55        37      1986


SUNRISE AND SUNSET
SEPTEMBER  8 2014.....SUNRISE   643 AM EDT   SUNSET   733 PM EDT
SEPTEMBER  9 2014.....SUNRISE   644 AM EDT   SUNSET   731 PM EDT


-  INDICATES NEGATIVE NUMBERS.
R  INDICATES RECORD WAS SET OR TIED.
MM INDICATES DATA IS MISSING.
T  INDICATES TRACE AMOUNT.

$$
