000
CDUS41 KBUF 150705
CLIROC


CLIMATE REPORT
NATIONAL WEATHER SERVICE BUFFALO NY
205 AM EST WED FEB 15 2017


...................................

...THE ROCHESTER NY CLIMATE SUMMARY FOR FEBRUARY 14 2017...

CLIMATE NORMAL PERIOD 1981 TO 2010
CLIMATE RECORD PERIOD 1871 TO 2017


WEATHER ITEM   OBSERVED TIME   RECORD YEAR NORMAL DEPARTURE LAST
                VALUE   (LST)  VALUE       VALUE  FROM      YEAR
                                                  NORMAL
..................................................................
TEMPERATURE (F)
 YESTERDAY
  MAXIMUM         44    334 PM  56    1984  34     10        8
  MINIMUM         16    441 AM -14    1979  18     -2      -12
  AVERAGE         30                        26      4       -2

PRECIPITATION (IN)
  YESTERDAY        T             1.75 1950   0.07  -0.07      T
  MONTH TO DATE    1.54                      0.93   0.61     1.03
  SINCE DEC 1      7.20                      5.97   1.23     5.28
  SINCE JAN 1      4.29                      3.34   0.95     2.55

SNOWFALL (IN)
  YESTERDAY       MM            18.4  1960   0.7   MM         T
  MONTH TO DATE   13.2                      10.8    2.4      6.9
  SINCE DEC 1     54.3                      60.8   -6.5     29.4
  SINCE JUL 1     70.2                      68.2    2.0     30.6
  SNOW DEPTH       4

DEGREE DAYS
 HEATING
  YESTERDAY       35                        39     -4       67
  MONTH TO DATE  496                       557    -61      501
  SINCE DEC 1   2567                      2893   -326     2359
  SINCE JUL 1   3545                      4261   -716     3399

 COOLING
  YESTERDAY        0                         0      0        0
  MONTH TO DATE    0                         0      0        0
  SINCE DEC 1      0                         0      0        0
  SINCE JAN 1      0                         0      0        0
..................................................................


WIND (MPH)
  HIGHEST WIND SPEED    22   HIGHEST WIND DIRECTION     W (250)
  HIGHEST GUST SPEED    30   HIGHEST GUST DIRECTION     W (270)
  AVERAGE WIND SPEED     8.5


SKY COVER
  AVERAGE SKY COVER 0.6


WEATHER CONDITIONS
 THE FOLLOWING WEATHER WAS RECORDED YESTERDAY.
  LIGHT RAIN
  SNOW
  FOG


RELATIVE HUMIDITY (PERCENT)
 HIGHEST    92           500 AM
 LOWEST     49           300 PM
 AVERAGE    71

..........................................................


THE ROCHESTER NY CLIMATE NORMALS FOR TODAY
                         NORMAL    RECORD    YEAR
 MAXIMUM TEMPERATURE (F)   34        61      1949
 MINIMUM TEMPERATURE (F)   18       -14      1943


SUNRISE AND SUNSET
FEBRUARY 15 2017......SUNRISE   708 AM EST   SUNSET   542 PM EST
FEBRUARY 16 2017......SUNRISE   706 AM EST   SUNSET   543 PM EST


-  INDICATES NEGATIVE NUMBERS.
R  INDICATES RECORD WAS SET OR TIED.
MM INDICATES DATA IS MISSING.
T  INDICATES TRACE AMOUNT.




$$
