000
CDUS41 KBUF 280705
CLIROC


CLIMATE REPORT
NATIONAL WEATHER SERVICE BUFFALO NY
305 AM EDT SUN JUN 28 2015


...................................

...THE ROCHESTER NY CLIMATE SUMMARY FOR JUNE 27 2015...

CLIMATE NORMAL PERIOD 1981 TO 2010
CLIMATE RECORD PERIOD 1871 TO 2015


WEATHER ITEM   OBSERVED TIME   RECORD YEAR NORMAL DEPARTURE LAST
                VALUE   (LST)  VALUE       VALUE  FROM      YEAR
                                                  NORMAL
..................................................................
TEMPERATURE (F)
 YESTERDAY
  MAXIMUM         65   1024 AM  96    1944  80    -15       84
  MINIMUM         56   1144 PM  47    1927  59     -3       60
  AVERAGE         61                        69     -8       72

PRECIPITATION (IN)
  YESTERDAY        1.25          1.99 1892   0.12   1.13     0.00
  MONTH TO DATE    5.72                      3.00   2.72     1.91
  SINCE JUN 1      5.72                      3.00   2.72     1.91
  SINCE JAN 1     17.42                     15.46   1.96    14.91

SNOWFALL (IN)
  YESTERDAY        0.0           0.0    MM   0.0    0.0      0.0
  MONTH TO DATE    0.0                       0.0    0.0      0.0
  SINCE JUN 1      0.0                       0.0    0.0      0.0
  SINCE JUL 1    101.9                      99.5    2.4    112.7
  SNOW DEPTH       0

DEGREE DAYS
 HEATING
  YESTERDAY        4                         1      3        0
  MONTH TO DATE   52                        66    -14       29
  SINCE JUN 1     52                        66    -14       29
  SINCE JUL 1   6866                      6644    222     7015

 COOLING
  YESTERDAY        0                         5     -5        7
  MONTH TO DATE   89                        89      0      109
  SINCE JUN 1     89                        89      0      109
  SINCE JAN 1    192                       119     73      148
..................................................................


WIND (MPH)
  HIGHEST WIND SPEED    24   HIGHEST WIND DIRECTION    SE (130)
  HIGHEST GUST SPEED    33   HIGHEST GUST DIRECTION    SE (120)
  AVERAGE WIND SPEED    10.9


SKY COVER
  AVERAGE SKY COVER 1.0


WEATHER CONDITIONS
 THE FOLLOWING WEATHER WAS RECORDED YESTERDAY.
  HEAVY RAIN
  RAIN
  LIGHT RAIN
  FOG


RELATIVE HUMIDITY (PERCENT)
 HIGHEST    93           100 PM
 LOWEST     67           900 AM
 AVERAGE    80

..........................................................


THE ROCHESTER NY CLIMATE NORMALS FOR TODAY
                         NORMAL    RECORD    YEAR
 MAXIMUM TEMPERATURE (F)   80        98      1944
 MINIMUM TEMPERATURE (F)   59        47      1988
                                             1970


SUNRISE AND SUNSET
JUNE 28 2015..........SUNRISE   533 AM EDT   SUNSET   854 PM EDT
JUNE 29 2015..........SUNRISE   534 AM EDT   SUNSET   854 PM EDT


-  INDICATES NEGATIVE NUMBERS.
R  INDICATES RECORD WAS SET OR TIED.
MM INDICATES DATA IS MISSING.
T  INDICATES TRACE AMOUNT.




$$
