000
CDUS41 KBUF 230705
CLIROC


CLIMATE REPORT
NATIONAL WEATHER SERVICE BUFFALO NY
205 AM EST TUE DEC 23 2014


...................................

...THE ROCHESTER NY CLIMATE SUMMARY FOR DECEMBER 22 2014...

CLIMATE NORMAL PERIOD 1981 TO 2010
CLIMATE RECORD PERIOD 1871 TO 2014


WEATHER ITEM   OBSERVED TIME   RECORD YEAR NORMAL DEPARTURE LAST
                VALUE   (LST)  VALUE       VALUE  FROM      YEAR
                                                  NORMAL
..................................................................
TEMPERATURE (F)
 YESTERDAY
  MAXIMUM         40    317 PM  69    1949  35      5       46
  MINIMUM         27    756 AM  -9    1872  22      5       32
  AVERAGE         34                        28      6       39

PRECIPITATION (IN)
  YESTERDAY        T             1.51 1916   0.08  -0.08     0.49
  MONTH TO DATE    1.87                      1.90  -0.03     2.69
  SINCE DEC 1      1.87                      1.90  -0.03     2.69
  SINCE JAN 1     32.53                     33.54  -1.01    36.44

SNOWFALL (IN)
  YESTERDAY       MM            11.0  1916   0.7   MM         T
  MONTH TO DATE   12.0                      14.5   -2.5     18.0
  SINCE DEC 1     12.0                      14.5   -2.5     18.0
  SINCE JUL 1     21.1                      21.9   -0.8     31.5
  SNOW DEPTH       0

DEGREE DAYS
 HEATING
  YESTERDAY       31                        37     -6       26
  MONTH TO DATE  693                       743    -50      780
  SINCE DEC 1    693                       743    -50      780
  SINCE JUL 1   1973                      2111   -138     2152

 COOLING
  YESTERDAY        0                         0      0        0
  MONTH TO DATE    0                         0      0        0
  SINCE DEC 1      0                         0      0        0
  SINCE JAN 1    542                       539      3      660
..................................................................


WIND (MPH)
  HIGHEST WIND SPEED    14   HIGHEST WIND DIRECTION    SE (150)
  HIGHEST GUST SPEED    17   HIGHEST GUST DIRECTION    SE (150)
  AVERAGE WIND SPEED     7.9


SKY COVER
  AVERAGE SKY COVER 0.7


WEATHER CONDITIONS
 THE FOLLOWING WEATHER WAS RECORDED YESTERDAY.
  LIGHT RAIN


RELATIVE HUMIDITY (PERCENT)
 HIGHEST    81           800 AM
 LOWEST     59           100 PM
 AVERAGE    70

..........................................................


THE ROCHESTER NY CLIMATE NORMALS FOR TODAY
                         NORMAL    RECORD    YEAR
 MAXIMUM TEMPERATURE (F)   34        60      1957
 MINIMUM TEMPERATURE (F)   21        -4      1883


SUNRISE AND SUNSET
DECEMBER 23 2014......SUNRISE   740 AM EST   SUNSET   440 PM EST
DECEMBER 24 2014......SUNRISE   740 AM EST   SUNSET   440 PM EST


-  INDICATES NEGATIVE NUMBERS.
R  INDICATES RECORD WAS SET OR TIED.
MM INDICATES DATA IS MISSING.
T  INDICATES TRACE AMOUNT.




$$
