000
CDUS41 KBUF 220706
CLIROC


CLIMATE REPORT
NATIONAL WEATHER SERVICE BUFFALO NY
305 AM EDT WED JUL 22 2015


...................................

...THE ROCHESTER NY CLIMATE SUMMARY FOR JULY 21 2015...

CLIMATE NORMAL PERIOD 1981 TO 2010
CLIMATE RECORD PERIOD 1871 TO 2015


WEATHER ITEM   OBSERVED TIME   RECORD YEAR NORMAL DEPARTURE LAST
                VALUE   (LST)  VALUE       VALUE  FROM      YEAR
                                                  NORMAL
..................................................................
TEMPERATURE (F)
 YESTERDAY
  MAXIMUM         78    324 PM  98    2011  81     -3       84
  MINIMUM         61   1159 PM  46    1965  61      0       65
  AVERAGE         70                        71     -1       75

PRECIPITATION (IN)
  YESTERDAY        0.03          1.89 2010   0.12  -0.09     0.00
  MONTH TO DATE    2.40                      2.21   0.19     3.67
  SINCE JUN 1      8.60                      5.55   3.05     5.73
  SINCE JAN 1     20.30                     18.01   2.29    18.73

SNOWFALL (IN)
  YESTERDAY        0.0           0.0    MM   0.0    0.0      0.0
  MONTH TO DATE    0.0                       0.0    0.0      0.0
  SINCE JUN 1      0.0                       0.0    0.0      0.0
  SINCE JUL 1      0.0                       0.0    0.0      0.0
  SNOW DEPTH       0

DEGREE DAYS
 HEATING
  YESTERDAY        0                         0      0        0
  MONTH TO DATE   11                         6      5        1
  SINCE JUN 1     68                        74     -6       30
  SINCE JUL 1     11                         6      5        1

 COOLING
  YESTERDAY        5                         6     -1       10
  MONTH TO DATE  115                       126    -11      111
  SINCE JUN 1    209                       232    -23      261
  SINCE JAN 1    312                       262     50      300
..................................................................


WIND (MPH)
  HIGHEST WIND SPEED    21   HIGHEST WIND DIRECTION     W (280)
  HIGHEST GUST SPEED    28   HIGHEST GUST DIRECTION    NW (300)
  AVERAGE WIND SPEED     9.7


SKY COVER
  AVERAGE SKY COVER 0.6


WEATHER CONDITIONS
 THE FOLLOWING WEATHER WAS RECORDED YESTERDAY.
  LIGHT RAIN
  FOG


RELATIVE HUMIDITY (PERCENT)
 HIGHEST    81           200 AM
 LOWEST     41           600 PM
 AVERAGE    61

..........................................................


THE ROCHESTER NY CLIMATE NORMALS FOR TODAY
                         NORMAL    RECORD    YEAR
 MAXIMUM TEMPERATURE (F)   81        97      1955
 MINIMUM TEMPERATURE (F)   61        46      1970


SUNRISE AND SUNSET
JULY 22 2015..........SUNRISE   551 AM EDT   SUNSET   843 PM EDT
JULY 23 2015..........SUNRISE   552 AM EDT   SUNSET   842 PM EDT


-  INDICATES NEGATIVE NUMBERS.
R  INDICATES RECORD WAS SET OR TIED.
MM INDICATES DATA IS MISSING.
T  INDICATES TRACE AMOUNT.




$$
