000
CDUS41 KBUF 151044
CLIROC


CLIMATE REPORT
NATIONAL WEATHER SERVICE BUFFALO NY
626 AM EDT SUN MAY 15 2016


...................................

...THE ROCHESTER NY CLIMATE SUMMARY FOR MAY 14 2016...

CLIMATE NORMAL PERIOD 1981 TO 2010
CLIMATE RECORD PERIOD 1871 TO 2016


WEATHER ITEM   OBSERVED TIME   RECORD YEAR NORMAL DEPARTURE LAST
                VALUE   (LST)  VALUE       VALUE  FROM      YEAR
                                                  NORMAL
..................................................................
TEMPERATURE (F)
 YESTERDAY
  MAXIMUM         64    100 PM  94    1974  67     -3       64
  MINIMUM         45   1159 PM  31    1878  46     -1       38
  AVERAGE         55                        56     -1       51

PRECIPITATION (IN)
  YESTERDAY        T             1.10 1904   0.09  -0.09     0.00
  MONTH TO DATE    1.24                      1.25  -0.01     0.86
  SINCE MAR 1      4.62                      6.48  -1.86     4.90
  SINCE JAN 1      9.92                     10.84  -0.92     9.15

SNOWFALL (IN)
  YESTERDAY        0.0           0.0    MM   0.0    0.0      0.0
  MONTH TO DATE    0.0                       0.3   -0.3      0.0
  SINCE MAR 1     12.0                      20.5   -8.5     13.3
  SINCE JUL 1     63.7                      99.4  -35.7    101.9
  SNOW DEPTH       0

DEGREE DAYS
 HEATING
  YESTERDAY       10                         9      1       14
  MONTH TO DATE  164                       157      7       57
  SINCE MAR 1   1600                      1674    -74     1649
  SINCE JUL 1   5517                      6460   -943     6743

 COOLING
  YESTERDAY        0                         1     -1        0
  MONTH TO DATE    0                         5     -5       41
  SINCE MAR 1      0                         9     -9       41
  SINCE JAN 1      0                         9     -9       41
..................................................................


WIND (MPH)
  HIGHEST WIND SPEED    32   HIGHEST WIND DIRECTION     W (250)
  HIGHEST GUST SPEED    41   HIGHEST GUST DIRECTION     W (270)
  AVERAGE WIND SPEED    13.3


SKY COVER
  AVERAGE SKY COVER 0.8


WEATHER CONDITIONS
 THE FOLLOWING WEATHER WAS RECORDED YESTERDAY.
  LIGHT RAIN


RELATIVE HUMIDITY (PERCENT)
 HIGHEST    77           300 AM
 LOWEST     56           100 PM
 AVERAGE    67

..........................................................


THE ROCHESTER NY CLIMATE NORMALS FOR TODAY
                         NORMAL    RECORD    YEAR
 MAXIMUM TEMPERATURE (F)   67        88      1962
                                             1961
 MINIMUM TEMPERATURE (F)   46        35      1977
                                             1971
                                             1920


SUNRISE AND SUNSET
MAY 15 2016...........SUNRISE   547 AM EDT   SUNSET   828 PM EDT
MAY 16 2016...........SUNRISE   546 AM EDT   SUNSET   829 PM EDT


-  INDICATES NEGATIVE NUMBERS.
R  INDICATES RECORD WAS SET OR TIED.
MM INDICATES DATA IS MISSING.
T  INDICATES TRACE AMOUNT.




$$
