000
CDUS41 KBUF 250705
CLIROC


CLIMATE REPORT
NATIONAL WEATHER SERVICE BUFFALO NY
305 AM EDT THU SEP 25 2014


...................................

...THE ROCHESTER NY CLIMATE SUMMARY FOR SEPTEMBER 24 2014...

CLIMATE NORMAL PERIOD 1981 TO 2010
CLIMATE RECORD PERIOD 1871 TO 2014


WEATHER ITEM   OBSERVED TIME   RECORD YEAR NORMAL DEPARTURE LAST
                VALUE   (LST)  VALUE       VALUE  FROM      YEAR
                                                  NORMAL
..................................................................
TEMPERATURE (F)
 YESTERDAY
  MAXIMUM         77    303 PM  90    1970  68      9       65
  MINIMUM         47    608 AM  30    1963  49     -2       40
  AVERAGE         62                        59      3       53

PRECIPITATION (IN)
  YESTERDAY        0.00          1.86 1972   0.11  -0.11     0.00
  MONTH TO DATE    1.33                      2.72  -1.39     2.41
  SINCE SEP 1      1.33                      2.72  -1.39     2.41
  SINCE JAN 1     26.36                     25.32   1.04    27.62

SNOWFALL (IN)
  YESTERDAY        0.0           0.0    MM   0.0    0.0      0.0
  MONTH TO DATE    0.0                       0.0    0.0      0.0
  SINCE SEP 1      0.0                       0.0    0.0      0.0
  SINCE JUL 1      0.0                       0.0    0.0      0.0
  SNOW DEPTH       0

DEGREE DAYS
 HEATING
  YESTERDAY        3                         7     -4       12
  MONTH TO DATE  118                        97     21      135
  SINCE SEP 1    118                        97     21      135
  SINCE JUL 1    143                       131     12      153

 COOLING
  YESTERDAY        0                         1     -1        0
  MONTH TO DATE   66                        46     20       58
  SINCE SEP 1     66                        46     20       58
  SINCE JAN 1    530                       530      0      649
..................................................................


WIND (MPH)
  HIGHEST WIND SPEED    12   HIGHEST WIND DIRECTION    SE (120)
  HIGHEST GUST SPEED    18   HIGHEST GUST DIRECTION     E (100)
  AVERAGE WIND SPEED     4.5


SKY COVER
  AVERAGE SKY COVER 0.2


WEATHER CONDITIONS
 THE FOLLOWING WEATHER WAS RECORDED YESTERDAY.
  FOG


RELATIVE HUMIDITY (PERCENT)
 HIGHEST   100           600 AM
 LOWEST     41           200 PM
 AVERAGE    71

..........................................................


THE ROCHESTER NY CLIMATE NORMALS FOR TODAY
                         NORMAL    RECORD    YEAR
 MAXIMUM TEMPERATURE (F)   68        92      2007
 MINIMUM TEMPERATURE (F)   49        35      1949
                                             1879


SUNRISE AND SUNSET
SEPTEMBER 25 2014.....SUNRISE   701 AM EDT   SUNSET   703 PM EDT
SEPTEMBER 26 2014.....SUNRISE   702 AM EDT   SUNSET   701 PM EDT


-  INDICATES NEGATIVE NUMBERS.
R  INDICATES RECORD WAS SET OR TIED.
MM INDICATES DATA IS MISSING.
T  INDICATES TRACE AMOUNT.




$$
