000
CDUS41 KBUF 090705
CLIROC


CLIMATE REPORT
NATIONAL WEATHER SERVICE BUFFALO NY
205 AM EST FRI FEB 9 2018


...................................

...THE ROCHESTER NY CLIMATE SUMMARY FOR FEBRUARY 8 2018...

CLIMATE NORMAL PERIOD 1981 TO 2010
CLIMATE RECORD PERIOD 1871 TO 2018


WEATHER ITEM   OBSERVED TIME   RECORD YEAR NORMAL DEPARTURE LAST
                VALUE   (LST)  VALUE       VALUE  FROM      YEAR
                                                  NORMAL
..................................................................
TEMPERATURE (F)
 YESTERDAY
  MAXIMUM         24    219 PM  63    1925  33     -9       56
  MINIMUM         15    800 AM -16    1934  18     -3       23
  AVERAGE         20                        25     -5       40

PRECIPITATION (IN)
  YESTERDAY        0.01          1.34 1878   0.06  -0.05      T
  MONTH TO DATE    0.45                      0.53  -0.08     0.70
  SINCE DEC 1      5.80                      5.57   0.23     6.36
  SINCE JAN 1      3.56                      2.94   0.62     3.45

SNOWFALL (IN)
  YESTERDAY       MM            10.1  2013   0.7   MM         T
  MONTH TO DATE    7.8                       6.3    1.5      3.5
  SINCE DEC 1     75.4                      56.3   19.1     44.6
  SINCE JUL 1     78.0                      63.7   14.3     60.5
  SNOW DEPTH       5

DEGREE DAYS
 HEATING
  YESTERDAY       45                        40      5       25
  MONTH TO DATE  334                       321     13      279
  SINCE DEC 1   2769                      2657    112     2350
  SINCE JUL 1   3860                      4025   -165     3328

 COOLING
  YESTERDAY        0                         0      0        0
  MONTH TO DATE    0                         0      0        0
  SINCE DEC 1      0                         0      0        0
  SINCE JAN 1      0                         0      0        0
..................................................................


WIND (MPH)
  HIGHEST WIND SPEED    22   HIGHEST WIND DIRECTION     W (260)
  HIGHEST GUST SPEED    31   HIGHEST GUST DIRECTION     W (270)
  AVERAGE WIND SPEED    11.5


SKY COVER
  AVERAGE SKY COVER 0.9


WEATHER CONDITIONS
 THE FOLLOWING WEATHER WAS RECORDED YESTERDAY.
  LIGHT SNOW
  FOG


RELATIVE HUMIDITY (PERCENT)
 HIGHEST    91           100 AM
 LOWEST     55           200 PM
 AVERAGE    73

..........................................................


THE ROCHESTER NY CLIMATE NORMALS FOR TODAY
                         NORMAL    RECORD    YEAR
 MAXIMUM TEMPERATURE (F)   33        62      2001
 MINIMUM TEMPERATURE (F)   18       -22      1934


SUNRISE AND SUNSET
FEBRUARY  9 2018......SUNRISE   716 AM EST   SUNSET   534 PM EST
FEBRUARY 10 2018......SUNRISE   715 AM EST   SUNSET   535 PM EST


-  INDICATES NEGATIVE NUMBERS.
R  INDICATES RECORD WAS SET OR TIED.
MM INDICATES DATA IS MISSING.
T  INDICATES TRACE AMOUNT.




$$
