861
CDUS41 KBUF 170705
CLIROC


CLIMATE REPORT
NATIONAL WEATHER SERVICE BUFFALO NY
305 AM EDT SUN JUL 17 2016


...................................

...THE ROCHESTER NY CLIMATE SUMMARY FOR JULY 16 2016...

CLIMATE NORMAL PERIOD 1981 TO 2010
CLIMATE RECORD PERIOD 1871 TO 2016


WEATHER ITEM   OBSERVED TIME   RECORD YEAR NORMAL DEPARTURE LAST
                VALUE   (LST)  VALUE       VALUE  FROM      YEAR
                                                  NORMAL
..................................................................
TEMPERATURE (F)
 YESTERDAY
  MAXIMUM         79   1247 PM  96    1988  81     -2       73
  MINIMUM         62   1159 PM  48    1946  61      1       50
                                      1888
  AVERAGE         71                        71      0       62

PRECIPITATION (IN)
  YESTERDAY        0.00          2.19 1947   0.11  -0.11     0.00
  MONTH TO DATE    0.82                      1.68  -0.86     0.81
  SINCE JUN 1      1.73                      5.02  -3.29     7.01
  SINCE JAN 1     13.34                     17.48  -4.14    18.71

SNOWFALL (IN)
  YESTERDAY        0.0           0.0    MM   0.0    0.0      0.0
  MONTH TO DATE    0.0                       0.0    0.0      0.0
  SINCE JUN 1      0.0                       0.0    0.0      0.0
  SINCE JUL 1      0.0                       0.0    0.0      0.0
  SNOW DEPTH       0

DEGREE DAYS
 HEATING
  YESTERDAY        0                         0      0        3
  MONTH TO DATE    0                         6     -6       11
  SINCE JUN 1     47                        74    -27       68
  SINCE JUL 1      0                         6     -6       11

 COOLING
  YESTERDAY        6                         6      0        0
  MONTH TO DATE  159                        96     63       69
  SINCE JUN 1    288                       202     86      163
  SINCE JAN 1    350                       232    118      266
..................................................................


WIND (MPH)
  HIGHEST WIND SPEED    14   HIGHEST WIND DIRECTION    NE (30)
  HIGHEST GUST SPEED    18   HIGHEST GUST DIRECTION    NE (40)
  AVERAGE WIND SPEED     6.7


SKY COVER
  AVERAGE SKY COVER 0.6


WEATHER CONDITIONS
 THE FOLLOWING WEATHER WAS RECORDED YESTERDAY.
  NO SIGNIFICANT WEATHER WAS OBSERVED.


RELATIVE HUMIDITY (PERCENT)
 HIGHEST    90           300 AM
 LOWEST     53          1100 AM
 AVERAGE    72

..........................................................


THE ROCHESTER NY CLIMATE NORMALS FOR TODAY
                         NORMAL    RECORD    YEAR
 MAXIMUM TEMPERATURE (F)   81        97      2012
 MINIMUM TEMPERATURE (F)   61        48      1892


SUNRISE AND SUNSET
JULY 17 2016..........SUNRISE   547 AM EDT   SUNSET   846 PM EDT
JULY 18 2016..........SUNRISE   548 AM EDT   SUNSET   846 PM EDT


-  INDICATES NEGATIVE NUMBERS.
R  INDICATES RECORD WAS SET OR TIED.
MM INDICATES DATA IS MISSING.
T  INDICATES TRACE AMOUNT.




$$
