000
CDUS41 KBUF 131013
CLIROC


CLIMATE REPORT
NATIONAL WEATHER SERVICE BUFFALO NY
611 AM EDT SAT SEP 13 2014


...................................

...THE ROCHESTER NY CLIMATE SUMMARY FOR SEPTEMBER 12 2014...

CLIMATE NORMAL PERIOD 1981 TO 2010
CLIMATE RECORD PERIOD 1871 TO 2014


WEATHER ITEM   OBSERVED TIME   RECORD YEAR NORMAL DEPARTURE LAST
                VALUE   (LST)  VALUE       VALUE  FROM      YEAR
                                                  NORMAL
..................................................................
TEMPERATURE (F)
 YESTERDAY
  MAXIMUM         60    135 PM  95    1931  73    -13       74
  MINIMUM         47   1132 PM  38    1943  53     -6       59
  AVERAGE         54                        63     -9       67

PRECIPITATION (IN)
  YESTERDAY        0.03          1.11 1934   0.11  -0.08     0.10
  MONTH TO DATE    0.67                      1.31  -0.64     0.99
  SINCE SEP 1      0.67                      1.31  -0.64     0.99
  SINCE JAN 1     25.70                     23.91   1.79    26.20

SNOWFALL (IN)
  YESTERDAY        0.0           0.0    MM   0.0    0.0      0.0
  MONTH TO DATE    0.0                       0.0    0.0      0.0
  SINCE SEP 1      0.0                       0.0    0.0      0.0
  SINCE JUL 1      0.0                       0.0    0.0      0.0
  SNOW DEPTH       0

DEGREE DAYS
 HEATING
  YESTERDAY       11                         4      7        0
  MONTH TO DATE   19                        31    -12       34
  SINCE SEP 1     19                        31    -12       34
  SINCE JUL 1     44                        65    -21       52

 COOLING
  YESTERDAY        0                         2     -2        2
  MONTH TO DATE   60                        31     29       53
  SINCE SEP 1     60                        31     29       53
  SINCE JAN 1    524                       515      9      644
..................................................................


WIND (MPH)
  HIGHEST WIND SPEED    15   HIGHEST WIND DIRECTION     N (360)
  HIGHEST GUST SPEED    21   HIGHEST GUST DIRECTION    SW (210)
  AVERAGE WIND SPEED     5.7


SKY COVER
  AVERAGE SKY COVER 0.7


WEATHER CONDITIONS
 THE FOLLOWING WEATHER WAS RECORDED YESTERDAY.
  LIGHT RAIN
  FOG


RELATIVE HUMIDITY (PERCENT)
 HIGHEST    89           200 AM
 LOWEST     47           200 PM
 AVERAGE    68

..........................................................


THE ROCHESTER NY CLIMATE NORMALS FOR TODAY
                         NORMAL    RECORD    YEAR
 MAXIMUM TEMPERATURE (F)   73        94      1952
                                             1951
 MINIMUM TEMPERATURE (F)   53        36      1943


SUNRISE AND SUNSET
SEPTEMBER 13 2014.....SUNRISE   648 AM EDT   SUNSET   724 PM EDT
SEPTEMBER 14 2014.....SUNRISE   649 AM EDT   SUNSET   722 PM EDT


-  INDICATES NEGATIVE NUMBERS.
R  INDICATES RECORD WAS SET OR TIED.
MM INDICATES DATA IS MISSING.
T  INDICATES TRACE AMOUNT.




$$
