000
CDUS41 KBUF 061018
CLIROC


CLIMATE REPORT
NATIONAL WEATHER SERVICE BUFFALO NY
617 AM EDT FRI OCT 6 2017


...................................

...THE ROCHESTER NY CLIMATE SUMMARY FOR OCTOBER 5 2017...

CLIMATE NORMAL PERIOD 1981 TO 2010
CLIMATE RECORD PERIOD 1871 TO 2017


WEATHER ITEM   OBSERVED TIME   RECORD YEAR NORMAL DEPARTURE LAST
                VALUE   (LST)  VALUE       VALUE  FROM      YEAR
                                                  NORMAL
..................................................................
TEMPERATURE (F)
 YESTERDAY
  MAXIMUM         72    317 PM  91    1951  64      8       74
  MINIMUM         54    656 AM  26    1965  45      9       53
  AVERAGE         63                        54      9       64

PRECIPITATION (IN)
  YESTERDAY        0.00          1.07 1932   0.10  -0.10     0.00
  MONTH TO DATE    0.22                      0.46  -0.24     0.47
  SINCE SEP 1      1.50                      3.84  -2.34     2.77
  SINCE JAN 1     32.51                     26.44   6.07    20.42

SNOWFALL (IN)
  YESTERDAY        0.0           T    1988   0.0    0.0      0.0
  MONTH TO DATE    0.0                       0.0    0.0      0.0
  SINCE SEP 1      0.0                       0.0    0.0      0.0
  SINCE JUL 1      0.0                       0.0    0.0      0.0
  SNOW DEPTH       0

DEGREE DAYS
 HEATING
  YESTERDAY        2                        11     -9        1
  MONTH TO DATE   27                        52    -25       17
  SINCE SEP 1    119                       199    -80       68
  SINCE JUL 1    146                       233    -87       68

 COOLING
  YESTERDAY        0                         0      0        0
  MONTH TO DATE    8                         0      8        0
  SINCE SEP 1    125                        50     75      112
  SINCE JAN 1    641                       534    107      963
..................................................................


WIND (MPH)
  HIGHEST WIND SPEED    21   HIGHEST WIND DIRECTION     W (270)
  HIGHEST GUST SPEED    25   HIGHEST GUST DIRECTION     W (280)
  AVERAGE WIND SPEED     7.2


SKY COVER
  AVERAGE SKY COVER 0.5


WEATHER CONDITIONS
 THE FOLLOWING WEATHER WAS RECORDED YESTERDAY.
  FOG


RELATIVE HUMIDITY (PERCENT)
 HIGHEST   100           400 AM
 LOWEST     40           500 PM
 AVERAGE    70

..........................................................


THE ROCHESTER NY CLIMATE NORMALS FOR TODAY
                         NORMAL    RECORD    YEAR
 MAXIMUM TEMPERATURE (F)   63        87      1900
 MINIMUM TEMPERATURE (F)   45        27      1958


SUNRISE AND SUNSET
OCTOBER  6 2017.......SUNRISE   714 AM EDT   SUNSET   643 PM EDT
OCTOBER  7 2017.......SUNRISE   715 AM EDT   SUNSET   641 PM EDT


-  INDICATES NEGATIVE NUMBERS.
R  INDICATES RECORD WAS SET OR TIED.
MM INDICATES DATA IS MISSING.
T  INDICATES TRACE AMOUNT.




$$
