000
CDUS41 KBUF 141033
CLIROC


CLIMATE REPORT
NATIONAL WEATHER SERVICE BUFFALO NY
632 AM EDT SAT MAY 14 2016


...................................

...THE ROCHESTER NY CLIMATE SUMMARY FOR MAY 13 2016...

CLIMATE NORMAL PERIOD 1981 TO 2010
CLIMATE RECORD PERIOD 1871 TO 2016


WEATHER ITEM   OBSERVED TIME   RECORD YEAR NORMAL DEPARTURE LAST
                VALUE   (LST)  VALUE       VALUE  FROM      YEAR
                                                  NORMAL
..................................................................
TEMPERATURE (F)
 YESTERDAY
  MAXIMUM         70    134 PM  89    1879  67      3       58
  MINIMUM         54   1117 PM  31    2005  45      9       44
  AVERAGE         62                        56      6       51

PRECIPITATION (IN)
  YESTERDAY        0.34          1.23 1990   0.09   0.25     0.01
  MONTH TO DATE    1.24                      1.16   0.08     0.86
  SINCE MAR 1      4.62                      6.39  -1.77     4.90
  SINCE JAN 1      9.92                     10.75  -0.83     9.15

SNOWFALL (IN)
  YESTERDAY        0.0           T    2013   0.0    0.0      0.0
                                      1912
  MONTH TO DATE    0.0                       0.3   -0.3      0.0
  SINCE MAR 1     12.0                      20.5   -8.5     13.3
  SINCE JUL 1     63.7                      99.4  -35.7    101.9
  SNOW DEPTH       0

DEGREE DAYS
 HEATING
  YESTERDAY        3                        10     -7       14
  MONTH TO DATE  154                       148      6       43
  SINCE MAR 1   1590                      1665    -75     1635
  SINCE JUL 1   5507                      6451   -944     6729

 COOLING
  YESTERDAY        0                         1     -1        0
  MONTH TO DATE    0                         4     -4       41
  SINCE MAR 1      0                         8     -8       41
  SINCE JAN 1      0                         8     -8       41
..................................................................


WIND (MPH)
  HIGHEST WIND SPEED    26   HIGHEST WIND DIRECTION     W (270)
  HIGHEST GUST SPEED    34   HIGHEST GUST DIRECTION     W (270)
  AVERAGE WIND SPEED    12.2


SKY COVER
  AVERAGE SKY COVER 0.7


WEATHER CONDITIONS
 THE FOLLOWING WEATHER WAS RECORDED YESTERDAY.
  HEAVY RAIN
  RAIN
  LIGHT RAIN
  FOG


RELATIVE HUMIDITY (PERCENT)
 HIGHEST    97           500 AM
 LOWEST     57           100 PM
 AVERAGE    77

..........................................................


THE ROCHESTER NY CLIMATE NORMALS FOR TODAY
                         NORMAL    RECORD    YEAR
 MAXIMUM TEMPERATURE (F)   67        94      1974
 MINIMUM TEMPERATURE (F)   46        31      1878


SUNRISE AND SUNSET
MAY 14 2016...........SUNRISE   548 AM EDT   SUNSET   827 PM EDT
MAY 15 2016...........SUNRISE   547 AM EDT   SUNSET   828 PM EDT


-  INDICATES NEGATIVE NUMBERS.
R  INDICATES RECORD WAS SET OR TIED.
MM INDICATES DATA IS MISSING.
T  INDICATES TRACE AMOUNT.




$$
