000
CDUS41 KBUF 022130
CLIROC


CLIMATE REPORT
NATIONAL WEATHER SERVICE BUFFALO NY
430 PM EST SAT DEC 2 2017


...................................

...THE ROCHESTER NY CLIMATE SUMMARY FOR DECEMBER 2 2017...
VALID TODAY AS OF 0400 PM LOCAL TIME.

CLIMATE NORMAL PERIOD 1981 TO 2010
CLIMATE RECORD PERIOD 1871 TO 2017


WEATHER ITEM   OBSERVED TIME   RECORD YEAR NORMAL DEPARTURE LAST
                VALUE   (LST)  VALUE       VALUE  FROM      YEAR
                                                  NORMAL
..................................................................
TEMPERATURE (F)
 TODAY
  MAXIMUM         44    353 PM  65    1982  41      3       46
  MINIMUM         29    737 AM   2    1976  28      1       34
  AVERAGE         37                        34      3       40

PRECIPITATION (IN)
  TODAY            0.00          1.46 1986   0.09  -0.09     0.07
  MONTH TO DATE    0.00                      0.18  -0.18     0.14
  SINCE DEC 1      0.00                      0.18  -0.18     0.14
  SINCE JAN 1     43.13                     31.82  11.31    27.95

SNOWFALL (IN)
  TODAY            0.0           7.5  1936   0.5   -0.5      0.1
  MONTH TO DATE    0.0                       1.0   -1.0      0.1
  SINCE DEC 1      0.0                       1.0   -1.0      0.1
  SINCE JUL 1      2.6                       8.4   -5.8     16.0
  SNOW DEPTH       0

DEGREE DAYS
 HEATING
  TODAY           28                        31     -3       25
  MONTH TO DATE   55                        61     -6       46
  SINCE DEC 1     55                        61     -6       46
  SINCE JUL 1   1146                      1429   -283     1024

 COOLING
  TODAY            0                         0      0        0
  MONTH TO DATE    0                         0      0        0
  SINCE DEC 1      0                         0      0        0
  SINCE JAN 1    655                       539    116      978
..................................................................


WIND (MPH)
  HIGHEST WIND SPEED     9   HIGHEST WIND DIRECTION    SW (240)
  HIGHEST GUST SPEED    10   HIGHEST GUST DIRECTION     W (250)
  AVERAGE WIND SPEED     2.8


SKY COVER
  AVERAGE SKY COVER 0.7


WEATHER CONDITIONS
 THE FOLLOWING WEATHER WAS RECORDED TODAY.
  NO SIGNIFICANT WEATHER WAS OBSERVED.


RELATIVE HUMIDITY (PERCENT)
 HIGHEST    92          1200 AM
 LOWEST     65           200 PM
 AVERAGE    79

..........................................................


THE ROCHESTER NY CLIMATE NORMALS FOR TOMORROW
                         NORMAL    RECORD    YEAR
 MAXIMUM TEMPERATURE (F)   41        72      1982
 MINIMUM TEMPERATURE (F)   28        -3      1940


SUNRISE AND SUNSET
DECEMBER  2 2017......SUNRISE   724 AM EST   SUNSET   436 PM EST
DECEMBER  3 2017......SUNRISE   725 AM EST   SUNSET   436 PM EST


-  INDICATES NEGATIVE NUMBERS.
R  INDICATES RECORD WAS SET OR TIED.
MM INDICATES DATA IS MISSING.
T  INDICATES TRACE AMOUNT.

$$
