000
CDUS41 KBUF 110705
CLIROC


CLIMATE REPORT
NATIONAL WEATHER SERVICE BUFFALO NY
305 AM EDT MON JUL 11 2016


...................................

...THE ROCHESTER NY CLIMATE SUMMARY FOR JULY 10 2016...

CLIMATE NORMAL PERIOD 1981 TO 2010
CLIMATE RECORD PERIOD 1871 TO 2016


WEATHER ITEM   OBSERVED TIME   RECORD YEAR NORMAL DEPARTURE LAST
                VALUE   (LST)  VALUE       VALUE  FROM      YEAR
                                                  NORMAL
..................................................................
TEMPERATURE (F)
 YESTERDAY
  MAXIMUM         79    545 PM 102    1936  81     -2       79
  MINIMUM         62    733 AM  48    1997  61      1       57
  AVERAGE         71                        71      0       68

PRECIPITATION (IN)
  YESTERDAY        0.12          0.80 1949   0.11   0.01     0.00
  MONTH TO DATE    0.82                      1.06  -0.24     0.68
  SINCE JUN 1      1.73                      4.40  -2.67     6.88
  SINCE JAN 1     13.34                     16.86  -3.52    18.58

SNOWFALL (IN)
  YESTERDAY        0.0           0.0    MM   0.0    0.0      0.0
  MONTH TO DATE    0.0                       0.0    0.0      0.0
  SINCE JUN 1      0.0                       0.0    0.0      0.0
  SINCE JUL 1      0.0                       0.0    0.0      0.0
  SNOW DEPTH       0

DEGREE DAYS
 HEATING
  YESTERDAY        0                         0      0        0
  MONTH TO DATE    0                         6     -6        6
  SINCE JUN 1     47                        74    -27       63
  SINCE JUL 1      0                         6     -6        6

 COOLING
  YESTERDAY        6                         6      0        3
  MONTH TO DATE   90                        60     30       35
  SINCE JUN 1    219                       166     53      129
  SINCE JAN 1    281                       196     85      232
..................................................................


WIND (MPH)
  HIGHEST WIND SPEED    16   HIGHEST WIND DIRECTION     N (10)
  HIGHEST GUST SPEED    22   HIGHEST GUST DIRECTION     N (360)
  AVERAGE WIND SPEED     7.6


SKY COVER
  AVERAGE SKY COVER 0.8


WEATHER CONDITIONS
 THE FOLLOWING WEATHER WAS RECORDED YESTERDAY.
  RAIN
  LIGHT RAIN
  FOG


RELATIVE HUMIDITY (PERCENT)
 HIGHEST    93           500 AM
 LOWEST     42           600 PM
 AVERAGE    68

..........................................................


THE ROCHESTER NY CLIMATE NORMALS FOR TODAY
                         NORMAL    RECORD    YEAR
 MAXIMUM TEMPERATURE (F)   81        96      1936
 MINIMUM TEMPERATURE (F)   61        44      1945


SUNRISE AND SUNSET
JULY 11 2016..........SUNRISE   542 AM EDT   SUNSET   850 PM EDT
JULY 12 2016..........SUNRISE   543 AM EDT   SUNSET   850 PM EDT


-  INDICATES NEGATIVE NUMBERS.
R  INDICATES RECORD WAS SET OR TIED.
MM INDICATES DATA IS MISSING.
T  INDICATES TRACE AMOUNT.




$$
