000
CDUS41 KBUF 060705
CLIROC


CLIMATE REPORT
NATIONAL WEATHER SERVICE BUFFALO NY
305 AM EDT SUN JUL 6 2014


...................................

...THE ROCHESTER NY CLIMATE SUMMARY FOR JULY 5 2014...

CLIMATE NORMAL PERIOD 1981 TO 2010
CLIMATE RECORD PERIOD 1871 TO 2014


WEATHER ITEM   OBSERVED TIME   RECORD YEAR NORMAL DEPARTURE LAST
                VALUE   (LST)  VALUE       VALUE  FROM      YEAR
                                                  NORMAL
..................................................................
TEMPERATURE (F)
 YESTERDAY
  MAXIMUM         80    236 PM 101    1911  81     -1       86
  MINIMUM         52    431 AM  47    1997  60     -8       71
                                      1961
  AVERAGE         66                        70     -4       79

PRECIPITATION (IN)
  YESTERDAY        0.00          1.94 1871   0.10  -0.10     0.02
  MONTH TO DATE    0.46                      0.52  -0.06     2.84
  SINCE JUN 1      2.52                      3.86  -1.34     9.11
  SINCE JAN 1     15.52                     16.32  -0.80    20.94

SNOWFALL (IN)
  YESTERDAY        0.0           0.0    MM   0.0    0.0      0.0
  MONTH TO DATE    0.0                       0.0    0.0      0.0
  SINCE JUN 1      0.0                       0.0    0.0      0.0
  SINCE JUL 1      0.0                       0.0    0.0      0.0
  SNOW DEPTH       0

DEGREE DAYS
 HEATING
  YESTERDAY        0                         1     -1        0
  MONTH TO DATE    0                         5     -5        0
  SINCE JUN 1     29                        73    -44       58
  SINCE JUL 1      0                         5     -5        0

 COOLING
  YESTERDAY        1                         6     -5       14
  MONTH TO DATE   37                        30      7       44
  SINCE JUN 1    187                       136     51      151
  SINCE JAN 1    226                       166     60      222
..................................................................


WIND (MPH)
  HIGHEST WIND SPEED    20   HIGHEST WIND DIRECTION     W (270)
  HIGHEST GUST SPEED    28   HIGHEST GUST DIRECTION     W (270)
  AVERAGE WIND SPEED     9.3


SKY COVER
  AVERAGE SKY COVER 0.2


WEATHER CONDITIONS
 THE FOLLOWING WEATHER WAS RECORDED YESTERDAY.
  NO SIGNIFICANT WEATHER WAS OBSERVED.


RELATIVE HUMIDITY (PERCENT)
 HIGHEST    89           300 AM
 LOWEST     31           600 PM
 AVERAGE    60

..........................................................


THE ROCHESTER NY CLIMATE NORMALS FOR TODAY
                         NORMAL    RECORD    YEAR
 MAXIMUM TEMPERATURE (F)   81        98      1993
 MINIMUM TEMPERATURE (F)   60        47      1963


SUNRISE AND SUNSET
JULY  6 2014..........SUNRISE   538 AM EDT   SUNSET   853 PM EDT
JULY  7 2014..........SUNRISE   539 AM EDT   SUNSET   852 PM EDT


-  INDICATES NEGATIVE NUMBERS.
R  INDICATES RECORD WAS SET OR TIED.
MM INDICATES DATA IS MISSING.
T  INDICATES TRACE AMOUNT.




$$
