000
CDUS41 KBUF 100705
CLIROC


CLIMATE REPORT
NATIONAL WEATHER SERVICE BUFFALO NY
305 AM EDT WED AUG 10 2016


...................................

...THE ROCHESTER NY CLIMATE SUMMARY FOR AUGUST 9 2016...

CLIMATE NORMAL PERIOD 1981 TO 2010
CLIMATE RECORD PERIOD 1871 TO 2016


WEATHER ITEM   OBSERVED TIME   RECORD YEAR NORMAL DEPARTURE LAST
                VALUE   (LST)  VALUE       VALUE  FROM      YEAR
                                                  NORMAL
..................................................................
TEMPERATURE (F)
 YESTERDAY
  MAXIMUM         93    340 PM  98    1949  80     13       79
  MINIMUM         58    512 AM  45    1964  60     -2       53
  AVERAGE         76                        70      6       66

PRECIPITATION (IN)
  YESTERDAY        0.00          1.71 1953   0.11  -0.11     0.00
  MONTH TO DATE    0.14                      1.07  -0.93     0.13
  SINCE JUN 1      2.27                      7.74  -5.47     9.89
  SINCE JAN 1     13.88                     20.20  -6.32    21.59

SNOWFALL (IN)
  YESTERDAY        0.0           0.0    MM   0.0    0.0      0.0
  MONTH TO DATE    0.0                       0.0    0.0      0.0
  SINCE JUN 1      0.0                       0.0    0.0      0.0
  SINCE JUL 1      0.0                       0.0    0.0      0.0
  SNOW DEPTH       0

DEGREE DAYS
 HEATING
  YESTERDAY        0                         0      0        0
  MONTH TO DATE    0                         0      0        1
  SINCE JUN 1     47                        80    -33       69
  SINCE JUL 1      0                        12    -12       12

 COOLING
  YESTERDAY       11                         6      5        1
  MONTH TO DATE   98                        54     44       31
  SINCE JUN 1    540                       353    187      325
  SINCE JAN 1    602                       383    219      428
..................................................................


WIND (MPH)
  HIGHEST WIND SPEED    17   HIGHEST WIND DIRECTION    SW (210)
  HIGHEST GUST SPEED    22   HIGHEST GUST DIRECTION    SE (150)
  AVERAGE WIND SPEED     7.7


SKY COVER
  AVERAGE SKY COVER 0.5


WEATHER CONDITIONS
 THE FOLLOWING WEATHER WAS RECORDED YESTERDAY.
  NO SIGNIFICANT WEATHER WAS OBSERVED.


RELATIVE HUMIDITY (PERCENT)
 HIGHEST    86           400 AM
 LOWEST     21           100 PM
 AVERAGE    54

..........................................................


THE ROCHESTER NY CLIMATE NORMALS FOR TODAY
                         NORMAL    RECORD    YEAR
 MAXIMUM TEMPERATURE (F)   80        97      1949
 MINIMUM TEMPERATURE (F)   60        47      1972


SUNRISE AND SUNSET
AUGUST 10 2016........SUNRISE   611 AM EDT   SUNSET   820 PM EDT
AUGUST 11 2016........SUNRISE   612 AM EDT   SUNSET   818 PM EDT


-  INDICATES NEGATIVE NUMBERS.
R  INDICATES RECORD WAS SET OR TIED.
MM INDICATES DATA IS MISSING.
T  INDICATES TRACE AMOUNT.




$$
