000
CDUS41 KBUF 190705
CLIROC


CLIMATE REPORT
NATIONAL WEATHER SERVICE BUFFALO NY
305 AM EDT TUE APR 19 2016


...................................

...THE ROCHESTER NY CLIMATE SUMMARY FOR APRIL 18 2016...

CLIMATE NORMAL PERIOD 1981 TO 2010
CLIMATE RECORD PERIOD 1871 TO 2016


WEATHER ITEM   OBSERVED TIME   RECORD YEAR NORMAL DEPARTURE LAST
                VALUE   (LST)  VALUE       VALUE  FROM      YEAR
                                                  NORMAL
..................................................................
TEMPERATURE (F)
 YESTERDAY
  MAXIMUM         75    426 PM  85    1976  57     18       70
  MINIMUM         40    433 AM  15    1875  38      2       43
  AVERAGE         58                        47     11       57

PRECIPITATION (IN)
  YESTERDAY        0.00          0.85 1969   0.09  -0.09     0.00
  MONTH TO DATE    0.87                      1.70  -0.83     1.70
  SINCE MAR 1      2.69                      4.20  -1.51     3.04
  SINCE JAN 1      7.99                      8.56  -0.57     7.29

SNOWFALL (IN)
  YESTERDAY        0.0           1.2  1887   0.2   -0.2      0.0
  MONTH TO DATE    8.8                       3.3    5.5       T
  SINCE MAR 1     12.0                      19.6   -7.6     12.8
  SINCE JUL 1     63.7                      98.5  -34.8    101.4
  SNOW DEPTH       0

DEGREE DAYS
 HEATING
  YESTERDAY        7                        18    -11        8
  MONTH TO DATE  464                       381     83      303
  SINCE MAR 1   1226                      1333   -107     1381
  SINCE JUL 1   5143                      6119   -976     6475

 COOLING
  YESTERDAY        0                         0      0        0
  MONTH TO DATE    0                         0      0        0
  SINCE MAR 1      0                         0      0        0
  SINCE JAN 1      0                         0      0        0
..................................................................


WIND (MPH)
  HIGHEST WIND SPEED    18   HIGHEST WIND DIRECTION     W (290)
  HIGHEST GUST SPEED    27   HIGHEST GUST DIRECTION     W (280)
  AVERAGE WIND SPEED     8.0


SKY COVER
  AVERAGE SKY COVER 0.6


WEATHER CONDITIONS
 THE FOLLOWING WEATHER WAS RECORDED YESTERDAY.
  NO SIGNIFICANT WEATHER WAS OBSERVED.


RELATIVE HUMIDITY (PERCENT)
 HIGHEST    79           600 AM
 LOWEST     22           200 PM
 AVERAGE    51

..........................................................


THE ROCHESTER NY CLIMATE NORMALS FOR TODAY
                         NORMAL    RECORD    YEAR
 MAXIMUM TEMPERATURE (F)   58        86      2008
 MINIMUM TEMPERATURE (F)   38        20      1904


SUNRISE AND SUNSET
APRIL 19 2016.........SUNRISE   621 AM EDT   SUNSET   759 PM EDT
APRIL 20 2016.........SUNRISE   620 AM EDT   SUNSET   800 PM EDT


-  INDICATES NEGATIVE NUMBERS.
R  INDICATES RECORD WAS SET OR TIED.
MM INDICATES DATA IS MISSING.
T  INDICATES TRACE AMOUNT.




$$
