000
CDUS41 KBUF 131028
CLIROC


CLIMATE REPORT
NATIONAL WEATHER SERVICE BUFFALO NY
625 AM EDT THU JUL 13 2017


...................................

...THE ROCHESTER NY CLIMATE SUMMARY FOR JULY 12 2017...

CLIMATE NORMAL PERIOD 1981 TO 2010
CLIMATE RECORD PERIOD 1871 TO 2017


WEATHER ITEM   OBSERVED TIME   RECORD YEAR NORMAL DEPARTURE LAST
                VALUE   (LST)  VALUE       VALUE  FROM      YEAR
                                                  NORMAL
..................................................................
TEMPERATURE (F)
 YESTERDAY
  MAXIMUM         82    346 PM  94    1966  81      1       92
  MINIMUM         65    450 AM  45    1898  61      4       61
  AVERAGE         74                        71      3       77

PRECIPITATION (IN)
  YESTERDAY        0.94          3.33 2006   0.10   0.84     0.00
  MONTH TO DATE    1.84                      1.26   0.58     0.82
  SINCE JUN 1      5.38                      4.60   0.78     1.73
  SINCE JAN 1     25.36                     17.06   8.30    13.34

SNOWFALL (IN)
  YESTERDAY        0.0           0.0    MM   0.0    0.0      0.0
  MONTH TO DATE    0.0                       0.0    0.0      0.0
  SINCE JUN 1      0.0                       0.0    0.0      0.0
  SINCE JUL 1      0.0                       0.0    0.0      0.0
  SNOW DEPTH       0

DEGREE DAYS
 HEATING
  YESTERDAY        0                         0      0        0
  MONTH TO DATE    0                         6     -6        0
  SINCE JUN 1     45                        74    -29       47
  SINCE JUL 1      0                         6     -6        0

 COOLING
  YESTERDAY        9                         6      3       12
  MONTH TO DATE   76                        72      4      107
  SINCE JUN 1    209                       178     31      236
  SINCE JAN 1    251                       208     43      298
..................................................................


WIND (MPH)
  HIGHEST WIND SPEED    22   HIGHEST WIND DIRECTION    SW (220)
  HIGHEST GUST SPEED    29   HIGHEST GUST DIRECTION    SW (220)
  AVERAGE WIND SPEED     5.5


SKY COVER
  AVERAGE SKY COVER 0.8


WEATHER CONDITIONS
 THE FOLLOWING WEATHER WAS RECORDED YESTERDAY.
  THUNDERSTORM
  HEAVY RAIN
  RAIN
  LIGHT RAIN
  FOG


RELATIVE HUMIDITY (PERCENT)
 HIGHEST    93           100 AM
 LOWEST     69           200 PM
 AVERAGE    81

..........................................................


THE ROCHESTER NY CLIMATE NORMALS FOR TODAY
                         NORMAL    RECORD    YEAR
 MAXIMUM TEMPERATURE (F)   81        98      1952
 MINIMUM TEMPERATURE (F)   61        49      1955
                                             1888


SUNRISE AND SUNSET
JULY 13 2017..........SUNRISE   543 AM EDT   SUNSET   849 PM EDT
JULY 14 2017..........SUNRISE   544 AM EDT   SUNSET   849 PM EDT


-  INDICATES NEGATIVE NUMBERS.
R  INDICATES RECORD WAS SET OR TIED.
MM INDICATES DATA IS MISSING.
T  INDICATES TRACE AMOUNT.




$$
