000
CDUS41 KBUF 102128
CLIROC


CLIMATE REPORT
NATIONAL WEATHER SERVICE BUFFALO NY
426 PM EST FRI NOV 10 2017


...................................

...THE ROCHESTER NY CLIMATE SUMMARY FOR NOVEMBER 10 2017...
VALID TODAY AS OF 0400 PM LOCAL TIME.

CLIMATE NORMAL PERIOD 1981 TO 2010
CLIMATE RECORD PERIOD 1871 TO 2017


WEATHER ITEM   OBSERVED TIME   RECORD YEAR NORMAL DEPARTURE LAST
                VALUE   (LST)  VALUE       VALUE  FROM      YEAR
                                                  NORMAL
..................................................................
TEMPERATURE (F)
 TODAY
  MAXIMUM         32   1226 AM  72    1975  50    -18       60
                                      1949
                                      1939
  MINIMUM         20   1054 AM  15    1991  35    -15       33
  AVERAGE         26                        42    -16       47

PRECIPITATION (IN)
  TODAY            0.10          0.96 1898   0.09   0.01     0.00
  MONTH TO DATE    2.95                      0.95   2.00     1.03
  SINCE SEP 1     10.94                      7.05   3.89     8.59
  SINCE JAN 1     41.95                     29.65  12.30    26.24

SNOWFALL (IN)
  TODAY            1.2           3.0  1921   0.2    1.0      0.0
  MONTH TO DATE    1.5                       1.3    0.2      0.0
  SINCE SEP 1      1.5                       1.4    0.1      0.9
  SINCE JUL 1      1.5                       1.4    0.1      0.9
  SNOW DEPTH       1

DEGREE DAYS
 HEATING
  TODAY           39                        22     17       18
  MONTH TO DATE  213                       209      4      148
  SINCE SEP 1    548                       808   -260      541
  SINCE JUL 1    575                       842   -267      541

 COOLING
  TODAY            0                         0      0        0
  MONTH TO DATE    0                         0      0        0
  SINCE SEP 1    139                        55     84      127
  SINCE JAN 1    655                       539    116      978
..................................................................


WIND (MPH)
  HIGHEST WIND SPEED    26   HIGHEST WIND DIRECTION     N (340)
  HIGHEST GUST SPEED    35   HIGHEST GUST DIRECTION     W (270)
  AVERAGE WIND SPEED    15.5


SKY COVER
  AVERAGE SKY COVER 0.7


WEATHER CONDITIONS
 THE FOLLOWING WEATHER WAS RECORDED TODAY.
  SNOW
  LIGHT SNOW
  FOG
  BLOWING SNOW


RELATIVE HUMIDITY (PERCENT)
 HIGHEST    92           300 AM
 LOWEST     50           300 PM
 AVERAGE    71

..........................................................


THE ROCHESTER NY CLIMATE NORMALS FOR TOMORROW
                         NORMAL    RECORD    YEAR
 MAXIMUM TEMPERATURE (F)   50        73      2012
                                             1909
 MINIMUM TEMPERATURE (F)   34        20      1957


SUNRISE AND SUNSET
NOVEMBER 10 2017......SUNRISE   657 AM EST   SUNSET   451 PM EST
NOVEMBER 11 2017......SUNRISE   659 AM EST   SUNSET   450 PM EST


-  INDICATES NEGATIVE NUMBERS.
R  INDICATES RECORD WAS SET OR TIED.
MM INDICATES DATA IS MISSING.
T  INDICATES TRACE AMOUNT.

$$
