000
CDUS41 KBUF 140705
CLIROC


CLIMATE REPORT
NATIONAL WEATHER SERVICE BUFFALO NY
305 AM EDT THU JUL 14 2016


...................................

...THE ROCHESTER NY CLIMATE SUMMARY FOR JULY 13 2016...

CLIMATE NORMAL PERIOD 1981 TO 2010
CLIMATE RECORD PERIOD 1871 TO 2016


WEATHER ITEM   OBSERVED TIME   RECORD YEAR NORMAL DEPARTURE LAST
                VALUE   (LST)  VALUE       VALUE  FROM      YEAR
                                                  NORMAL
..................................................................
TEMPERATURE (F)
 YESTERDAY
  MAXIMUM         94    416 PM  98    1952  81     13       86
  MINIMUM         71    401 AM  49    1955  61     10       65
                                      1888
  AVERAGE         83                        71     12       76

PRECIPITATION (IN)
  YESTERDAY        0.00          2.25 1971   0.11  -0.11     0.00
  MONTH TO DATE    0.82                      1.37  -0.55     0.68
  SINCE JUN 1      1.73                      4.71  -2.98     6.88
  SINCE JAN 1     13.34                     17.17  -3.83    18.58

SNOWFALL (IN)
  YESTERDAY        0.0           0.0    MM   0.0    0.0      0.0
  MONTH TO DATE    0.0                       0.0    0.0      0.0
  SINCE JUN 1      0.0                       0.0    0.0      0.0
  SINCE JUL 1      0.0                       0.0    0.0      0.0
  SNOW DEPTH       0

DEGREE DAYS
 HEATING
  YESTERDAY        0                         0      0        0
  MONTH TO DATE    0                         6     -6        6
  SINCE JUN 1     47                        74    -27       63
  SINCE JUL 1      0                         6     -6        6

 COOLING
  YESTERDAY       18                         6     12       11
  MONTH TO DATE  125                        78     47       59
  SINCE JUN 1    254                       184     70      153
  SINCE JAN 1    316                       214    102      256
..................................................................


WIND (MPH)
  HIGHEST WIND SPEED    20   HIGHEST WIND DIRECTION     W (280)
  HIGHEST GUST SPEED    28   HIGHEST GUST DIRECTION    NW (300)
  AVERAGE WIND SPEED     9.3


SKY COVER
  AVERAGE SKY COVER 0.2


WEATHER CONDITIONS
 THE FOLLOWING WEATHER WAS RECORDED YESTERDAY.
  NO SIGNIFICANT WEATHER WAS OBSERVED.


RELATIVE HUMIDITY (PERCENT)
 HIGHEST    79           300 AM
 LOWEST     41           400 PM
 AVERAGE    60

..........................................................


THE ROCHESTER NY CLIMATE NORMALS FOR TODAY
                         NORMAL    RECORD    YEAR
 MAXIMUM TEMPERATURE (F)   81        97      1952
 MINIMUM TEMPERATURE (F)   61        48      2009
                                             1926
                                             1888


SUNRISE AND SUNSET
JULY 14 2016..........SUNRISE   544 AM EDT   SUNSET   848 PM EDT
JULY 15 2016..........SUNRISE   545 AM EDT   SUNSET   848 PM EDT


-  INDICATES NEGATIVE NUMBERS.
R  INDICATES RECORD WAS SET OR TIED.
MM INDICATES DATA IS MISSING.
T  INDICATES TRACE AMOUNT.




$$
