000
CDUS41 KBUF 101035
CLIROC


CLIMATE REPORT
NATIONAL WEATHER SERVICE BUFFALO NY
633 AM EDT SUN SEP 10 2017


...................................

...THE ROCHESTER NY CLIMATE SUMMARY FOR SEPTEMBER 9 2017...

CLIMATE NORMAL PERIOD 1981 TO 2010
CLIMATE RECORD PERIOD 1871 TO 2017


WEATHER ITEM   OBSERVED TIME   RECORD YEAR NORMAL DEPARTURE LAST
                VALUE   (LST)  VALUE       VALUE  FROM      YEAR
                                                  NORMAL
..................................................................
TEMPERATURE (F)
 YESTERDAY
  MAXIMUM         65    344 PM  98    1959  74     -9       86
  MINIMUM         48    505 AM  41    1979  54     -6       66
                                      1957
                                      1956
  AVERAGE         57                        64     -7       76

PRECIPITATION (IN)
  YESTERDAY        T             2.08 2004   0.11  -0.11      T
  MONTH TO DATE    0.96                      0.98  -0.02     0.01
  SINCE SEP 1      0.96                      0.98  -0.02     0.01
  SINCE JAN 1     31.97                     23.58   8.39    17.66

SNOWFALL (IN)
  YESTERDAY       MM             0.0    MM   0.0   MM        0.0
  MONTH TO DATE    0.0                       0.0    0.0      0.0
  SINCE SEP 1      0.0                       0.0    0.0      0.0
  SINCE JUL 1      0.0                       0.0    0.0      0.0
  SNOW DEPTH       0

DEGREE DAYS
 HEATING
  YESTERDAY        8                         3      5        0
  MONTH TO DATE   44                        21     23        3
  SINCE SEP 1     44                        21     23        3
  SINCE JUL 1     71                        55     16        3

 COOLING
  YESTERDAY        0                         2     -2       11
  MONTH TO DATE    3                        25    -22       59
  SINCE SEP 1      3                        25    -22       59
  SINCE JAN 1    519                       509     10      910
..................................................................


WIND (MPH)
  HIGHEST WIND SPEED    16   HIGHEST WIND DIRECTION     N (340)
  HIGHEST GUST SPEED    19   HIGHEST GUST DIRECTION     N (360)
  AVERAGE WIND SPEED     6.6


SKY COVER
  AVERAGE SKY COVER 0.6


WEATHER CONDITIONS
 THE FOLLOWING WEATHER WAS RECORDED YESTERDAY.
  NO SIGNIFICANT WEATHER WAS OBSERVED.


RELATIVE HUMIDITY (PERCENT)
 HIGHEST    93           400 AM
 LOWEST     52          1100 AM
 AVERAGE    73

..........................................................


THE ROCHESTER NY CLIMATE NORMALS FOR TODAY
                         NORMAL    RECORD    YEAR
 MAXIMUM TEMPERATURE (F)   74        94      1897
 MINIMUM TEMPERATURE (F)   54        37      1975


SUNRISE AND SUNSET
SEPTEMBER 10 2017.....SUNRISE   645 AM EDT   SUNSET   729 PM EDT
SEPTEMBER 11 2017.....SUNRISE   646 AM EDT   SUNSET   727 PM EDT


-  INDICATES NEGATIVE NUMBERS.
R  INDICATES RECORD WAS SET OR TIED.
MM INDICATES DATA IS MISSING.
T  INDICATES TRACE AMOUNT.




$$
