000
CDUS41 KBUF 230705
CLIROC


CLIMATE REPORT
NATIONAL WEATHER SERVICE BUFFALO NY
205 AM EST WED NOV 23 2016


...................................

...THE ROCHESTER NY CLIMATE SUMMARY FOR NOVEMBER 22 2016...

CLIMATE NORMAL PERIOD 1981 TO 2010
CLIMATE RECORD PERIOD 1871 TO 2016


WEATHER ITEM   OBSERVED TIME   RECORD YEAR NORMAL DEPARTURE LAST
                VALUE   (LST)  VALUE       VALUE  FROM      YEAR
                                                  NORMAL
..................................................................
TEMPERATURE (F)
 YESTERDAY
  MAXIMUM         37    147 PM  71    1999  45     -8       49
                                      1913
  MINIMUM         30    924 PM   7    1880  31     -1       29
  AVERAGE         34                        38     -4       39

PRECIPITATION (IN)
  YESTERDAY        0.01          1.87 1878   0.10  -0.09     0.05
  MONTH TO DATE    1.96                      2.14  -0.18     0.70
  SINCE SEP 1      9.52                      8.24   1.28     7.55
  SINCE JAN 1     27.17                     30.84  -3.67    33.68

SNOWFALL (IN)
  YESTERDAY       MM             4.6  1971   0.4   MM        0.6
  MONTH TO DATE   14.7                       4.2   10.5      0.6
  SINCE SEP 1     15.6                       4.3   11.3      0.6
  SINCE JUL 1     15.6                       4.3   11.3      0.6
  SNOW DEPTH       6

DEGREE DAYS
 HEATING
  YESTERDAY       31                        27      4       26
  MONTH TO DATE  402                       507   -105      343
  SINCE SEP 1    795                      1106   -311      819
  SINCE JUL 1    795                      1140   -345      838

 COOLING
  YESTERDAY        0                         0      0        0
  MONTH TO DATE    0                         0      0        0
  SINCE SEP 1    127                        55     72      144
  SINCE JAN 1    978                       539    439      698
..................................................................


WIND (MPH)
  HIGHEST WIND SPEED    23   HIGHEST WIND DIRECTION    NW (310)
  HIGHEST GUST SPEED    33   HIGHEST GUST DIRECTION    NW (310)
  AVERAGE WIND SPEED    13.1


SKY COVER
  AVERAGE SKY COVER 1.0


WEATHER CONDITIONS
 THE FOLLOWING WEATHER WAS RECORDED YESTERDAY.
  LIGHT SNOW


RELATIVE HUMIDITY (PERCENT)
 HIGHEST    78           900 PM
 LOWEST     59           500 PM
 AVERAGE    69

..........................................................


THE ROCHESTER NY CLIMATE NORMALS FOR TODAY
                         NORMAL    RECORD    YEAR
 MAXIMUM TEMPERATURE (F)   45        74      1931
 MINIMUM TEMPERATURE (F)   31         5      1971


SUNRISE AND SUNSET
NOVEMBER 23 2016......SUNRISE   714 AM EST   SUNSET   440 PM EST
NOVEMBER 24 2016......SUNRISE   715 AM EST   SUNSET   440 PM EST


-  INDICATES NEGATIVE NUMBERS.
R  INDICATES RECORD WAS SET OR TIED.
MM INDICATES DATA IS MISSING.
T  INDICATES TRACE AMOUNT.




$$
