761
CDUS41 KBUF 100705
CLIROC


CLIMATE REPORT
NATIONAL WEATHER SERVICE BUFFALO NY
205 AM EST TUE JAN 10 2017


...................................

...THE ROCHESTER NY CLIMATE SUMMARY FOR JANUARY 9 2017...

CLIMATE NORMAL PERIOD 1981 TO 2010
CLIMATE RECORD PERIOD 1871 TO 2017


WEATHER ITEM   OBSERVED TIME   RECORD YEAR NORMAL DEPARTURE LAST
                VALUE   (LST)  VALUE       VALUE  FROM      YEAR
                                                  NORMAL
..................................................................
TEMPERATURE (F)
 YESTERDAY
  MAXIMUM         27    353 PM  65    1937  32     -5       49
  MINIMUM         11    442 AM  -8    1968  18     -7       40
  AVERAGE         19                        25     -6       45

PRECIPITATION (IN)
  YESTERDAY        T             0.90 1884   0.08  -0.08      T
  MONTH TO DATE    0.71                      0.73  -0.02     0.20
  SINCE DEC 1      3.62                      3.36   0.26     2.93
  SINCE JAN 1      0.71                      0.73  -0.02     0.20

SNOWFALL (IN)
  YESTERDAY       MM             9.0  1884   1.0   MM        0.0
  MONTH TO DATE    4.1                       8.0   -3.9      2.1
  SINCE DEC 1     33.4                      29.8    3.6      4.4
  SINCE JUL 1     49.3                      37.2   12.1      5.6
  SNOW DEPTH       2

DEGREE DAYS
 HEATING
  YESTERDAY       46                        40      6       20
  MONTH TO DATE  369                       356     13      332
  SINCE DEC 1   1404                      1441    -37     1031
  SINCE JUL 1   2382                      2809   -427     2071

 COOLING
  YESTERDAY        0                         0      0        0
  MONTH TO DATE    0                         0      0        0
  SINCE DEC 1      0                         0      0        0
  SINCE JAN 1      0                         0      0        0
..................................................................


WIND (MPH)
  HIGHEST WIND SPEED    18   HIGHEST WIND DIRECTION     S (200)
  HIGHEST GUST SPEED    26   HIGHEST GUST DIRECTION    SW (230)
  AVERAGE WIND SPEED    10.1


SKY COVER
  AVERAGE SKY COVER 0.8


WEATHER CONDITIONS
 THE FOLLOWING WEATHER WAS RECORDED YESTERDAY.
  LIGHT SNOW


RELATIVE HUMIDITY (PERCENT)
 HIGHEST    73           300 AM
 LOWEST     46           400 PM
 AVERAGE    60

..........................................................


THE ROCHESTER NY CLIMATE NORMALS FOR TODAY
                         NORMAL    RECORD    YEAR
 MAXIMUM TEMPERATURE (F)   32        56      1939
                                             1876
 MINIMUM TEMPERATURE (F)   18       -12      2004


SUNRISE AND SUNSET
JANUARY 10 2017.......SUNRISE   741 AM EST   SUNSET   456 PM EST
JANUARY 11 2017.......SUNRISE   741 AM EST   SUNSET   457 PM EST


-  INDICATES NEGATIVE NUMBERS.
R  INDICATES RECORD WAS SET OR TIED.
MM INDICATES DATA IS MISSING.
T  INDICATES TRACE AMOUNT.




$$
