000
CDUS41 KBUF 261019
CLIROC


CLIMATE REPORT
NATIONAL WEATHER SERVICE BUFFALO NY
618 AM EDT FRI JUN 26 2015


...................................

...THE ROCHESTER NY CLIMATE SUMMARY FOR JUNE 25 2015...

CLIMATE NORMAL PERIOD 1981 TO 2010
CLIMATE RECORD PERIOD 1871 TO 2015


WEATHER ITEM   OBSERVED TIME   RECORD YEAR NORMAL DEPARTURE LAST
                VALUE   (LST)  VALUE       VALUE  FROM      YEAR
                                                  NORMAL
..................................................................
TEMPERATURE (F)
 YESTERDAY
  MAXIMUM         77   1256 PM  97    1952  79     -2       74
  MINIMUM         58    519 AM  41    1979  59     -1       67
  AVERAGE         68                        69     -1       71

PRECIPITATION (IN)
  YESTERDAY        0.00          1.86 1958   0.12  -0.12     0.22
  MONTH TO DATE    4.47                      2.76   1.71     1.91
  SINCE JUN 1      4.47                      2.76   1.71     1.91
  SINCE JAN 1     16.17                     15.22   0.95    14.91

SNOWFALL (IN)
  YESTERDAY        0.0           0.0    MM   0.0    0.0      0.0
  MONTH TO DATE    0.0                       0.0    0.0      0.0
  SINCE JUN 1      0.0                       0.0    0.0      0.0
  SINCE JUL 1    101.9                      99.5    2.4    112.7
  SNOW DEPTH       0

DEGREE DAYS
 HEATING
  YESTERDAY        0                         1     -1        0
  MONTH TO DATE   48                        64    -16       29
  SINCE JUN 1     48                        64    -16       29
  SINCE JUL 1   6862                      6642    220     7015

 COOLING
  YESTERDAY        3                         5     -2        6
  MONTH TO DATE   87                        79      8       96
  SINCE JUN 1     87                        79      8       96
  SINCE JAN 1    190                       109     81      135
..................................................................


WIND (MPH)
  HIGHEST WIND SPEED    17   HIGHEST WIND DIRECTION    NE (30)
  HIGHEST GUST SPEED    21   HIGHEST GUST DIRECTION     N (20)
  AVERAGE WIND SPEED     6.4


SKY COVER
  AVERAGE SKY COVER 0.8


WEATHER CONDITIONS
 THE FOLLOWING WEATHER WAS RECORDED YESTERDAY.
  NO SIGNIFICANT WEATHER WAS OBSERVED.


RELATIVE HUMIDITY (PERCENT)
 HIGHEST    84          1200 AM
 LOWEST     53          1100 AM
 AVERAGE    69

..........................................................


THE ROCHESTER NY CLIMATE NORMALS FOR TODAY
                         NORMAL    RECORD    YEAR
 MAXIMUM TEMPERATURE (F)   79        96      1952
 MINIMUM TEMPERATURE (F)   59        43      1979


SUNRISE AND SUNSET
JUNE 26 2015..........SUNRISE   533 AM EDT   SUNSET   854 PM EDT
JUNE 27 2015..........SUNRISE   533 AM EDT   SUNSET   854 PM EDT


-  INDICATES NEGATIVE NUMBERS.
R  INDICATES RECORD WAS SET OR TIED.
MM INDICATES DATA IS MISSING.
T  INDICATES TRACE AMOUNT.




$$
