000
CDUS41 KBUF 121018
CLIROC


CLIMATE REPORT
NATIONAL WEATHER SERVICE BUFFALO NY
617 AM EDT MON JUN 12 2017


...................................

...THE ROCHESTER NY CLIMATE SUMMARY FOR JUNE 11 2017...

CLIMATE NORMAL PERIOD 1981 TO 2010
CLIMATE RECORD PERIOD 1871 TO 2017


WEATHER ITEM   OBSERVED TIME   RECORD YEAR NORMAL DEPARTURE LAST
                VALUE   (LST)  VALUE       VALUE  FROM      YEAR
                                                  NORMAL
..................................................................
TEMPERATURE (F)
 YESTERDAY
  MAXIMUM         86    223 PM  93    1973  76     10       87
                                      1959
                                      1947
  MINIMUM         68    407 AM  36    1972  55     13       51
  AVERAGE         77                        65     12       69

PRECIPITATION (IN)
  YESTERDAY        0.00          2.72 1922   0.11  -0.11     0.01
  MONTH TO DATE    0.92                      1.15  -0.23     0.75
  SINCE JUN 1      0.92                      1.15  -0.23     0.75
  SINCE JAN 1     20.90                     13.61   7.29    12.36

SNOWFALL (IN)
  YESTERDAY        0.0           0.0    MM   0.0    0.0      0.0
  MONTH TO DATE    0.0                       0.0    0.0      0.0
  SINCE JUN 1      0.0                       0.0    0.0      0.0
  SINCE JUL 1    107.1                      99.5    7.6     63.7
  SNOW DEPTH       0

DEGREE DAYS
 HEATING
  YESTERDAY        0                         3     -3        0
  MONTH TO DATE   41                        41      0       33
  SINCE JUN 1     41                        41      0       33
  SINCE JUL 1   5573                      6619  -1046     5641

 COOLING
  YESTERDAY       12                         3      9        4
  MONTH TO DATE   21                        25     -4       25
  SINCE JUN 1     21                        25     -4       25
  SINCE JAN 1     63                        55      8       87
..................................................................


WIND (MPH)
  HIGHEST WIND SPEED    28   HIGHEST WIND DIRECTION     W (250)
  HIGHEST GUST SPEED    37   HIGHEST GUST DIRECTION     W (270)
  AVERAGE WIND SPEED    15.2


SKY COVER
  AVERAGE SKY COVER 0.5


WEATHER CONDITIONS
 THE FOLLOWING WEATHER WAS RECORDED YESTERDAY.
  NO SIGNIFICANT WEATHER WAS OBSERVED.


RELATIVE HUMIDITY (PERCENT)
 HIGHEST    73           300 AM
 LOWEST     40           200 PM
 AVERAGE    57

..........................................................


THE ROCHESTER NY CLIMATE NORMALS FOR TODAY
                         NORMAL    RECORD    YEAR
 MAXIMUM TEMPERATURE (F)   76        94      1949
 MINIMUM TEMPERATURE (F)   55        40      1980
                                             1979


SUNRISE AND SUNSET
JUNE 12 2017..........SUNRISE   531 AM EDT   SUNSET   851 PM EDT
JUNE 13 2017..........SUNRISE   531 AM EDT   SUNSET   851 PM EDT


-  INDICATES NEGATIVE NUMBERS.
R  INDICATES RECORD WAS SET OR TIED.
MM INDICATES DATA IS MISSING.
T  INDICATES TRACE AMOUNT.




$$
