000
CDUS41 KBUF 261000
CLIROC


CLIMATE REPORT
NATIONAL WEATHER SERVICE BUFFALO NY
458 AM EST THU FEB 26 2015


...................................

...THE ROCHESTER NY CLIMATE SUMMARY FOR FEBRUARY 25 2015...

CLIMATE NORMAL PERIOD 1981 TO 2010
CLIMATE RECORD PERIOD 1871 TO 2015


WEATHER ITEM   OBSERVED TIME   RECORD YEAR NORMAL DEPARTURE LAST
                VALUE   (LST)  VALUE       VALUE  FROM      YEAR
                                                  NORMAL
..................................................................
TEMPERATURE (F)
 YESTERDAY
  MAXIMUM         22    724 AM  67    1957  36    -14       22
  MINIMUM         10   1039 PM  -8    1894  20    -10       17
  AVERAGE         16                        28    -12       20

PRECIPITATION (IN)
  YESTERDAY        0.05          1.44 1961   0.08  -0.03     0.03
  MONTH TO DATE    2.49                      1.72   0.77     2.23
  SINCE DEC 1      6.54                      6.76  -0.22     6.45
  SINCE JAN 1      4.23                      4.13   0.10     3.46

SNOWFALL (IN)
  YESTERDAY        1.4           9.5  1916   0.7    0.7      0.7
  MONTH TO DATE   44.8                      19.2   25.6     23.1
  SINCE DEC 1     79.1                      69.2    9.9     66.4
  SINCE JUL 1     88.2                      76.6   11.6     79.9
  SNOW DEPTH      16

DEGREE DAYS
 HEATING
  YESTERDAY       49                        37     12       45
  MONTH TO DATE 1308                       973    335     1058
  SINCE DEC 1   3650                      3309    341     3554
  SINCE JUL 1   4930                      4677    253     4926

 COOLING
  YESTERDAY        0                         0      0        0
  MONTH TO DATE    0                         0      0        0
  SINCE DEC 1      0                         0      0        0
  SINCE JAN 1      0                         0      0        0
..................................................................


WIND (MPH)
  HIGHEST WIND SPEED    28   HIGHEST WIND DIRECTION     W (290)
  HIGHEST GUST SPEED    37   HIGHEST GUST DIRECTION     W (290)
  AVERAGE WIND SPEED    12.5


SKY COVER
  AVERAGE SKY COVER 0.8


WEATHER CONDITIONS
 THE FOLLOWING WEATHER WAS RECORDED YESTERDAY.
  LIGHT SNOW
  FOG
  BLOWING SNOW


RELATIVE HUMIDITY (PERCENT)
 HIGHEST    91           600 AM
 LOWEST     49          1100 AM
 AVERAGE    70

..........................................................


THE ROCHESTER NY CLIMATE NORMALS FOR TODAY
                         NORMAL    RECORD    YEAR
 MAXIMUM TEMPERATURE (F)   37        66      2000
 MINIMUM TEMPERATURE (F)   21        -2      2003
                                             1963


SUNRISE AND SUNSET
FEBRUARY 26 2015......SUNRISE   652 AM EST   SUNSET   556 PM EST
FEBRUARY 27 2015......SUNRISE   650 AM EST   SUNSET   557 PM EST


-  INDICATES NEGATIVE NUMBERS.
R  INDICATES RECORD WAS SET OR TIED.
MM INDICATES DATA IS MISSING.
T  INDICATES TRACE AMOUNT.




$$
