848
CDUS41 KBUF 180705
CLIROC


CLIMATE REPORT
NATIONAL WEATHER SERVICE BUFFALO NY
305 AM EDT MON SEP 18 2017


...................................

...THE ROCHESTER NY CLIMATE SUMMARY FOR SEPTEMBER 17 2017...

CLIMATE NORMAL PERIOD 1981 TO 2010
CLIMATE RECORD PERIOD 1871 TO 2017


WEATHER ITEM   OBSERVED TIME   RECORD YEAR NORMAL DEPARTURE LAST
                VALUE   (LST)  VALUE       VALUE  FROM      YEAR
                                                  NORMAL
..................................................................
TEMPERATURE (F)
 YESTERDAY
  MAXIMUM         85    258 PM  91    1899  71     14       78
  MINIMUM         59    629 AM  32    1959  52      7       64
  AVERAGE         72                        61     11       71

PRECIPITATION (IN)
  YESTERDAY        0.00          1.33 1996   0.12  -0.12     1.01
  MONTH TO DATE    0.96                      1.90  -0.94     1.16
  SINCE SEP 1      0.96                      1.90  -0.94     1.16
  SINCE JAN 1     31.97                     24.50   7.47    18.81

SNOWFALL (IN)
  YESTERDAY        0.0           0.0    MM   0.0    0.0      0.0
  MONTH TO DATE    0.0                       0.0    0.0      0.0
  SINCE SEP 1      0.0                       0.0    0.0      0.0
  SINCE JUL 1      0.0                       0.0    0.0      0.0
  SNOW DEPTH       0

DEGREE DAYS
 HEATING
  YESTERDAY        0                         5     -5        0
  MONTH TO DATE   59                        53      6       10
  SINCE SEP 1     59                        53      6       10
  SINCE JUL 1     86                        87     -1       10

 COOLING
  YESTERDAY        7                         1      6        6
  MONTH TO DATE   29                        39    -10       82
  SINCE SEP 1     29                        39    -10       82
  SINCE JAN 1    545                       523     22      933
..................................................................


WIND (MPH)
  HIGHEST WIND SPEED    12   HIGHEST WIND DIRECTION    NE (30)
  HIGHEST GUST SPEED    14   HIGHEST GUST DIRECTION    NE (40)
  AVERAGE WIND SPEED     3.4


SKY COVER
  AVERAGE SKY COVER 0.3


WEATHER CONDITIONS
 THE FOLLOWING WEATHER WAS RECORDED YESTERDAY.
  FOG
  FOG W/VISIBILITY <= 1/4 MILE


RELATIVE HUMIDITY (PERCENT)
 HIGHEST   100          1200 AM
 LOWEST     48           300 PM
 AVERAGE    74

..........................................................


THE ROCHESTER NY CLIMATE NORMALS FOR TODAY
                         NORMAL    RECORD    YEAR
 MAXIMUM TEMPERATURE (F)   71        92      1955
 MINIMUM TEMPERATURE (F)   51        37      1990


SUNRISE AND SUNSET
SEPTEMBER 18 2017.....SUNRISE   654 AM EDT   SUNSET   715 PM EDT
SEPTEMBER 19 2017.....SUNRISE   655 AM EDT   SUNSET   713 PM EDT


-  INDICATES NEGATIVE NUMBERS.
R  INDICATES RECORD WAS SET OR TIED.
MM INDICATES DATA IS MISSING.
T  INDICATES TRACE AMOUNT.




$$
