307
CDUS41 KBUF 160705
CLIROC


CLIMATE REPORT
NATIONAL WEATHER SERVICE BUFFALO NY
305 AM EDT SAT JUL 16 2016


...................................

...THE ROCHESTER NY CLIMATE SUMMARY FOR JULY 15 2016...

CLIMATE NORMAL PERIOD 1981 TO 2010
CLIMATE RECORD PERIOD 1871 TO 2016


WEATHER ITEM   OBSERVED TIME   RECORD YEAR NORMAL DEPARTURE LAST
                VALUE   (LST)  VALUE       VALUE  FROM      YEAR
                                                  NORMAL
..................................................................
TEMPERATURE (F)
 YESTERDAY
  MAXIMUM         88   1229 PM  96    1983  81      7       70
  MINIMUM         66   1159 PM  48    1884  61      5       55
  AVERAGE         77                        71      6       63

PRECIPITATION (IN)
  YESTERDAY        T             2.36 2000   0.10  -0.10      T
  MONTH TO DATE    0.82                      1.57  -0.75     0.81
  SINCE JUN 1      1.73                      4.91  -3.18     7.01
  SINCE JAN 1     13.34                     17.37  -4.03    18.71

SNOWFALL (IN)
  YESTERDAY        0.0           0.0    MM   0.0    0.0      0.0
  MONTH TO DATE    0.0                       0.0    0.0      0.0
  SINCE JUN 1      0.0                       0.0    0.0      0.0
  SINCE JUL 1      0.0                       0.0    0.0      0.0
  SNOW DEPTH       0

DEGREE DAYS
 HEATING
  YESTERDAY        0                         0      0        2
  MONTH TO DATE    0                         6     -6        8
  SINCE JUN 1     47                        74    -27       65
  SINCE JUL 1      0                         6     -6        8

 COOLING
  YESTERDAY       12                         6      6        0
  MONTH TO DATE  153                        90     63       69
  SINCE JUN 1    282                       196     86      163
  SINCE JAN 1    344                       226    118      266
..................................................................


WIND (MPH)
  HIGHEST WIND SPEED    31   HIGHEST WIND DIRECTION     W (260)
  HIGHEST GUST SPEED    41   HIGHEST GUST DIRECTION     W (260)
  AVERAGE WIND SPEED    11.7


SKY COVER
  AVERAGE SKY COVER 0.5


WEATHER CONDITIONS
 THE FOLLOWING WEATHER WAS RECORDED YESTERDAY.
  NO SIGNIFICANT WEATHER WAS OBSERVED.


RELATIVE HUMIDITY (PERCENT)
 HIGHEST    84           600 AM
 LOWEST     34           200 PM
 AVERAGE    59

..........................................................


THE ROCHESTER NY CLIMATE NORMALS FOR TODAY
                         NORMAL    RECORD    YEAR
 MAXIMUM TEMPERATURE (F)   81        96      1988
 MINIMUM TEMPERATURE (F)   61        48      1946
                                             1888


SUNRISE AND SUNSET
JULY 16 2016..........SUNRISE   546 AM EDT   SUNSET   847 PM EDT
JULY 17 2016..........SUNRISE   547 AM EDT   SUNSET   846 PM EDT


-  INDICATES NEGATIVE NUMBERS.
R  INDICATES RECORD WAS SET OR TIED.
MM INDICATES DATA IS MISSING.
T  INDICATES TRACE AMOUNT.




$$
