000
CDUS41 KBUF 092041
CLIROC


CLIMATE REPORT
NATIONAL WEATHER SERVICE BUFFALO NY
439 PM EDT WED APR 9 2014


...................................

...THE ROCHESTER NY CLIMATE SUMMARY FOR APRIL 9 2014...
VALID TODAY AS OF 0400 PM LOCAL TIME.

CLIMATE NORMAL PERIOD 1981 TO 2010
CLIMATE RECORD PERIOD 1871 TO 2014


WEATHER ITEM   OBSERVED TIME   RECORD YEAR NORMAL DEPARTURE LAST
                VALUE   (LST)  VALUE       VALUE  FROM      YEAR
                                                  NORMAL
..................................................................
TEMPERATURE (F)
 TODAY
  MAXIMUM         49    228 PM  79    1969  53     -4       62
                                      1945
  MINIMUM         31    534 AM  16    1997  34     -3       44
  AVERAGE         40                        44     -4       53

PRECIPITATION (IN)
  TODAY            0.00          1.13 1906   0.10  -0.10     0.65
  MONTH TO DATE    1.31                      0.85   0.46     0.79
  SINCE MAR 1      3.67                      3.35   0.32     1.64
  SINCE JAN 1      7.29                      7.71  -0.42     5.95

SNOWFALL (IN)
  TODAY            0.0           6.4  1979   0.2   -0.2      0.0
  MONTH TO DATE    0.1                       1.9   -1.8      2.3
  SINCE MAR 1     29.4                      18.2   11.2     14.2
  SINCE JUL 1    112.5                      97.1   15.4     78.1
  SNOW DEPTH       0

DEGREE DAYS
 HEATING
  TODAY           25                        21      4       12
  MONTH TO DATE  226                       207     19      214
  SINCE MAR 1   1374                      1159    215     1185
  SINCE JUL 1   6459                      5945    514     5493

 COOLING
  TODAY            0                         0      0        0
  MONTH TO DATE    0                         0      0        0
  SINCE MAR 1      0                         0      0        0
  SINCE JAN 1      0                         0      0        0
..................................................................


WIND (MPH)
  HIGHEST WIND SPEED    17   HIGHEST WIND DIRECTION    NW (300)
  HIGHEST GUST SPEED    24   HIGHEST GUST DIRECTION     N (340)
  AVERAGE WIND SPEED     7.2


SKY COVER
  AVERAGE SKY COVER 0.5


WEATHER CONDITIONS
 THE FOLLOWING WEATHER WAS RECORDED TODAY.
  NO SIGNIFICANT WEATHER WAS OBSERVED.


RELATIVE HUMIDITY (PERCENT)
 HIGHEST    92           100 AM
 LOWEST     29           300 PM
 AVERAGE    61

..........................................................


THE ROCHESTER NY CLIMATE NORMALS FOR TOMORROW
                         NORMAL    RECORD    YEAR
 MAXIMUM TEMPERATURE (F)   54        85      1945
 MINIMUM TEMPERATURE (F)   35        16      1974


SUNRISE AND SUNSET
APRIL  9 2014.........SUNRISE   639 AM EDT   SUNSET   746 PM EDT
APRIL 10 2014.........SUNRISE   637 AM EDT   SUNSET   748 PM EDT


-  INDICATES NEGATIVE NUMBERS.
R  INDICATES RECORD WAS SET OR TIED.
MM INDICATES DATA IS MISSING.
T  INDICATES TRACE AMOUNT.




$$
