000
CDUS41 KBUF 130705
CLIROC


CLIMATE REPORT
NATIONAL WEATHER SERVICE BUFFALO NY
205 AM EST MON FEB 13 2017


...................................

...THE ROCHESTER NY CLIMATE SUMMARY FOR FEBRUARY 12 2017...

CLIMATE NORMAL PERIOD 1981 TO 2010
CLIMATE RECORD PERIOD 1871 TO 2017


WEATHER ITEM   OBSERVED TIME   RECORD YEAR NORMAL DEPARTURE LAST
                VALUE   (LST)  VALUE       VALUE  FROM      YEAR
                                                  NORMAL
..................................................................
TEMPERATURE (F)
 YESTERDAY
  MAXIMUM         36    853 PM  64    1965  33      3       27
  MINIMUM         30    649 AM -15    1979  18     12        9
  AVERAGE         33                        26      7       18

PRECIPITATION (IN)
  YESTERDAY        0.43          1.00 1871   0.07   0.36     0.06
  MONTH TO DATE    1.29                      0.80   0.49     1.00
  SINCE DEC 1      6.95                      5.84   1.11     5.25
  SINCE JAN 1      4.04                      3.21   0.83     2.52

SNOWFALL (IN)
  YESTERDAY       MM            16.0  1910   0.7   MM        1.4
  MONTH TO DATE    6.8                       9.3   -2.5      5.2
  SINCE DEC 1     47.9                      59.3  -11.4     27.7
  SINCE JUL 1     63.8                      66.7   -2.9     28.9
  SNOW DEPTH       0

DEGREE DAYS
 HEATING
  YESTERDAY       32                        39     -7       47
  MONTH TO DATE  426                       479    -53      377
  SINCE DEC 1   2497                      2815   -318     2235
  SINCE JUL 1   3475                      4183   -708     3275

 COOLING
  YESTERDAY        0                         0      0        0
  MONTH TO DATE    0                         0      0        0
  SINCE DEC 1      0                         0      0        0
  SINCE JAN 1      0                         0      0        0
..................................................................


WIND (MPH)
  HIGHEST WIND SPEED    26   HIGHEST WIND DIRECTION    NW (300)
  HIGHEST GUST SPEED    36   HIGHEST GUST DIRECTION    NW (300)
  AVERAGE WIND SPEED     8.3


SKY COVER
  AVERAGE SKY COVER 1.0


WEATHER CONDITIONS
 THE FOLLOWING WEATHER WAS RECORDED YESTERDAY.
  LIGHT RAIN
  LT FREEZING RAIN
  LIGHT SNOW
  SLEET
  FOG


RELATIVE HUMIDITY (PERCENT)
 HIGHEST   100           900 AM
 LOWEST     85          1200 AM
 AVERAGE    93

..........................................................


THE ROCHESTER NY CLIMATE NORMALS FOR TODAY
                         NORMAL    RECORD    YEAR
 MAXIMUM TEMPERATURE (F)   34        64      1984
 MINIMUM TEMPERATURE (F)   18       -12      1979


SUNRISE AND SUNSET
FEBRUARY 13 2017......SUNRISE   711 AM EST   SUNSET   540 PM EST
FEBRUARY 14 2017......SUNRISE   709 AM EST   SUNSET   541 PM EST


-  INDICATES NEGATIVE NUMBERS.
R  INDICATES RECORD WAS SET OR TIED.
MM INDICATES DATA IS MISSING.
T  INDICATES TRACE AMOUNT.




$$
