000
CDUS41 KBUF 121027
CLIROC


CLIMATE REPORT
NATIONAL WEATHER SERVICE BUFFALO NY
625 AM EDT WED APR 12 2017


...................................

...THE ROCHESTER NY CLIMATE SUMMARY FOR APRIL 11 2017...

CLIMATE NORMAL PERIOD 1981 TO 2010
CLIMATE RECORD PERIOD 1871 TO 2017


WEATHER ITEM   OBSERVED TIME   RECORD YEAR NORMAL DEPARTURE LAST
                VALUE   (LST)  VALUE       VALUE  FROM      YEAR
                                                  NORMAL
..................................................................
TEMPERATURE (F)
 YESTERDAY
  MAXIMUM         69   1109 AM  85    1945  54     15       55
  MINIMUM         54   1159 PM  14    1970  35     19       35
  AVERAGE         62                        45     17       45

PRECIPITATION (IN)
  YESTERDAY        0.10          0.80 1922   0.10   0.00     0.11
  MONTH TO DATE    2.64                      1.05   1.59     0.86
  SINCE MAR 1      7.30                      3.55   3.75     2.68
  SINCE JAN 1     12.38                      7.91   4.47     7.98

SNOWFALL (IN)
  YESTERDAY        0.0           9.0  1894   0.2   -0.2      0.0
  MONTH TO DATE    2.5                       2.3    0.2      8.8
  SINCE MAR 1     35.5                      18.6   16.9     12.0
  SINCE JUL 1    107.1                      97.5    9.6     63.7
  SNOW DEPTH       0

DEGREE DAYS
 HEATING
  YESTERDAY        3                        21    -18       20
  MONTH TO DATE  178                       249    -71      329
  SINCE MAR 1   1166                      1201    -35     1091
  SINCE JUL 1   5034                      5987   -953     5008

 COOLING
  YESTERDAY        0                         0      0        0
  MONTH TO DATE    3                         0      3        0
  SINCE MAR 1      3                         0      3        0
  SINCE JAN 1      3                         0      3        0
..................................................................


WIND (MPH)
  HIGHEST WIND SPEED    23   HIGHEST WIND DIRECTION     W (270)
  HIGHEST GUST SPEED    28   HIGHEST GUST DIRECTION     W (260)
  AVERAGE WIND SPEED     8.9


SKY COVER
  AVERAGE SKY COVER 0.9


WEATHER CONDITIONS
 THE FOLLOWING WEATHER WAS RECORDED YESTERDAY.
  LIGHT RAIN
  FOG


RELATIVE HUMIDITY (PERCENT)
 HIGHEST    84           100 PM
 LOWEST     55          1000 AM
 AVERAGE    70

..........................................................


THE ROCHESTER NY CLIMATE NORMALS FOR TODAY
                         NORMAL    RECORD    YEAR
 MAXIMUM TEMPERATURE (F)   55        85      1945
 MINIMUM TEMPERATURE (F)   36        20      1882
                                             1880
                                             1874


SUNRISE AND SUNSET
APRIL 12 2017.........SUNRISE   633 AM EDT   SUNSET   750 PM EDT
APRIL 13 2017.........SUNRISE   632 AM EDT   SUNSET   751 PM EDT


-  INDICATES NEGATIVE NUMBERS.
R  INDICATES RECORD WAS SET OR TIED.
MM INDICATES DATA IS MISSING.
T  INDICATES TRACE AMOUNT.




$$
