840
CDUS41 KBUF 290705
CLIROC


CLIMATE REPORT
NATIONAL WEATHER SERVICE BUFFALO NY
205 AM EST TUE NOV 29 2016


...................................

...THE ROCHESTER NY CLIMATE SUMMARY FOR NOVEMBER 28 2016...

CLIMATE NORMAL PERIOD 1981 TO 2010
CLIMATE RECORD PERIOD 1871 TO 2016


WEATHER ITEM   OBSERVED TIME   RECORD YEAR NORMAL DEPARTURE LAST
                VALUE   (LST)  VALUE       VALUE  FROM      YEAR
                                                  NORMAL
..................................................................
TEMPERATURE (F)
 YESTERDAY
  MAXIMUM         53    244 PM  74    1990  43     10       40
  MINIMUM         30    745 AM  11    1996  29      1       32
                                      1930
  AVERAGE         42                        36      6       36

PRECIPITATION (IN)
  YESTERDAY        0.00          1.51 1945   0.10  -0.10     0.04
  MONTH TO DATE    2.30                      2.74  -0.44     0.97
  SINCE SEP 1      9.86                      8.84   1.02     7.82
  SINCE JAN 1     27.51                     31.44  -3.93    33.95

SNOWFALL (IN)
  YESTERDAY        0.0           7.8  1958   0.4   -0.4       T
  MONTH TO DATE   15.0                       6.4    8.6      1.2
  SINCE SEP 1     15.9                       6.5    9.4      1.2
  SINCE JUL 1     15.9                       6.5    9.4      1.2
  SNOW DEPTH       0

DEGREE DAYS
 HEATING
  YESTERDAY       23                        29     -6       29
  MONTH TO DATE  557                       676   -119      486
  SINCE SEP 1    950                      1275   -325      962
  SINCE JUL 1    950                      1309   -359      981

 COOLING
  YESTERDAY        0                         0      0        0
  MONTH TO DATE    0                         0      0        0
  SINCE SEP 1    127                        55     72      144
  SINCE JAN 1    978                       539    439      698
..................................................................


WIND (MPH)
  HIGHEST WIND SPEED    15   HIGHEST WIND DIRECTION     S (180)
  HIGHEST GUST SPEED    23   HIGHEST GUST DIRECTION     S (180)
  AVERAGE WIND SPEED     5.7


SKY COVER
  AVERAGE SKY COVER 0.7


WEATHER CONDITIONS
 THE FOLLOWING WEATHER WAS RECORDED YESTERDAY.
  FOG


RELATIVE HUMIDITY (PERCENT)
 HIGHEST    92           100 AM
 LOWEST     44           200 PM
 AVERAGE    68

..........................................................


THE ROCHESTER NY CLIMATE NORMALS FOR TODAY
                         NORMAL    RECORD    YEAR
 MAXIMUM TEMPERATURE (F)   42        69      2006
 MINIMUM TEMPERATURE (F)   29         4      1875


SUNRISE AND SUNSET
NOVEMBER 29 2016......SUNRISE   721 AM EST   SUNSET   437 PM EST
NOVEMBER 30 2016......SUNRISE   722 AM EST   SUNSET   437 PM EST


-  INDICATES NEGATIVE NUMBERS.
R  INDICATES RECORD WAS SET OR TIED.
MM INDICATES DATA IS MISSING.
T  INDICATES TRACE AMOUNT.




$$
