000
CDUS41 KBUF 011017
CLIROC


CLIMATE REPORT
NATIONAL WEATHER SERVICE BUFFALO NY
616 AM EDT TUE JUL 1 2014


...................................

...THE ROCHESTER NY CLIMATE SUMMARY FOR JUNE 30 2014...

CLIMATE NORMAL PERIOD 1981 TO 2010
CLIMATE RECORD PERIOD 1871 TO 2014


WEATHER ITEM   OBSERVED TIME   RECORD YEAR NORMAL DEPARTURE LAST
                VALUE   (LST)  VALUE       VALUE  FROM      YEAR
                                                  NORMAL
..................................................................
TEMPERATURE (F)
 YESTERDAY
  MAXIMUM         90    518 PM  96    1964  80     10       77
  MINIMUM         72    620 AM  46    1900  60     12       60
                                      1896
  AVERAGE         81                        70     11       69

PRECIPITATION (IN)
  YESTERDAY        0.00          1.87 1998   0.12  -0.12      T
  MONTH TO DATE    2.06                      3.34  -1.28     6.27
  SINCE JUN 1      2.06                      3.34  -1.28     6.27
  SINCE JAN 1     15.06                     15.80  -0.74    18.10

SNOWFALL (IN)
  YESTERDAY        0.0           0.0    MM   0.0    0.0      0.0
  MONTH TO DATE    0.0                       0.0    0.0      0.0
  SINCE JUN 1      0.0                       0.0    0.0      0.0
  SINCE JUL 1    112.7                      99.5   13.2     78.1
  SNOW DEPTH       0

DEGREE DAYS
 HEATING
  YESTERDAY        0                         1     -1        0
  MONTH TO DATE   29                        69    -40       58
  SINCE JUN 1     29                        68    -39       58
  SINCE JUL 1   7015                      6646    369     6056

 COOLING
  YESTERDAY       16                         6     10        4
  MONTH TO DATE  150                       106     44      107
  SINCE JUN 1    150                       106     44      107
  SINCE JAN 1    189                       136     53      178
..................................................................


WIND (MPH)
  HIGHEST WIND SPEED    15   HIGHEST WIND DIRECTION    SW (230)
  HIGHEST GUST SPEED    17   HIGHEST GUST DIRECTION    SW (230)
  AVERAGE WIND SPEED     7.3


SKY COVER
  AVERAGE SKY COVER 0.6


WEATHER CONDITIONS
 THE FOLLOWING WEATHER WAS RECORDED YESTERDAY.
  NO SIGNIFICANT WEATHER WAS OBSERVED.


RELATIVE HUMIDITY (PERCENT)
 HIGHEST    84           600 AM
 LOWEST     47           200 PM
 AVERAGE    66

..........................................................


THE ROCHESTER NY CLIMATE NORMALS FOR TODAY
                         NORMAL    RECORD    YEAR
 MAXIMUM TEMPERATURE (F)   80        96      1901
 MINIMUM TEMPERATURE (F)   60        45      1943


SUNRISE AND SUNSET
JULY  1 2014..........SUNRISE   535 AM EDT   SUNSET   854 PM EDT
JULY  2 2014..........SUNRISE   535 AM EDT   SUNSET   854 PM EDT


-  INDICATES NEGATIVE NUMBERS.
R  INDICATES RECORD WAS SET OR TIED.
MM INDICATES DATA IS MISSING.
T  INDICATES TRACE AMOUNT.




$$
