000
CDUS41 KBUF 191039
CLIROC


CLIMATE REPORT
NATIONAL WEATHER SERVICE BUFFALO NY
636 AM EDT TUE AUG 19 2014


...................................

...THE ROCHESTER NY CLIMATE SUMMARY FOR AUGUST 18 2014...

CLIMATE NORMAL PERIOD 1981 TO 2010
CLIMATE RECORD PERIOD 1871 TO 2014


WEATHER ITEM   OBSERVED TIME   RECORD YEAR NORMAL DEPARTURE LAST
                VALUE   (LST)  VALUE       VALUE  FROM      YEAR
                                                  NORMAL
..................................................................
TEMPERATURE (F)
 YESTERDAY
  MAXIMUM         72    304 PM  93    1947  79     -7       81
  MINIMUM         54   1148 PM  46    1958  60     -6       57
                                      1941
  AVERAGE         63                        69     -6       69

PRECIPITATION (IN)
  YESTERDAY        0.00          1.38 1998   0.12  -0.12     0.00
  MONTH TO DATE    2.12                      2.12   0.00     1.96
  SINCE JUN 1     11.88                      8.79   3.09    12.64
  SINCE JAN 1     24.88                     21.25   3.63    24.47

SNOWFALL (IN)
  YESTERDAY        0.0           0.0    MM   0.0    0.0      0.0
  MONTH TO DATE    0.0                       0.0    0.0      0.0
  SINCE JUN 1      0.0                       0.0    0.0      0.0
  SINCE JUL 1      0.0                       0.0    0.0      0.0
  SNOW DEPTH       0

DEGREE DAYS
 HEATING
  YESTERDAY        2                         1      1        0
  MONTH TO DATE   14                         8      6        9
  SINCE JUN 1     50                        88    -38       75
  SINCE JUL 1     21                        20      1       17

 COOLING
  YESTERDAY        0                         5     -5        4
  MONTH TO DATE   58                       101    -43       55
  SINCE JUN 1    358                       400    -42      423
  SINCE JAN 1    397                       430    -33      494
..................................................................


WIND (MPH)
  HIGHEST WIND SPEED    12   HIGHEST WIND DIRECTION    NE (30)
  HIGHEST GUST SPEED    15   HIGHEST GUST DIRECTION     N (10)
  AVERAGE WIND SPEED     4.4


SKY COVER
  AVERAGE SKY COVER 0.5


WEATHER CONDITIONS
 THE FOLLOWING WEATHER WAS RECORDED YESTERDAY.
  NO SIGNIFICANT WEATHER WAS OBSERVED.


RELATIVE HUMIDITY (PERCENT)
 HIGHEST    93           400 AM
 LOWEST     57           200 PM
 AVERAGE    75

..........................................................


THE ROCHESTER NY CLIMATE NORMALS FOR TODAY
                         NORMAL    RECORD    YEAR
 MAXIMUM TEMPERATURE (F)   79        94      1936
 MINIMUM TEMPERATURE (F)   59        46      1977


SUNRISE AND SUNSET
AUGUST 19 2014........SUNRISE   621 AM EDT   SUNSET   807 PM EDT
AUGUST 20 2014........SUNRISE   622 AM EDT   SUNSET   805 PM EDT


-  INDICATES NEGATIVE NUMBERS.
R  INDICATES RECORD WAS SET OR TIED.
MM INDICATES DATA IS MISSING.
T  INDICATES TRACE AMOUNT.




$$
