000
CDUS41 KBUF 040705
CLIROC


CLIMATE REPORT
NATIONAL WEATHER SERVICE BUFFALO NY
305 AM EDT FRI AUG 4 2017


...................................

...THE ROCHESTER NY CLIMATE SUMMARY FOR AUGUST 3 2017...

CLIMATE NORMAL PERIOD 1981 TO 2010
CLIMATE RECORD PERIOD 1871 TO 2017


WEATHER ITEM   OBSERVED TIME   RECORD YEAR NORMAL DEPARTURE LAST
                VALUE   (LST)  VALUE       VALUE  FROM      YEAR
                                                  NORMAL
..................................................................
TEMPERATURE (F)
 YESTERDAY
  MAXIMUM         86    211 PM  95    1988  80      6       90
                                      1890
  MINIMUM         64    530 AM  46    1959  61      3       62
                                      1956
  AVERAGE         75                        71      4       76

PRECIPITATION (IN)
  YESTERDAY        0.14          2.00 1995   0.12   0.02     0.00
  MONTH TO DATE    0.29                      0.37  -0.08      T
  SINCE JUN 1      8.12                      7.04   1.08     2.13
  SINCE JAN 1     28.10                     19.50   8.60    13.74

SNOWFALL (IN)
  YESTERDAY        0.0           0.0    MM   0.0    0.0      0.0
  MONTH TO DATE    0.0                       0.0    0.0      0.0
  SINCE JUN 1      0.0                       0.0    0.0      0.0
  SINCE JUL 1      0.0                       0.0    0.0      0.0
  SNOW DEPTH       0

DEGREE DAYS
 HEATING
  YESTERDAY        0                         0      0        0
  MONTH TO DATE    0                         0      0        0
  SINCE JUN 1     47                        80    -33       47
  SINCE JUL 1      2                        12    -10        0

 COOLING
  YESTERDAY       10                         6      4       11
  MONTH TO DATE   31                        18     13       30
  SINCE JUN 1    362                       317     45      472
  SINCE JAN 1    404                       347     57      534
..................................................................


WIND (MPH)
  HIGHEST WIND SPEED    25   HIGHEST WIND DIRECTION     S (180)
  HIGHEST GUST SPEED    33   HIGHEST GUST DIRECTION     S (180)
  AVERAGE WIND SPEED     6.0


SKY COVER
  AVERAGE SKY COVER 0.6


WEATHER CONDITIONS
 THE FOLLOWING WEATHER WAS RECORDED YESTERDAY.
  THUNDERSTORM
  RAIN
  LIGHT RAIN
  FOG


RELATIVE HUMIDITY (PERCENT)
 HIGHEST    90          1000 PM
 LOWEST     48           100 PM
 AVERAGE    69

..........................................................


THE ROCHESTER NY CLIMATE NORMALS FOR TODAY
                         NORMAL    RECORD    YEAR
 MAXIMUM TEMPERATURE (F)   80        98      1944
 MINIMUM TEMPERATURE (F)   61        47      1886


SUNRISE AND SUNSET
AUGUST  4 2017........SUNRISE   605 AM EDT   SUNSET   828 PM EDT
AUGUST  5 2017........SUNRISE   606 AM EDT   SUNSET   827 PM EDT


-  INDICATES NEGATIVE NUMBERS.
R  INDICATES RECORD WAS SET OR TIED.
MM INDICATES DATA IS MISSING.
T  INDICATES TRACE AMOUNT.




$$
