000
CDUS41 KBUF 112023
CLIROC


CLIMATE REPORT
NATIONAL WEATHER SERVICE BUFFALO NY
422 PM EDT WED MAY 11 2016


...................................

...THE ROCHESTER NY CLIMATE SUMMARY FOR MAY 11 2016...
VALID TODAY AS OF 0400 PM LOCAL TIME.

CLIMATE NORMAL PERIOD 1981 TO 2010
CLIMATE RECORD PERIOD 1871 TO 2016


WEATHER ITEM   OBSERVED TIME   RECORD YEAR NORMAL DEPARTURE LAST
                VALUE   (LST)  VALUE       VALUE  FROM      YEAR
                                                  NORMAL
..................................................................
TEMPERATURE (F)
 TODAY
  MAXIMUM         69    100 PM  89    1979  66      3       79
                                      1953
                                      1911
  MINIMUM         38    506 AM  29    1966  45     -7       58
  AVERAGE         54                        55     -1       69

PRECIPITATION (IN)
  TODAY            0.00          0.91 2003   0.09  -0.09     0.53
  MONTH TO DATE    0.90                      0.98  -0.08     0.82
  SINCE MAR 1      4.28                      6.21  -1.93     4.86
  SINCE JAN 1      9.58                     10.57  -0.99     9.11

SNOWFALL (IN)
  TODAY            0.0           1.0  1907   0.1   -0.1      0.0
  MONTH TO DATE    0.0                       0.3   -0.3      0.0
  SINCE MAR 1     12.0                      20.5   -8.5     13.3
  SINCE JUL 1     63.7                      99.4  -35.7    101.9
  SNOW DEPTH       0

DEGREE DAYS
 HEATING
  TODAY           11                        10      1        0
  MONTH TO DATE  150                       128     22       25
  SINCE MAR 1   1586                      1645    -59     1617
  SINCE JUL 1   5503                      6431   -928     6711

 COOLING
  TODAY            0                         1     -1        4
  MONTH TO DATE    0                         2     -2       41
  SINCE MAR 1      0                         6     -6       41
  SINCE JAN 1      0                         6     -6       41
..................................................................


WIND (MPH)
  HIGHEST WIND SPEED    15   HIGHEST WIND DIRECTION     E (110)
  HIGHEST GUST SPEED    19   HIGHEST GUST DIRECTION     E (100)
  AVERAGE WIND SPEED     5.6


SKY COVER
  AVERAGE SKY COVER 0.2


WEATHER CONDITIONS
 THE FOLLOWING WEATHER WAS RECORDED TODAY.
  NO SIGNIFICANT WEATHER WAS OBSERVED.


RELATIVE HUMIDITY (PERCENT)
 HIGHEST    85           400 AM
 LOWEST     28          1000 AM
 AVERAGE    57

..........................................................


THE ROCHESTER NY CLIMATE NORMALS FOR TOMORROW
                         NORMAL    RECORD    YEAR
 MAXIMUM TEMPERATURE (F)   67        87      1879
 MINIMUM TEMPERATURE (F)   45        30      1907


SUNRISE AND SUNSET
MAY 11 2016...........SUNRISE   551 AM EDT   SUNSET   824 PM EDT
MAY 12 2016...........SUNRISE   550 AM EDT   SUNSET   825 PM EDT


-  INDICATES NEGATIVE NUMBERS.
R  INDICATES RECORD WAS SET OR TIED.
MM INDICATES DATA IS MISSING.
T  INDICATES TRACE AMOUNT.

$$
