000
CDUS41 KBUF 130705
CLIROC


CLIMATE REPORT
NATIONAL WEATHER SERVICE BUFFALO NY
305 AM EDT FRI OCT 13 2017


...................................

...THE ROCHESTER NY CLIMATE SUMMARY FOR OCTOBER 12 2017...

CLIMATE NORMAL PERIOD 1981 TO 2010
CLIMATE RECORD PERIOD 1871 TO 2017


WEATHER ITEM   OBSERVED TIME   RECORD YEAR NORMAL DEPARTURE LAST
                VALUE   (LST)  VALUE       VALUE  FROM      YEAR
                                                  NORMAL
..................................................................
TEMPERATURE (F)
 YESTERDAY
  MAXIMUM         64    230 PM  84    1938  61      3       76
                                      1928
                                      1893
  MINIMUM         51    612 AM  27    1876  43      8       46
  AVERAGE         58                        52      6       61

PRECIPITATION (IN)
  YESTERDAY        0.12          1.29 1946   0.09   0.03     0.00
  MONTH TO DATE    3.48                      1.11   2.37     0.57
  SINCE SEP 1      4.76                      4.49   0.27     2.87
  SINCE JAN 1     35.77                     27.09   8.68    20.52

SNOWFALL (IN)
  YESTERDAY        0.0           T    1988   0.0    0.0      0.0
  MONTH TO DATE    0.0                       0.0    0.0      0.0
  SINCE SEP 1      0.0                       0.0    0.0      0.0
  SINCE JUL 1      0.0                       0.0    0.0      0.0
  SNOW DEPTH       0

DEGREE DAYS
 HEATING
  YESTERDAY        7                        13     -6        4
  MONTH TO DATE   43                       138    -95       70
  SINCE SEP 1    135                       285   -150      121
  SINCE JUL 1    162                       319   -157      121

 COOLING
  YESTERDAY        0                         0      0        0
  MONTH TO DATE   21                         0     21        1
  SINCE SEP 1    138                        50     88      113
  SINCE JAN 1    654                       534    120      964
..................................................................


WIND (MPH)
  HIGHEST WIND SPEED    17   HIGHEST WIND DIRECTION    SE (140)
  HIGHEST GUST SPEED    23   HIGHEST GUST DIRECTION     E (80)
  AVERAGE WIND SPEED     9.8


SKY COVER
  AVERAGE SKY COVER 0.9


WEATHER CONDITIONS
 THE FOLLOWING WEATHER WAS RECORDED YESTERDAY.
  LIGHT RAIN
  FOG


RELATIVE HUMIDITY (PERCENT)
 HIGHEST   100           200 AM
 LOWEST     67           600 PM
 AVERAGE    84

..........................................................


THE ROCHESTER NY CLIMATE NORMALS FOR TODAY
                         NORMAL    RECORD    YEAR
 MAXIMUM TEMPERATURE (F)   61        83      1995
                                             1969
 MINIMUM TEMPERATURE (F)   42        26      1993


SUNRISE AND SUNSET
OCTOBER 13 2017.......SUNRISE   722 AM EDT   SUNSET   631 PM EDT
OCTOBER 14 2017.......SUNRISE   723 AM EDT   SUNSET   629 PM EDT


-  INDICATES NEGATIVE NUMBERS.
R  INDICATES RECORD WAS SET OR TIED.
MM INDICATES DATA IS MISSING.
T  INDICATES TRACE AMOUNT.




$$
