000
CDUS41 KBUF 080705
CLIROC


CLIMATE REPORT
NATIONAL WEATHER SERVICE BUFFALO NY
305 AM EDT THU JUN 8 2017


...................................

...THE ROCHESTER NY CLIMATE SUMMARY FOR JUNE 7 2017...

CLIMATE NORMAL PERIOD 1981 TO 2010
CLIMATE RECORD PERIOD 1871 TO 2017


WEATHER ITEM   OBSERVED TIME   RECORD YEAR NORMAL DEPARTURE LAST
                VALUE   (LST)  VALUE       VALUE  FROM      YEAR
                                                  NORMAL
..................................................................
TEMPERATURE (F)
 YESTERDAY
  MAXIMUM         69    412 PM  91    1955  74     -5       69
                                      1925
  MINIMUM         51   1143 PM  36    1879  54     -3       55
  AVERAGE         60                        64     -4       62

PRECIPITATION (IN)
  YESTERDAY        T             2.01 1980   0.10  -0.10     0.12
  MONTH TO DATE    0.92                      0.71   0.21     0.74
  SINCE JUN 1      0.92                      0.71   0.21     0.74
  SINCE JAN 1     20.90                     13.17   7.73    12.35

SNOWFALL (IN)
  YESTERDAY        0.0           0.0    MM   0.0    0.0      0.0
  MONTH TO DATE    0.0                       0.0    0.0      0.0
  SINCE JUN 1      0.0                       0.0    0.0      0.0
  SINCE JUL 1    107.1                      99.5    7.6     63.7
  SNOW DEPTH       0

DEGREE DAYS
 HEATING
  YESTERDAY        5                         3      2        3
  MONTH TO DATE   39                        29     10        6
  SINCE JUN 1     39                        29     10        6
  SINCE JUL 1   5571                      6607  -1036     5614

 COOLING
  YESTERDAY        0                         2     -2        0
  MONTH TO DATE    0                        14    -14       21
  SINCE JUN 1      0                        14    -14       21
  SINCE JAN 1     42                        44     -2       83
..................................................................


WIND (MPH)
  HIGHEST WIND SPEED    15   HIGHEST WIND DIRECTION    NE (50)
  HIGHEST GUST SPEED    18   HIGHEST GUST DIRECTION    NE (60)
  AVERAGE WIND SPEED     7.1


SKY COVER
  AVERAGE SKY COVER 0.4


WEATHER CONDITIONS
 THE FOLLOWING WEATHER WAS RECORDED YESTERDAY.
  NO SIGNIFICANT WEATHER WAS OBSERVED.


RELATIVE HUMIDITY (PERCENT)
 HIGHEST    89           200 AM
 LOWEST     39           200 PM
 AVERAGE    64

..........................................................


THE ROCHESTER NY CLIMATE NORMALS FOR TODAY
                         NORMAL    RECORD    YEAR
 MAXIMUM TEMPERATURE (F)   75        92      2007
                                             1906
 MINIMUM TEMPERATURE (F)   54        35      1949


SUNRISE AND SUNSET
JUNE  8 2017..........SUNRISE   531 AM EDT   SUNSET   849 PM EDT
JUNE  9 2017..........SUNRISE   531 AM EDT   SUNSET   849 PM EDT


-  INDICATES NEGATIVE NUMBERS.
R  INDICATES RECORD WAS SET OR TIED.
MM INDICATES DATA IS MISSING.
T  INDICATES TRACE AMOUNT.




$$
