000
CDUS41 KBUF 202034
CLIROC


CLIMATE REPORT
NATIONAL WEATHER SERVICE BUFFALO NY
430 PM EDT THU AUG 20 2015


...................................

...THE ROCHESTER NY CLIMATE SUMMARY FOR AUGUST 20 2015...
VALID TODAY AS OF 400 PM LOCAL TIME.

CLIMATE NORMAL PERIOD 1981 TO 2010
CLIMATE RECORD PERIOD 1871 TO 2015


WEATHER ITEM   OBSERVED TIME   RECORD YEAR NORMAL DEPARTURE LAST
                VALUE   (LST)  VALUE       VALUE  FROM      YEAR
                                                  NORMAL
..................................................................
TEMPERATURE (F)
 TODAY
  MAXIMUM         84   1202 PM  93    1955  79      5       79
  MINIMUM         71    313 PM  46    2000  59     12       61
                                      1977
                                      1896
  AVERAGE         78                        69      9       70

PRECIPITATION (IN)
  TODAY            1.81R         1.50 1999   0.11   1.70      T
  MONTH TO DATE    4.54                      2.33   2.21     2.12
  SINCE JUN 1     14.30                      9.00   5.30    11.88
  SINCE JAN 1     26.00                     21.46   4.54    24.88

SNOWFALL (IN)
  TODAY            0.0           0.0    MM   0.0    0.0      0.0
  MONTH TO DATE    0.0                       0.0    0.0      0.0
  SINCE JUN 1      0.0                       0.0    0.0      0.0
  SINCE JUL 1      0.0                       0.0    0.0      0.0
  SNOW DEPTH       0

DEGREE DAYS
 HEATING
  TODAY            0                         1     -1        0
  MONTH TO DATE    1                        10     -9       14
  SINCE JUN 1     69                        90    -21       50
  SINCE JUL 1     12                        22    -10       21

 COOLING
  TODAY           13                         5      8        5
  MONTH TO DATE  128                       111     17       63
  SINCE JUN 1    422                       410     12      363
  SINCE JAN 1    525                       440     85      402
..................................................................


WIND (MPH)
  HIGHEST WIND SPEED    31   HIGHEST WIND DIRECTION     W (280)
  HIGHEST GUST SPEED    35   HIGHEST GUST DIRECTION     W (270)
  AVERAGE WIND SPEED    12.2


SKY COVER
  AVERAGE SKY COVER 0.8


WEATHER CONDITIONS
 THE FOLLOWING WEATHER WAS RECORDED TODAY.
  THUNDERSTORM
  HEAVY RAIN
  RAIN
  LIGHT RAIN
  FOG
  FOG W/VISIBILITY <= 1/4 MILE


RELATIVE HUMIDITY (PERCENT)
 HIGHEST    79           500 AM
 LOWEST     61          1100 AM
 AVERAGE    70

..........................................................


THE ROCHESTER NY CLIMATE NORMALS FOR TOMORROW
                         NORMAL    RECORD    YEAR
 MAXIMUM TEMPERATURE (F)   79        95      1916
 MINIMUM TEMPERATURE (F)   59        44      1950


SUNRISE AND SUNSET
AUGUST 20 2015........SUNRISE   622 AM EDT   SUNSET   806 PM EDT
AUGUST 21 2015........SUNRISE   623 AM EDT   SUNSET   804 PM EDT


-  INDICATES NEGATIVE NUMBERS.
R  INDICATES RECORD WAS SET OR TIED.
MM INDICATES DATA IS MISSING.
T  INDICATES TRACE AMOUNT.




$$
