000
CDUS41 KBUF 160706
CLIROC


CLIMATE REPORT
NATIONAL WEATHER SERVICE BUFFALO NY
305 AM EDT SAT APR 16 2016


...................................

...THE ROCHESTER NY CLIMATE SUMMARY FOR APRIL 15 2016...

CLIMATE NORMAL PERIOD 1981 TO 2010
CLIMATE RECORD PERIOD 1871 TO 2016


WEATHER ITEM   OBSERVED TIME   RECORD YEAR NORMAL DEPARTURE LAST
                VALUE   (LST)  VALUE       VALUE  FROM      YEAR
                                                  NORMAL
..................................................................
TEMPERATURE (F)
 YESTERDAY
  MAXIMUM         63    210 PM  86    1994  56      7       60
  MINIMUM         29    407 AM  18    1904  37     -8       38
  AVERAGE         46                        46      0       49

PRECIPITATION (IN)
  YESTERDAY        0.00          1.41 1887   0.09  -0.09     0.00
  MONTH TO DATE    0.87                      1.43  -0.56     1.52
  SINCE MAR 1      2.69                      3.93  -1.24     2.86
  SINCE JAN 1      7.99                      8.29  -0.30     7.11

SNOWFALL (IN)
  YESTERDAY        0.0           1.3  1904   0.1   -0.1      0.0
  MONTH TO DATE    8.8                       2.9    5.9       T
  SINCE MAR 1     12.0                      19.2   -7.2     12.8
  SINCE JUL 1     63.7                      98.1  -34.4    101.4
  SNOW DEPTH       0

DEGREE DAYS
 HEATING
  YESTERDAY       19                        19      0       16
  MONTH TO DATE  432                       327    105      277
  SINCE MAR 1   1194                      1279    -85     1355
  SINCE JUL 1   5111                      6065   -954     6449

 COOLING
  YESTERDAY        0                         0      0        0
  MONTH TO DATE    0                         0      0        0
  SINCE MAR 1      0                         0      0        0
  SINCE JAN 1      0                         0      0        0
..................................................................


WIND (MPH)
  HIGHEST WIND SPEED    18   HIGHEST WIND DIRECTION    NE (30)
  HIGHEST GUST SPEED    22   HIGHEST GUST DIRECTION    NE (40)
  AVERAGE WIND SPEED     5.5


SKY COVER
  AVERAGE SKY COVER 0.3


WEATHER CONDITIONS
 THE FOLLOWING WEATHER WAS RECORDED YESTERDAY.
  NO SIGNIFICANT WEATHER WAS OBSERVED.


RELATIVE HUMIDITY (PERCENT)
 HIGHEST    78           400 AM
 LOWEST     25          1200 PM
 AVERAGE    52

..........................................................


THE ROCHESTER NY CLIMATE NORMALS FOR TODAY
                         NORMAL    RECORD    YEAR
 MAXIMUM TEMPERATURE (F)   56        87      2012
 MINIMUM TEMPERATURE (F)   37        22      1943
                                             1875


SUNRISE AND SUNSET
APRIL 16 2016.........SUNRISE   626 AM EDT   SUNSET   755 PM EDT
APRIL 17 2016.........SUNRISE   625 AM EDT   SUNSET   756 PM EDT


-  INDICATES NEGATIVE NUMBERS.
R  INDICATES RECORD WAS SET OR TIED.
MM INDICATES DATA IS MISSING.
T  INDICATES TRACE AMOUNT.




$$
