000
CDUS41 KBUF 151014
CLIROC


CLIMATE REPORT
NATIONAL WEATHER SERVICE BUFFALO NY
613 AM EDT FRI AUG 15 2014


...................................

...THE ROCHESTER NY CLIMATE SUMMARY FOR AUGUST 14 2014...

CLIMATE NORMAL PERIOD 1981 TO 2010
CLIMATE RECORD PERIOD 1871 TO 2014


WEATHER ITEM   OBSERVED TIME   RECORD YEAR NORMAL DEPARTURE LAST
                VALUE   (LST)  VALUE       VALUE  FROM      YEAR
                                                  NORMAL
..................................................................
TEMPERATURE (F)
 YESTERDAY
  MAXIMUM         67    104 PM  97    2002  80    -13       69
  MINIMUM         53    326 AM  46    1964  60     -7       53
  AVERAGE         60                        70    -10       61

PRECIPITATION (IN)
  YESTERDAY        0.00          1.21 2011   0.12  -0.12     0.04
  MONTH TO DATE    2.00                      1.65   0.35     1.96
  SINCE JUN 1     11.76                      8.32   3.44    12.64
  SINCE JAN 1     24.76                     20.78   3.98    24.47

SNOWFALL (IN)
  YESTERDAY        0.0           0.0    MM   0.0    0.0      0.0
  MONTH TO DATE    0.0                       0.0    0.0      0.0
  SINCE JUN 1      0.0                       0.0    0.0      0.0
  SINCE JUL 1      0.0                       0.0    0.0      0.0
  SNOW DEPTH       0

DEGREE DAYS
 HEATING
  YESTERDAY        5                         1      4        4
  MONTH TO DATE    6                         4      2        7
  SINCE JUN 1     42                        84    -42       73
  SINCE JUL 1     13                        16     -3       15

 COOLING
  YESTERDAY        0                         5     -5        0
  MONTH TO DATE   57                        81    -24       48
  SINCE JUN 1    357                       380    -23      416
  SINCE JAN 1    396                       410    -14      487
..................................................................


WIND (MPH)
  HIGHEST WIND SPEED    20   HIGHEST WIND DIRECTION     W (260)
  HIGHEST GUST SPEED    33   HIGHEST GUST DIRECTION     W (280)
  AVERAGE WIND SPEED    10.4


SKY COVER
  AVERAGE SKY COVER 0.8


WEATHER CONDITIONS
 THE FOLLOWING WEATHER WAS RECORDED YESTERDAY.
  NO SIGNIFICANT WEATHER WAS OBSERVED.


RELATIVE HUMIDITY (PERCENT)
 HIGHEST    93           500 AM
 LOWEST     51           700 PM
 AVERAGE    72

..........................................................


THE ROCHESTER NY CLIMATE NORMALS FOR TODAY
                         NORMAL    RECORD    YEAR
 MAXIMUM TEMPERATURE (F)   79        96      1959
 MINIMUM TEMPERATURE (F)   60        47      1964


SUNRISE AND SUNSET
AUGUST 15 2014........SUNRISE   616 AM EDT   SUNSET   813 PM EDT
AUGUST 16 2014........SUNRISE   617 AM EDT   SUNSET   812 PM EDT


-  INDICATES NEGATIVE NUMBERS.
R  INDICATES RECORD WAS SET OR TIED.
MM INDICATES DATA IS MISSING.
T  INDICATES TRACE AMOUNT.




$$
