000
CDUS41 KBUF 121012
CLIROC


CLIMATE REPORT
NATIONAL WEATHER SERVICE BUFFALO NY
611 AM EDT TUE AUG 12 2014


...................................

...THE ROCHESTER NY CLIMATE SUMMARY FOR AUGUST 11 2014...

CLIMATE NORMAL PERIOD 1981 TO 2010
CLIMATE RECORD PERIOD 1871 TO 2014


WEATHER ITEM   OBSERVED TIME   RECORD YEAR NORMAL DEPARTURE LAST
                VALUE   (LST)  VALUE       VALUE  FROM      YEAR
                                                  NORMAL
..................................................................
TEMPERATURE (F)
 YESTERDAY
  MAXIMUM         83    354 PM  97    1944  80      3       76
                                      1893
  MINIMUM         60    547 AM  49    1982  60      0       53
                                      1962
                                      1894
  AVERAGE         72                        70      2       65

PRECIPITATION (IN)
  YESTERDAY        0.00          3.12 1937   0.12  -0.12     0.00
  MONTH TO DATE    0.86                      1.31  -0.45     1.66
  SINCE JUN 1     10.62                      7.98   2.64    12.34
  SINCE JAN 1     23.62                     20.44   3.18    24.17

SNOWFALL (IN)
  YESTERDAY        0.0           0.0    MM   0.0    0.0      0.0
  MONTH TO DATE    0.0                       0.0    0.0      0.0
  SINCE JUN 1      0.0                       0.0    0.0      0.0
  SINCE JUL 1      0.0                       0.0    0.0      0.0
  SNOW DEPTH       0

DEGREE DAYS
 HEATING
  YESTERDAY        0                         1     -1        0
  MONTH TO DATE    0                         1     -1        3
  SINCE JUN 1     36                        81    -45       69
  SINCE JUL 1      7                        13     -6       11

 COOLING
  YESTERDAY        7                         6      1        0
  MONTH TO DATE   50                        66    -16       42
  SINCE JUN 1    350                       365    -15      410
  SINCE JAN 1    389                       395     -6      481
..................................................................


WIND (MPH)
  HIGHEST WIND SPEED    20   HIGHEST WIND DIRECTION     S (170)
  HIGHEST GUST SPEED    25   HIGHEST GUST DIRECTION     S (170)
  AVERAGE WIND SPEED     8.3


SKY COVER
  AVERAGE SKY COVER 0.7


WEATHER CONDITIONS
 THE FOLLOWING WEATHER WAS RECORDED YESTERDAY.
  NO SIGNIFICANT WEATHER WAS OBSERVED.


RELATIVE HUMIDITY (PERCENT)
 HIGHEST    97           600 AM
 LOWEST     37           200 PM
 AVERAGE    67

..........................................................


THE ROCHESTER NY CLIMATE NORMALS FOR TODAY
                         NORMAL    RECORD    YEAR
 MAXIMUM TEMPERATURE (F)   80        96      1874
 MINIMUM TEMPERATURE (F)   60        46      1987


SUNRISE AND SUNSET
AUGUST 12 2014........SUNRISE   613 AM EDT   SUNSET   818 PM EDT
AUGUST 13 2014........SUNRISE   614 AM EDT   SUNSET   816 PM EDT


-  INDICATES NEGATIVE NUMBERS.
R  INDICATES RECORD WAS SET OR TIED.
MM INDICATES DATA IS MISSING.
T  INDICATES TRACE AMOUNT.




$$
