000
CDUS41 KBUF 021017
CLIROC


CLIMATE REPORT
NATIONAL WEATHER SERVICE BUFFALO NY
616 AM EDT THU NOV 2 2017


...................................

...THE ROCHESTER NY CLIMATE SUMMARY FOR NOVEMBER 1 2017...

CLIMATE NORMAL PERIOD 1981 TO 2010
CLIMATE RECORD PERIOD 1871 TO 2017


WEATHER ITEM   OBSERVED TIME   RECORD YEAR NORMAL DEPARTURE LAST
                VALUE   (LST)  VALUE       VALUE  FROM      YEAR
                                                  NORMAL
..................................................................
TEMPERATURE (F)
 YESTERDAY
  MAXIMUM         45   1159 PM  81    1950  54     -9       69
  MINIMUM         39    644 AM  22    1879  37      2       32
  AVERAGE         42                        46     -4       51

PRECIPITATION (IN)
  YESTERDAY        0.06          1.83 1994   0.10  -0.04     0.00
  MONTH TO DATE    0.06                      0.10  -0.04     0.00
  SINCE SEP 1      8.05                      6.20   1.85     7.56
  SINCE JAN 1     39.06                     28.80  10.26    25.21

SNOWFALL (IN)
  YESTERDAY        0.0           5.6  1951   0.1   -0.1      0.0
  MONTH TO DATE    0.0                       0.1   -0.1      0.0
  SINCE SEP 1      0.0                       0.2   -0.2      0.9
  SINCE JUL 1      0.0                       0.2   -0.2      0.9
  SNOW DEPTH       0

DEGREE DAYS
 HEATING
  YESTERDAY       23                        20      3       14
  MONTH TO DATE   23                        20      3       14
  SINCE SEP 1    358                       619   -261      407
  SINCE JUL 1    385                       653   -268      407

 COOLING
  YESTERDAY        0                         0      0        0
  MONTH TO DATE    0                         0      0        0
  SINCE SEP 1    139                        55     84      127
  SINCE JAN 1    655                       539    116      978
..................................................................


WIND (MPH)
  HIGHEST WIND SPEED    18   HIGHEST WIND DIRECTION     S (200)
  HIGHEST GUST SPEED    22   HIGHEST GUST DIRECTION     S (190)
  AVERAGE WIND SPEED     5.9


SKY COVER
  AVERAGE SKY COVER 1.0


WEATHER CONDITIONS
 THE FOLLOWING WEATHER WAS RECORDED YESTERDAY.
  LIGHT RAIN


RELATIVE HUMIDITY (PERCENT)
 HIGHEST   100           900 PM
 LOWEST     62           900 AM
 AVERAGE    81

..........................................................


THE ROCHESTER NY CLIMATE NORMALS FOR TODAY
                         NORMAL    RECORD    YEAR
 MAXIMUM TEMPERATURE (F)   54        80      1933
 MINIMUM TEMPERATURE (F)   37        21      1965


SUNRISE AND SUNSET
NOVEMBER  2 2017......SUNRISE   747 AM EDT   SUNSET   601 PM EDT
NOVEMBER  3 2017......SUNRISE   748 AM EDT   SUNSET   600 PM EDT


-  INDICATES NEGATIVE NUMBERS.
R  INDICATES RECORD WAS SET OR TIED.
MM INDICATES DATA IS MISSING.
T  INDICATES TRACE AMOUNT.




$$
