000
CDUS41 KBUF 182145
CLIROC


CLIMATE REPORT
NATIONAL WEATHER SERVICE BUFFALO NY
444 PM EST TUE NOV 18 2014


...................................

...THE ROCHESTER NY CLIMATE SUMMARY FOR NOVEMBER 18 2014...
VALID TODAY AS OF 0400 PM LOCAL TIME.

CLIMATE NORMAL PERIOD 1981 TO 2010
CLIMATE RECORD PERIOD 1871 TO 2014


WEATHER ITEM   OBSERVED TIME   RECORD YEAR NORMAL DEPARTURE LAST
                VALUE   (LST)  VALUE       VALUE  FROM      YEAR
                                                  NORMAL
..................................................................
TEMPERATURE (F)
 TODAY
  MAXIMUM         26   1227 AM  71    1958  47    -21       56
                                      1896
  MINIMUM         17    848 AM  14    1959  32    -15       37
  AVERAGE         22                        40    -18       47

PRECIPITATION (IN)
  TODAY            0.01          0.85 1892   0.11  -0.10     0.02
  MONTH TO DATE    1.81                      1.74   0.07     1.66
  SINCE SEP 1      5.03                      7.84  -2.81     7.39
  SINCE JAN 1     30.06                     30.44  -0.38    32.60

SNOWFALL (IN)
  TODAY            0.3           7.6  1880   0.3    0.0       T
  MONTH TO DATE    3.2                       3.0    0.2      1.8
  SINCE SEP 1      3.2                       3.1    0.1      1.8
  SINCE JUL 1      3.2                       3.1    0.1      1.8
  SNOW DEPTH       1

DEGREE DAYS
 HEATING
  TODAY           43                        25     18       18
  MONTH TO DATE  435                       402     33      377
  SINCE SEP 1    907                      1001    -94      914
  SINCE JUL 1    932                      1035   -103      932

 COOLING
  TODAY            0                         0      0        0
  MONTH TO DATE    0                         0      0        0
  SINCE SEP 1     78                        55     23       69
  SINCE JAN 1    542                       539      3      660
..................................................................


WIND (MPH)
  HIGHEST WIND SPEED    26   HIGHEST WIND DIRECTION    SW (230)
  HIGHEST GUST SPEED    37   HIGHEST GUST DIRECTION    SW (230)
  AVERAGE WIND SPEED    17.6


SKY COVER
  AVERAGE SKY COVER 0.7


WEATHER CONDITIONS
 THE FOLLOWING WEATHER WAS RECORDED TODAY.
  LIGHT SNOW
  FOG
  HAZE
  BLOWING SNOW


RELATIVE HUMIDITY (PERCENT)
 HIGHEST    84           400 AM
 LOWEST     57          1200 AM
 AVERAGE    71

..........................................................


THE ROCHESTER NY CLIMATE NORMALS FOR TOMORROW
                         NORMAL    RECORD    YEAR
 MAXIMUM TEMPERATURE (F)   47        73      1941
                                             1921
 MINIMUM TEMPERATURE (F)   32        11      1894


SUNRISE AND SUNSET
NOVEMBER 18 2014......SUNRISE   707 AM EST   SUNSET   444 PM EST
NOVEMBER 19 2014......SUNRISE   708 AM EST   SUNSET   443 PM EST


-  INDICATES NEGATIVE NUMBERS.
R  INDICATES RECORD WAS SET OR TIED.
MM INDICATES DATA IS MISSING.
T  INDICATES TRACE AMOUNT.

$$
