000
CDUS41 KBUF 120705
CLIROC


CLIMATE REPORT
NATIONAL WEATHER SERVICE BUFFALO NY
305 AM EDT FRI AUG 12 2016


...................................

...THE ROCHESTER NY CLIMATE SUMMARY FOR AUGUST 11 2016...

CLIMATE NORMAL PERIOD 1981 TO 2010
CLIMATE RECORD PERIOD 1871 TO 2016


WEATHER ITEM   OBSERVED TIME   RECORD YEAR NORMAL DEPARTURE LAST
                VALUE   (LST)  VALUE       VALUE  FROM      YEAR
                                                  NORMAL
..................................................................
TEMPERATURE (F)
 YESTERDAY
  MAXIMUM         94    219 PM  97    1944  80     14       78
                                      1893
  MINIMUM         71    534 AM  49    1982  60     11       65
                                      1962
                                      1894
  AVERAGE         83                        70     13       72

PRECIPITATION (IN)
  YESTERDAY        0.00          3.12 1937   0.12  -0.12      T
  MONTH TO DATE    0.50                      1.31  -0.81     2.51
  SINCE JUN 1      2.63                      7.98  -5.35    12.27
  SINCE JAN 1     14.24                     20.44  -6.20    23.97

SNOWFALL (IN)
  YESTERDAY        0.0           0.0    MM   0.0    0.0      0.0
  MONTH TO DATE    0.0                       0.0    0.0      0.0
  SINCE JUN 1      0.0                       0.0    0.0      0.0
  SINCE JUL 1      0.0                       0.0    0.0      0.0
  SNOW DEPTH       0

DEGREE DAYS
 HEATING
  YESTERDAY        0                         1     -1        0
  MONTH TO DATE    0                         1     -1        1
  SINCE JUN 1     47                        81    -34       69
  SINCE JUL 1      0                        13    -13       12

 COOLING
  YESTERDAY       18                         6     12        7
  MONTH TO DATE  134                        66     68       45
  SINCE JUN 1    576                       365    211      339
  SINCE JAN 1    638                       395    243      442
..................................................................


WIND (MPH)
  HIGHEST WIND SPEED    21   HIGHEST WIND DIRECTION    SW (230)
  HIGHEST GUST SPEED    24   HIGHEST GUST DIRECTION    SW (230)
  AVERAGE WIND SPEED     7.3


SKY COVER
  AVERAGE SKY COVER 0.4


WEATHER CONDITIONS
 THE FOLLOWING WEATHER WAS RECORDED YESTERDAY.
  FOG


RELATIVE HUMIDITY (PERCENT)
 HIGHEST    93           300 AM
 LOWEST     44          1200 PM
 AVERAGE    69

..........................................................


THE ROCHESTER NY CLIMATE NORMALS FOR TODAY
                         NORMAL    RECORD    YEAR
 MAXIMUM TEMPERATURE (F)   80        96      1874
 MINIMUM TEMPERATURE (F)   60        46      1987


SUNRISE AND SUNSET
AUGUST 12 2016........SUNRISE   614 AM EDT   SUNSET   817 PM EDT
AUGUST 13 2016........SUNRISE   615 AM EDT   SUNSET   815 PM EDT


-  INDICATES NEGATIVE NUMBERS.
R  INDICATES RECORD WAS SET OR TIED.
MM INDICATES DATA IS MISSING.
T  INDICATES TRACE AMOUNT.




$$
