000
CDUS41 KBUF 280705
CLIROC


CLIMATE REPORT
NATIONAL WEATHER SERVICE BUFFALO NY
305 AM EDT WED JUN 28 2017


...................................

...THE ROCHESTER NY CLIMATE SUMMARY FOR JUNE 27 2017...

CLIMATE NORMAL PERIOD 1981 TO 2010
CLIMATE RECORD PERIOD 1871 TO 2017


WEATHER ITEM   OBSERVED TIME   RECORD YEAR NORMAL DEPARTURE LAST
                VALUE   (LST)  VALUE       VALUE  FROM      YEAR
                                                  NORMAL
..................................................................
TEMPERATURE (F)
 YESTERDAY
  MAXIMUM         69    220 PM  96    1944  80    -11       90
  MINIMUM         54   1159 PM  47    1927  59     -5       71
  AVERAGE         62                        69     -7       81

PRECIPITATION (IN)
  YESTERDAY        0.02          1.99 1892   0.12  -0.10     0.07
  MONTH TO DATE    3.11                      3.00   0.11     0.87
  SINCE JUN 1      3.11                      3.00   0.11     0.87
  SINCE JAN 1     23.09                     15.46   7.63    12.48

SNOWFALL (IN)
  YESTERDAY        0.0           0.0    MM   0.0    0.0      0.0
  MONTH TO DATE    0.0                       0.0    0.0      0.0
  SINCE JUN 1      0.0                       0.0    0.0      0.0
  SINCE JUL 1    107.1                      99.5    7.6     63.7
  SNOW DEPTH       0

DEGREE DAYS
 HEATING
  YESTERDAY        3                         1      2        0
  MONTH TO DATE   45                        66    -21       47
  SINCE JUN 1     45                        66    -21       47
  SINCE JUL 1   5577                      6644  -1067     5655

 COOLING
  YESTERDAY        0                         5     -5       16
  MONTH TO DATE  117                        89     28      114
  SINCE JUN 1    117                        89     28      114
  SINCE JAN 1    159                       119     40      176
..................................................................


WIND (MPH)
  HIGHEST WIND SPEED    25   HIGHEST WIND DIRECTION     W (270)
  HIGHEST GUST SPEED    34   HIGHEST GUST DIRECTION     W (280)
  AVERAGE WIND SPEED    11.0


SKY COVER
  AVERAGE SKY COVER 0.7


WEATHER CONDITIONS
 THE FOLLOWING WEATHER WAS RECORDED YESTERDAY.
  THUNDERSTORM
  LIGHT RAIN


RELATIVE HUMIDITY (PERCENT)
 HIGHEST    86           800 AM
 LOWEST     52          1200 PM
 AVERAGE    69

..........................................................


THE ROCHESTER NY CLIMATE NORMALS FOR TODAY
                         NORMAL    RECORD    YEAR
 MAXIMUM TEMPERATURE (F)   80        98      1944
 MINIMUM TEMPERATURE (F)   59        47      1988
                                             1970


SUNRISE AND SUNSET
JUNE 28 2017..........SUNRISE   534 AM EDT   SUNSET   854 PM EDT
JUNE 29 2017..........SUNRISE   534 AM EDT   SUNSET   854 PM EDT


-  INDICATES NEGATIVE NUMBERS.
R  INDICATES RECORD WAS SET OR TIED.
MM INDICATES DATA IS MISSING.
T  INDICATES TRACE AMOUNT.




$$
