000
CDUS41 KBUF 280706
CLIROC


CLIMATE REPORT
NATIONAL WEATHER SERVICE BUFFALO NY
305 AM EDT SAT MAR 28 2015


...................................

...THE ROCHESTER NY CLIMATE SUMMARY FOR MARCH 27 2015...

CLIMATE NORMAL PERIOD 1981 TO 2010
CLIMATE RECORD PERIOD 1871 TO 2015


WEATHER ITEM   OBSERVED TIME   RECORD YEAR NORMAL DEPARTURE LAST
                VALUE   (LST)  VALUE       VALUE  FROM      YEAR
                                                  NORMAL
..................................................................
TEMPERATURE (F)
 YESTERDAY
  MAXIMUM         35    200 AM  80    1921  47    -12       45
  MINIMUM         23   1159 PM   4    1966  30     -7       14
  AVERAGE         29                        38     -9       30

PRECIPITATION (IN)
  YESTERDAY        0.03          1.28 1992   0.08  -0.05      T
  MONTH TO DATE    1.30                      2.16  -0.86     1.38
  SINCE MAR 1      1.30                      2.16  -0.86     1.38
  SINCE JAN 1      5.55                      6.52  -0.97     5.00

SNOWFALL (IN)
  YESTERDAY       MM             8.8  1959   0.3   MM        0.0
  MONTH TO DATE   10.9                      15.1   -4.2     20.7
  SINCE MAR 1     10.9                      15.1   -4.2     20.7
  SINCE JUL 1     99.5                      94.0    5.5    103.8
  SNOW DEPTH       0

DEGREE DAYS
 HEATING
  YESTERDAY       36                        27      9       35
  MONTH TO DATE  945                       850     95     1040
  SINCE MAR 1    945                       850     95     1040
  SINCE JUL 1   6039                      5636    403     6125

 COOLING
  YESTERDAY        0                         0      0        0
  MONTH TO DATE    0                         0      0        0
  SINCE MAR 1      0                         0      0        0
  SINCE JAN 1      0                         0      0        0
..................................................................


WIND (MPH)
  HIGHEST WIND SPEED    16   HIGHEST WIND DIRECTION    NE (60)
  HIGHEST GUST SPEED    22   HIGHEST GUST DIRECTION    NW (320)
  AVERAGE WIND SPEED     9.3


SKY COVER
  AVERAGE SKY COVER 1.0


WEATHER CONDITIONS
 THE FOLLOWING WEATHER WAS RECORDED YESTERDAY.
  LIGHT SNOW
  FOG


RELATIVE HUMIDITY (PERCENT)
 HIGHEST    89          1200 AM
 LOWEST     66           300 PM
 AVERAGE    78

..........................................................


THE ROCHESTER NY CLIMATE NORMALS FOR TODAY
                         NORMAL    RECORD    YEAR
 MAXIMUM TEMPERATURE (F)   48        84      1945
 MINIMUM TEMPERATURE (F)   30         5      1923


SUNRISE AND SUNSET
MARCH 28 2015.........SUNRISE   700 AM EDT   SUNSET   732 PM EDT
MARCH 29 2015.........SUNRISE   658 AM EDT   SUNSET   733 PM EDT


-  INDICATES NEGATIVE NUMBERS.
R  INDICATES RECORD WAS SET OR TIED.
MM INDICATES DATA IS MISSING.
T  INDICATES TRACE AMOUNT.




$$
