000
CDUS41 KBUF 110705
CLIROC


CLIMATE REPORT
NATIONAL WEATHER SERVICE BUFFALO NY
305 AM EDT WED MAY 11 2016


...................................

...THE ROCHESTER NY CLIMATE SUMMARY FOR MAY 10 2016...

CLIMATE NORMAL PERIOD 1981 TO 2010
CLIMATE RECORD PERIOD 1871 TO 2016


WEATHER ITEM   OBSERVED TIME   RECORD YEAR NORMAL DEPARTURE LAST
                VALUE   (LST)  VALUE       VALUE  FROM      YEAR
                                                  NORMAL
..................................................................
TEMPERATURE (F)
 YESTERDAY
  MAXIMUM         62    412 PM  89    1896  66     -4       84
  MINIMUM         35    515 AM  28    1966  44     -9       67
  AVERAGE         49                        55     -6       76

PRECIPITATION (IN)
  YESTERDAY        0.00          1.54 1919   0.08  -0.08     0.17
  MONTH TO DATE    0.90                      0.89   0.01     0.29
  SINCE MAR 1      4.28                      6.12  -1.84     4.33
  SINCE JAN 1      9.58                     10.48  -0.90     8.58

SNOWFALL (IN)
  YESTERDAY        0.0           2.0  1945   0.0    0.0      0.0
  MONTH TO DATE    0.0                       0.2   -0.2      0.0
  SINCE MAR 1     12.0                      20.4   -8.4     13.3
  SINCE JUL 1     63.7                      99.3  -35.6    101.9
  SNOW DEPTH       0

DEGREE DAYS
 HEATING
  YESTERDAY       16                        10      6        0
  MONTH TO DATE  139                       118     21       25
  SINCE MAR 1   1575                      1635    -60     1617
  SINCE JUL 1   5492                      6421   -929     6711

 COOLING
  YESTERDAY        0                         1     -1       11
  MONTH TO DATE    0                         1     -1       37
  SINCE MAR 1      0                         5     -5       37
  SINCE JAN 1      0                         5     -5       37
..................................................................


WIND (MPH)
  HIGHEST WIND SPEED    15   HIGHEST WIND DIRECTION    NE (30)
  HIGHEST GUST SPEED    20   HIGHEST GUST DIRECTION     N (20)
  AVERAGE WIND SPEED     5.4


SKY COVER
  AVERAGE SKY COVER 0.5


WEATHER CONDITIONS
 THE FOLLOWING WEATHER WAS RECORDED YESTERDAY.
  NO SIGNIFICANT WEATHER WAS OBSERVED.


RELATIVE HUMIDITY (PERCENT)
 HIGHEST    92           400 AM
 LOWEST     27          1100 AM
 AVERAGE    60

..........................................................


THE ROCHESTER NY CLIMATE NORMALS FOR TODAY
                         NORMAL    RECORD    YEAR
 MAXIMUM TEMPERATURE (F)   66        89      1979
                                             1953
                                             1911
 MINIMUM TEMPERATURE (F)   45        29      1966


SUNRISE AND SUNSET
MAY 11 2016...........SUNRISE   551 AM EDT   SUNSET   824 PM EDT
MAY 12 2016...........SUNRISE   550 AM EDT   SUNSET   825 PM EDT


-  INDICATES NEGATIVE NUMBERS.
R  INDICATES RECORD WAS SET OR TIED.
MM INDICATES DATA IS MISSING.
T  INDICATES TRACE AMOUNT.




$$
