000
CDUS41 KBUF 120705
CLIROC


CLIMATE REPORT
NATIONAL WEATHER SERVICE BUFFALO NY
205 AM EST FRI DEC 12 2014


...................................

...THE ROCHESTER NY CLIMATE SUMMARY FOR DECEMBER 11 2014...

CLIMATE NORMAL PERIOD 1981 TO 2010
CLIMATE RECORD PERIOD 1871 TO 2014


WEATHER ITEM   OBSERVED TIME   RECORD YEAR NORMAL DEPARTURE LAST
                VALUE   (LST)  VALUE       VALUE  FROM      YEAR
                                                  NORMAL
..................................................................
TEMPERATURE (F)
 YESTERDAY
  MAXIMUM         28   1223 PM  61    1979  38    -10       25
  MINIMUM         25   1159 PM  -6    1977  25      0       10
  AVERAGE         27                        31     -4       18

PRECIPITATION (IN)
  YESTERDAY        0.20          0.90 1894   0.09   0.11     0.03
  MONTH TO DATE    1.50                      1.01   0.49     0.44
  SINCE DEC 1      1.50                      1.01   0.49     0.44
  SINCE JAN 1     32.16                     32.65  -0.49    34.19

SNOWFALL (IN)
  YESTERDAY       MM             8.6  1970   0.7   MM        0.7
  MONTH TO DATE    8.8                       6.6    2.2      4.7
  SINCE DEC 1      8.8                       6.6    2.2      4.7
  SINCE JUL 1     17.9                      14.0    3.9     18.2
  SNOW DEPTH       0

DEGREE DAYS
 HEATING
  YESTERDAY       38                        34      4       47
  MONTH TO DATE  347                       352     -5      347
  SINCE DEC 1    347                       352     -5      347
  SINCE JUL 1   1627                      1720    -93     1719

 COOLING
  YESTERDAY        0                         0      0        0
  MONTH TO DATE    0                         0      0        0
  SINCE DEC 1      0                         0      0        0
  SINCE JAN 1    542                       539      3      660
..................................................................


WIND (MPH)
  HIGHEST WIND SPEED    16   HIGHEST WIND DIRECTION     W (290)
  HIGHEST GUST SPEED    21   HIGHEST GUST DIRECTION    NW (300)
  AVERAGE WIND SPEED     9.6


SKY COVER
  AVERAGE SKY COVER 1.0


WEATHER CONDITIONS
 THE FOLLOWING WEATHER WAS RECORDED YESTERDAY.
  SNOW
  LIGHT SNOW
  FOG


RELATIVE HUMIDITY (PERCENT)
 HIGHEST    92           100 AM
 LOWEST     74          1000 PM
 AVERAGE    83

..........................................................


THE ROCHESTER NY CLIMATE NORMALS FOR TODAY
                         NORMAL    RECORD    YEAR
 MAXIMUM TEMPERATURE (F)   37        62      1899
 MINIMUM TEMPERATURE (F)   25        -8      1988


SUNRISE AND SUNSET
DECEMBER 12 2014......SUNRISE   733 AM EST   SUNSET   436 PM EST
DECEMBER 13 2014......SUNRISE   734 AM EST   SUNSET   436 PM EST


-  INDICATES NEGATIVE NUMBERS.
R  INDICATES RECORD WAS SET OR TIED.
MM INDICATES DATA IS MISSING.
T  INDICATES TRACE AMOUNT.




$$
