000
CDUS41 KBUF 231027
CLIROC


CLIMATE REPORT
NATIONAL WEATHER SERVICE BUFFALO NY
523 AM EST MON FEB 23 2015


...................................

...THE ROCHESTER NY CLIMATE SUMMARY FOR FEBRUARY 22 2015...

CLIMATE NORMAL PERIOD 1981 TO 2010
CLIMATE RECORD PERIOD 1871 TO 2015


WEATHER ITEM   OBSERVED TIME   RECORD YEAR NORMAL DEPARTURE LAST
                VALUE   (LST)  VALUE       VALUE  FROM      YEAR
                                                  NORMAL
..................................................................
TEMPERATURE (F)
 YESTERDAY
  MAXIMUM         29    408 PM  67    1930  36     -7       44
  MINIMUM          9    805 AM  -2    1879  20    -11       36
  AVERAGE         19                        28     -9       40

PRECIPITATION (IN)
  YESTERDAY        0.06          1.45 1878   0.07  -0.01      T
  MONTH TO DATE    2.43                      1.49   0.94     2.18
  SINCE DEC 1      6.48                      6.53  -0.05     6.40
  SINCE JAN 1      4.17                      3.90   0.27     3.41

SNOWFALL (IN)
  YESTERDAY        1.3           4.0  1893   0.8    0.5       T
  MONTH TO DATE   43.0                      17.0   26.0     21.8
  SINCE DEC 1     77.3                      67.0   10.3     65.1
  SINCE JUL 1     86.4                      74.4   12.0     78.6
  SNOW DEPTH      19

DEGREE DAYS
 HEATING
  YESTERDAY       46                        37      9       25
  MONTH TO DATE 1141                       862    279      940
  SINCE DEC 1   3483                      3198    285     3436
  SINCE JUL 1   4763                      4566    197     4808

 COOLING
  YESTERDAY        0                         0      0        0
  MONTH TO DATE    0                         0      0        0
  SINCE DEC 1      0                         0      0        0
  SINCE JAN 1      0                         0      0        0
..................................................................


WIND (MPH)
  HIGHEST WIND SPEED    21   HIGHEST WIND DIRECTION    NW (330)
  HIGHEST GUST SPEED    27   HIGHEST GUST DIRECTION     W (270)
  AVERAGE WIND SPEED     9.4


SKY COVER
  AVERAGE SKY COVER 0.8


WEATHER CONDITIONS
 THE FOLLOWING WEATHER WAS RECORDED YESTERDAY.
  LIGHT SNOW
  FOG
  HAZE
  BLOWING SNOW


RELATIVE HUMIDITY (PERCENT)
 HIGHEST    92           800 AM
 LOWEST     57           200 PM
 AVERAGE    75

..........................................................


THE ROCHESTER NY CLIMATE NORMALS FOR TODAY
                         NORMAL    RECORD    YEAR
 MAXIMUM TEMPERATURE (F)   36        66      1922
 MINIMUM TEMPERATURE (F)   20        -5      1889
                                             1873


SUNRISE AND SUNSET
FEBRUARY 23 2015......SUNRISE   657 AM EST   SUNSET   552 PM EST
FEBRUARY 24 2015......SUNRISE   655 AM EST   SUNSET   553 PM EST


-  INDICATES NEGATIVE NUMBERS.
R  INDICATES RECORD WAS SET OR TIED.
MM INDICATES DATA IS MISSING.
T  INDICATES TRACE AMOUNT.




$$
