000
CDUS41 KBUF 070706
CLIROC


CLIMATE REPORT
NATIONAL WEATHER SERVICE BUFFALO NY
305 AM EDT THU JUL 7 2016


...................................

...THE ROCHESTER NY CLIMATE SUMMARY FOR JULY 6 2016...

CLIMATE NORMAL PERIOD 1981 TO 2010
CLIMATE RECORD PERIOD 1871 TO 2016


WEATHER ITEM   OBSERVED TIME   RECORD YEAR NORMAL DEPARTURE LAST
                VALUE   (LST)  VALUE       VALUE  FROM      YEAR
                                                  NORMAL
..................................................................
TEMPERATURE (F)
 YESTERDAY
  MAXIMUM         91    230 PM  98    1993  81     10       85
  MINIMUM         64    459 AM  47    1963  60      4       61
  AVERAGE         78                        71      7       73

PRECIPITATION (IN)
  YESTERDAY        0.00          3.25 1987   0.11  -0.11     0.00
  MONTH TO DATE    0.10                      0.63  -0.53     0.22
  SINCE JUN 1      1.01                      3.97  -2.96     6.42
  SINCE JAN 1     12.62                     16.43  -3.81    18.12

SNOWFALL (IN)
  YESTERDAY        0.0           0.0    MM   0.0    0.0      0.0
  MONTH TO DATE    0.0                       0.0    0.0      0.0
  SINCE JUN 1      0.0                       0.0    0.0      0.0
  SINCE JUL 1      0.0                       0.0    0.0      0.0
  SNOW DEPTH       0

DEGREE DAYS
 HEATING
  YESTERDAY        0                         1     -1        0
  MONTH TO DATE    0                         6     -6        4
  SINCE JUN 1     47                        74    -27       61
  SINCE JUL 1      0                         6     -6        4

 COOLING
  YESTERDAY       13                         6      7        8
  MONTH TO DATE   43                        36      7       19
  SINCE JUN 1    172                       142     30      113
  SINCE JAN 1    234                       172     62      216
..................................................................


WIND (MPH)
  HIGHEST WIND SPEED    15   HIGHEST WIND DIRECTION    NE (30)
  HIGHEST GUST SPEED    20   HIGHEST GUST DIRECTION    NW (300)
  AVERAGE WIND SPEED     5.8


SKY COVER
  AVERAGE SKY COVER 0.6


WEATHER CONDITIONS
 THE FOLLOWING WEATHER WAS RECORDED YESTERDAY.
  NO SIGNIFICANT WEATHER WAS OBSERVED.


RELATIVE HUMIDITY (PERCENT)
 HIGHEST    93           300 AM
 LOWEST     41           200 PM
 AVERAGE    67

..........................................................


THE ROCHESTER NY CLIMATE NORMALS FOR TODAY
                         NORMAL    RECORD    YEAR
 MAXIMUM TEMPERATURE (F)   81        97      1988
 MINIMUM TEMPERATURE (F)   60        47      1942


SUNRISE AND SUNSET
JULY  7 2016..........SUNRISE   539 AM EDT   SUNSET   852 PM EDT
JULY  8 2016..........SUNRISE   540 AM EDT   SUNSET   852 PM EDT


-  INDICATES NEGATIVE NUMBERS.
R  INDICATES RECORD WAS SET OR TIED.
MM INDICATES DATA IS MISSING.
T  INDICATES TRACE AMOUNT.




$$
