000
CDUS41 KBUF 071043
CLIROC


CLIMATE REPORT
NATIONAL WEATHER SERVICE BUFFALO NY
641 AM EDT FRI APR 7 2017


...................................

...THE ROCHESTER NY CLIMATE SUMMARY FOR APRIL 6 2017...

CLIMATE NORMAL PERIOD 1981 TO 2010
CLIMATE RECORD PERIOD 1871 TO 2017


WEATHER ITEM   OBSERVED TIME   RECORD YEAR NORMAL DEPARTURE LAST
                VALUE   (LST)  VALUE       VALUE  FROM      YEAR
                                                  NORMAL
..................................................................
TEMPERATURE (F)
 YESTERDAY
  MAXIMUM         52    716 AM  83    1928  52      0       50
  MINIMUM         33   1136 PM  17    1982  33      0       22
                                      1943
                                      1881
  AVERAGE         43                        42      1       36

PRECIPITATION (IN)
  YESTERDAY        1.38          1.75 1886   0.10   1.28      T
  MONTH TO DATE    2.26                      0.56   1.70     0.61
  SINCE MAR 1      6.92                      3.06   3.86     2.43
  SINCE JAN 1     12.00                      7.42   4.58     7.73

SNOWFALL (IN)
  YESTERDAY        0.5           7.6  1979   0.2    0.3       T
  MONTH TO DATE    0.5                       1.4   -0.9      7.4
  SINCE MAR 1     33.5                      17.7   15.8     10.6
  SINCE JUL 1    105.1                      96.6    8.5     62.3
  SNOW DEPTH       0

DEGREE DAYS
 HEATING
  YESTERDAY       22                        23     -1       29
  MONTH TO DATE  111                       142    -31      188
  SINCE MAR 1   1099                      1094      5      950
  SINCE JUL 1   4967                      5880   -913     4867

 COOLING
  YESTERDAY        0                         0      0        0
  MONTH TO DATE    0                         0      0        0
  SINCE MAR 1      0                         0      0        0
  SINCE JAN 1      0                         0      0        0
..................................................................


WIND (MPH)
  HIGHEST WIND SPEED    21   HIGHEST WIND DIRECTION     N (350)
  HIGHEST GUST SPEED    27   HIGHEST GUST DIRECTION     N (360)
  AVERAGE WIND SPEED    11.5


SKY COVER
  AVERAGE SKY COVER 1.0


WEATHER CONDITIONS
 THE FOLLOWING WEATHER WAS RECORDED YESTERDAY.
  RAIN
  LIGHT RAIN
  LIGHT SNOW
  FOG


RELATIVE HUMIDITY (PERCENT)
 HIGHEST   100           600 PM
 LOWEST     76           100 AM
 AVERAGE    88

..........................................................


THE ROCHESTER NY CLIMATE NORMALS FOR TODAY
                         NORMAL    RECORD    YEAR
 MAXIMUM TEMPERATURE (F)   52        79      1991
 MINIMUM TEMPERATURE (F)   34        13      1982


SUNRISE AND SUNSET
APRIL  7 2017.........SUNRISE   642 AM EDT   SUNSET   744 PM EDT
APRIL  8 2017.........SUNRISE   640 AM EDT   SUNSET   746 PM EDT


-  INDICATES NEGATIVE NUMBERS.
R  INDICATES RECORD WAS SET OR TIED.
MM INDICATES DATA IS MISSING.
T  INDICATES TRACE AMOUNT.




$$
