036
CDUS41 KBUF 161028
CLIROC


CLIMATE REPORT
NATIONAL WEATHER SERVICE BUFFALO NY
628 AM EDT SAT SEP 16 2017


...................................

...THE ROCHESTER NY CLIMATE SUMMARY FOR SEPTEMBER 15 2017...

CLIMATE NORMAL PERIOD 1981 TO 2010
CLIMATE RECORD PERIOD 1871 TO 2017


WEATHER ITEM   OBSERVED TIME   RECORD YEAR NORMAL DEPARTURE LAST
                VALUE   (LST)  VALUE       VALUE  FROM      YEAR
                                                  NORMAL
..................................................................
TEMPERATURE (F)
 YESTERDAY
  MAXIMUM         81    149 PM  96    1939  72      9       70
  MINIMUM         58    611 AM  37    1964  52      6       49
                                      1895
  AVERAGE         70                        62      8       60

PRECIPITATION (IN)
  YESTERDAY        0.00          1.22 1952   0.11  -0.11     0.00
  MONTH TO DATE    0.96                      1.66  -0.70     0.15
  SINCE SEP 1      0.96                      1.66  -0.70     0.15
  SINCE JAN 1     31.97                     24.26   7.71    17.80

SNOWFALL (IN)
  YESTERDAY        0.0           0.0    MM   0.0    0.0      0.0
  MONTH TO DATE    0.0                       0.0    0.0      0.0
  SINCE SEP 1      0.0                       0.0    0.0      0.0
  SINCE JUL 1      0.0                       0.0    0.0      0.0
  SNOW DEPTH       0

DEGREE DAYS
 HEATING
  YESTERDAY        0                         4     -4        5
  MONTH TO DATE   59                        43     16        9
  SINCE SEP 1     59                        43     16        9
  SINCE JUL 1     86                        77      9        9

 COOLING
  YESTERDAY        5                         2      3        0
  MONTH TO DATE   16                        37    -21       76
  SINCE SEP 1     16                        37    -21       76
  SINCE JAN 1    532                       521     11      927
..................................................................


WIND (MPH)
  HIGHEST WIND SPEED    12   HIGHEST WIND DIRECTION     N (350)
  HIGHEST GUST SPEED    15   HIGHEST GUST DIRECTION     N (10)
  AVERAGE WIND SPEED     5.8


SKY COVER
  AVERAGE SKY COVER 0.2


WEATHER CONDITIONS
 THE FOLLOWING WEATHER WAS RECORDED YESTERDAY.
  FOG


RELATIVE HUMIDITY (PERCENT)
 HIGHEST   100           600 AM
 LOWEST     54           100 PM
 AVERAGE    77

..........................................................


THE ROCHESTER NY CLIMATE NORMALS FOR TODAY
                         NORMAL    RECORD    YEAR
 MAXIMUM TEMPERATURE (F)   72        97      1939
 MINIMUM TEMPERATURE (F)   52        34      1964


SUNRISE AND SUNSET
SEPTEMBER 16 2017.....SUNRISE   652 AM EDT   SUNSET   718 PM EDT
SEPTEMBER 17 2017.....SUNRISE   653 AM EDT   SUNSET   717 PM EDT


-  INDICATES NEGATIVE NUMBERS.
R  INDICATES RECORD WAS SET OR TIED.
MM INDICATES DATA IS MISSING.
T  INDICATES TRACE AMOUNT.

$$
