000
CDUS41 KBUF 050706
CLIROC


CLIMATE REPORT
NATIONAL WEATHER SERVICE BUFFALO NY
205 AM EST THU MAR 5 2015


...................................

...THE ROCHESTER NY CLIMATE SUMMARY FOR MARCH 4 2015...

CLIMATE NORMAL PERIOD 1981 TO 2010
CLIMATE RECORD PERIOD 1871 TO 2015


WEATHER ITEM   OBSERVED TIME   RECORD YEAR NORMAL DEPARTURE LAST
                VALUE   (LST)  VALUE       VALUE  FROM      YEAR
                                                  NORMAL
..................................................................
TEMPERATURE (F)
 YESTERDAY
  MAXIMUM         38   1248 AM  69    1974  38      0       18
  MINIMUM         24   1159 PM  -4    1950  22      2       -1
  AVERAGE         31                        30      1        9

PRECIPITATION (IN)
  YESTERDAY        0.05          1.52 1881   0.08  -0.03     0.03
  MONTH TO DATE    0.43                      0.31   0.12     0.08
  SINCE MAR 1      0.43                      0.31   0.12     0.08
  SINCE JAN 1      4.68                      4.67   0.01     3.70

SNOWFALL (IN)
  YESTERDAY       MM            22.3  1999   0.7   MM        0.5
  MONTH TO DATE    3.8                       2.8    1.0      1.6
  SINCE MAR 1      3.8                       2.8    1.0      1.6
  SINCE JUL 1     92.4                      81.7   10.7     84.7
  SNOW DEPTH      14

DEGREE DAYS
 HEATING
  YESTERDAY       34                        35     -1       56
  MONTH TO DATE  167                       141     26      204
  SINCE MAR 1    167                       141     26      204
  SINCE JUL 1   5261                      4927    334     5289

 COOLING
  YESTERDAY        0                         0      0        0
  MONTH TO DATE    0                         0      0        0
  SINCE MAR 1      0                         0      0        0
  SINCE JAN 1      0                         0      0        0
..................................................................


WIND (MPH)
  HIGHEST WIND SPEED    24   HIGHEST WIND DIRECTION     W (260)
  HIGHEST GUST SPEED    33   HIGHEST GUST DIRECTION     W (260)
  AVERAGE WIND SPEED    13.0


SKY COVER
  AVERAGE SKY COVER 1.0


WEATHER CONDITIONS
 THE FOLLOWING WEATHER WAS RECORDED YESTERDAY.
  LIGHT RAIN
  SNOW
  LIGHT SNOW
  FOG
  BLOWING SNOW


RELATIVE HUMIDITY (PERCENT)
 HIGHEST    85          1000 PM
 LOWEST     61          1100 AM
 AVERAGE    73

..........................................................


THE ROCHESTER NY CLIMATE NORMALS FOR TODAY
                         NORMAL    RECORD    YEAR
 MAXIMUM TEMPERATURE (F)   39        67      2004
                                             1976
 MINIMUM TEMPERATURE (F)   22        -7      1872


SUNRISE AND SUNSET
MARCH  5 2015.........SUNRISE   640 AM EST   SUNSET   605 PM EST
MARCH  6 2015.........SUNRISE   639 AM EST   SUNSET   606 PM EST


-  INDICATES NEGATIVE NUMBERS.
R  INDICATES RECORD WAS SET OR TIED.
MM INDICATES DATA IS MISSING.
T  INDICATES TRACE AMOUNT.




$$
