000
CDUS41 KBUF 202037
CLIROC


CLIMATE REPORT
NATIONAL WEATHER SERVICE BUFFALO NY
437 PM EDT MON OCT 20 2014


...................................

...THE ROCHESTER NY CLIMATE SUMMARY FOR OCTOBER 20 2014...
VALID TODAY AS OF 0400 PM LOCAL TIME.

CLIMATE NORMAL PERIOD 1981 TO 2010
CLIMATE RECORD PERIOD 1871 TO 2014


WEATHER ITEM   OBSERVED TIME   RECORD YEAR NORMAL DEPARTURE LAST
                VALUE   (LST)  VALUE       VALUE  FROM      YEAR
                                                  NORMAL
..................................................................
TEMPERATURE (F)
 TODAY
  MAXIMUM         54    259 PM  79    1971  58     -4       55
                                      1936
  MINIMUM         36   1238 AM  20    1972  40     -4       39
  AVERAGE         45                        49     -4       47

PRECIPITATION (IN)
  TODAY            0.00          3.77 1873   0.09  -0.09     0.01
  MONTH TO DATE    0.92                      1.78  -0.86     2.27
  SINCE SEP 1      2.25                      5.16  -2.91     4.68
  SINCE JAN 1     27.28                     27.76  -0.48    29.89

SNOWFALL (IN)
  TODAY            0.0           2.2  1910   0.0    0.0      0.0
  MONTH TO DATE    0.0                       0.0    0.0      0.0
  SINCE SEP 1      0.0                       0.0    0.0      0.0
  SINCE JUL 1      0.0                       0.0    0.0      0.0
  SNOW DEPTH       0

DEGREE DAYS
 HEATING
  TODAY           20                        16      4       18
  MONTH TO DATE  197                       257    -60      137
  SINCE SEP 1    321                       404    -83      309
  SINCE JUL 1    346                       438    -92      327

 COOLING
  TODAY            0                         0      0        0
  MONTH TO DATE    9                         0      9       10
  SINCE SEP 1     77                        50     27       69
  SINCE JAN 1    541                       534      7      660
..................................................................


WIND (MPH)
  HIGHEST WIND SPEED    16   HIGHEST WIND DIRECTION     S (200)
  HIGHEST GUST SPEED    22   HIGHEST GUST DIRECTION     S (200)
  AVERAGE WIND SPEED     7.6


SKY COVER
  AVERAGE SKY COVER 0.9


WEATHER CONDITIONS
 THE FOLLOWING WEATHER WAS RECORDED TODAY.
  LIGHT RAIN


RELATIVE HUMIDITY (PERCENT)
 HIGHEST    82          1200 AM
 LOWEST     54           100 PM
 AVERAGE    68

..........................................................


THE ROCHESTER NY CLIMATE NORMALS FOR TOMORROW
                         NORMAL    RECORD    YEAR
 MAXIMUM TEMPERATURE (F)   58        80      2007
                                             1884
 MINIMUM TEMPERATURE (F)   40        21      1974


SUNRISE AND SUNSET
OCTOBER 20 2014.......SUNRISE   730 AM EDT   SUNSET   620 PM EDT
OCTOBER 21 2014.......SUNRISE   732 AM EDT   SUNSET   618 PM EDT


-  INDICATES NEGATIVE NUMBERS.
R  INDICATES RECORD WAS SET OR TIED.
MM INDICATES DATA IS MISSING.
T  INDICATES TRACE AMOUNT.




$$
