000
CDUS41 KBUF 282056
CLIROC


CLIMATE REPORT
NATIONAL WEATHER SERVICE BUFFALO NY
454 PM EDT WED JUN 28 2017


...................................

...THE ROCHESTER NY CLIMATE SUMMARY FOR JUNE 28 2017...
VALID TODAY AS OF 0400 PM LOCAL TIME.

CLIMATE NORMAL PERIOD 1981 TO 2010
CLIMATE RECORD PERIOD 1871 TO 2017


WEATHER ITEM   OBSERVED TIME   RECORD YEAR NORMAL DEPARTURE LAST
                VALUE   (LST)  VALUE       VALUE  FROM      YEAR
                                                  NORMAL
..................................................................
TEMPERATURE (F)
 TODAY
  MAXIMUM         77    243 PM  98    1944  80     -3       81
  MINIMUM         52    458 AM  47    1988  59     -7       62
                                      1970
  AVERAGE         65                        69     -4       72

PRECIPITATION (IN)
  TODAY            0.00          1.24 1888   0.11  -0.11      T
  MONTH TO DATE    3.11                      3.11   0.00     0.87
  SINCE JUN 1      3.11                      3.11   0.00     0.87
  SINCE JAN 1     23.09                     15.57   7.52    12.48

SNOWFALL (IN)
  TODAY            0.0           0.0    MM   0.0    0.0      0.0
  MONTH TO DATE    0.0                       0.0    0.0      0.0
  SINCE JUN 1      0.0                       0.0    0.0      0.0
  SINCE JUL 1    107.1                      99.5    7.6     63.7
  SNOW DEPTH       0

DEGREE DAYS
 HEATING
  TODAY            0                         1     -1        0
  MONTH TO DATE   45                        67    -22       47
  SINCE JUN 1     45                        67    -22       47
  SINCE JUL 1   5577                      6645  -1068     5655

 COOLING
  TODAY            0                         5     -5        7
  MONTH TO DATE  117                        94     23      121
  SINCE JUN 1    117                        94     23      121
  SINCE JAN 1    159                       124     35      183
..................................................................


WIND (MPH)
  HIGHEST WIND SPEED    18   HIGHEST WIND DIRECTION    NW (300)
  HIGHEST GUST SPEED    26   HIGHEST GUST DIRECTION    NW (300)
  AVERAGE WIND SPEED     8.7


SKY COVER
  AVERAGE SKY COVER 0.4


WEATHER CONDITIONS
 THE FOLLOWING WEATHER WAS RECORDED TODAY.
  NO SIGNIFICANT WEATHER WAS OBSERVED.


RELATIVE HUMIDITY (PERCENT)
 HIGHEST    96           400 AM
 LOWEST     41           300 PM
 AVERAGE    69

..........................................................


THE ROCHESTER NY CLIMATE NORMALS FOR TOMORROW
                         NORMAL    RECORD    YEAR
 MAXIMUM TEMPERATURE (F)   80        93      1948
 MINIMUM TEMPERATURE (F)   59        43      1988


SUNRISE AND SUNSET
JUNE 28 2017..........SUNRISE   534 AM EDT   SUNSET   854 PM EDT
JUNE 29 2017..........SUNRISE   534 AM EDT   SUNSET   854 PM EDT


-  INDICATES NEGATIVE NUMBERS.
R  INDICATES RECORD WAS SET OR TIED.
MM INDICATES DATA IS MISSING.
T  INDICATES TRACE AMOUNT.




$$
