000
CDUS41 KBUF 280705
CLIROC


CLIMATE REPORT
NATIONAL WEATHER SERVICE BUFFALO NY
305 AM EDT SUN AUG 28 2016


...................................

...THE ROCHESTER NY CLIMATE SUMMARY FOR AUGUST 27 2016...

CLIMATE NORMAL PERIOD 1981 TO 2010
CLIMATE RECORD PERIOD 1871 TO 2016


WEATHER ITEM   OBSERVED TIME   RECORD YEAR NORMAL DEPARTURE LAST
                VALUE   (LST)  VALUE       VALUE  FROM      YEAR
                                                  NORMAL
..................................................................
TEMPERATURE (F)
 YESTERDAY
  MAXIMUM         85    217 PM  98    1948  78      7       69
  MINIMUM         62    547 AM  44    1887  58      4       53
                                      1885
  AVERAGE         74                        68      6       61

PRECIPITATION (IN)
  YESTERDAY        0.00          3.01 1871   0.10  -0.10     0.01
  MONTH TO DATE    3.15                      3.05   0.10     4.67
  SINCE JUN 1      5.28                      9.72  -4.44    14.43
  SINCE JAN 1     16.89                     22.18  -5.29    26.13

SNOWFALL (IN)
  YESTERDAY        0.0           0.0    MM   0.0    0.0      0.0
  MONTH TO DATE    0.0                       0.0    0.0      0.0
  SINCE JUN 1      0.0                       0.0    0.0      0.0
  SINCE JUL 1      0.0                       0.0    0.0      0.0
  SNOW DEPTH       0

DEGREE DAYS
 HEATING
  YESTERDAY        0                         1     -1        4
  MONTH TO DATE    0                        17    -17        5
  SINCE JUN 1     47                        97    -50       73
  SINCE JUL 1      0                        29    -29       16

 COOLING
  YESTERDAY        9                         4      5        0
  MONTH TO DATE  313                       141    172      137
  SINCE JUN 1    755                       440    315      431
  SINCE JAN 1    817                       470    347      534
..................................................................


WIND (MPH)
  HIGHEST WIND SPEED    12   HIGHEST WIND DIRECTION    NE (50)
  HIGHEST GUST SPEED    15   HIGHEST GUST DIRECTION    NE (30)
  AVERAGE WIND SPEED     4.4


SKY COVER
  AVERAGE SKY COVER 0.3


WEATHER CONDITIONS
 THE FOLLOWING WEATHER WAS RECORDED YESTERDAY.
  NO SIGNIFICANT WEATHER WAS OBSERVED.


RELATIVE HUMIDITY (PERCENT)
 HIGHEST   100           300 AM
 LOWEST     40           200 PM
 AVERAGE    70

..........................................................


THE ROCHESTER NY CLIMATE NORMALS FOR TODAY
                         NORMAL    RECORD    YEAR
 MAXIMUM TEMPERATURE (F)   78        99      1948
 MINIMUM TEMPERATURE (F)   58        41      1982


SUNRISE AND SUNSET
AUGUST 28 2016........SUNRISE   631 AM EDT   SUNSET   751 PM EDT
AUGUST 29 2016........SUNRISE   632 AM EDT   SUNSET   750 PM EDT


-  INDICATES NEGATIVE NUMBERS.
R  INDICATES RECORD WAS SET OR TIED.
MM INDICATES DATA IS MISSING.
T  INDICATES TRACE AMOUNT.




$$
