000
CDUS41 KBUF 210705
CLIROC


CLIMATE REPORT
NATIONAL WEATHER SERVICE BUFFALO NY
305 AM EDT MON APR 21 2014


...................................

...THE ROCHESTER NY CLIMATE SUMMARY FOR APRIL 20 2014...

CLIMATE NORMAL PERIOD 1981 TO 2010
CLIMATE RECORD PERIOD 1871 TO 2014


WEATHER ITEM   OBSERVED TIME   RECORD YEAR NORMAL DEPARTURE LAST
                VALUE   (LST)  VALUE       VALUE  FROM      YEAR
                                                  NORMAL
..................................................................
TEMPERATURE (F)
 YESTERDAY
  MAXIMUM         69    315 PM  86    1941  58     11       43
  MINIMUM         31    537 AM  20    1904  38     -7       32
                                      1897
  AVERAGE         50                        48      2       38

PRECIPITATION (IN)
  YESTERDAY        0.00          1.41 2011   0.08  -0.08      T
  MONTH TO DATE    2.04                      1.87   0.17     2.49
  SINCE MAR 1      4.40                      4.37   0.03     3.34
  SINCE JAN 1      8.02                      8.73  -0.71     7.65

SNOWFALL (IN)
  YESTERDAY        0.0           5.6  1901   0.1   -0.1       T
  MONTH TO DATE    0.3                       3.4   -3.1      2.3
  SINCE MAR 1     29.6                      19.7    9.9     14.2
  SINCE JUL 1    112.7                      98.6   14.1     78.1
  SNOW DEPTH       0

DEGREE DAYS
 HEATING
  YESTERDAY       15                        17     -2       27
  MONTH TO DATE  401                       415    -14      408
  SINCE MAR 1   1549                      1367    182     1379
  SINCE JUL 1   6634                      6153    481     5687

 COOLING
  YESTERDAY        0                         0      0        0
  MONTH TO DATE    1                         0      1        0
  SINCE MAR 1      1                         0      1        0
  SINCE JAN 1      1                         0      1        0
..................................................................


WIND (MPH)
  HIGHEST WIND SPEED    12   HIGHEST WIND DIRECTION     N (20)
  HIGHEST GUST SPEED    15   HIGHEST GUST DIRECTION    SE (120)
  AVERAGE WIND SPEED     4.2


SKY COVER
  AVERAGE SKY COVER 0.3


WEATHER CONDITIONS
 THE FOLLOWING WEATHER WAS RECORDED YESTERDAY.
  NO SIGNIFICANT WEATHER WAS OBSERVED.


RELATIVE HUMIDITY (PERCENT)
 HIGHEST    85           400 AM
 LOWEST     14           300 PM
 AVERAGE    50

..........................................................


THE ROCHESTER NY CLIMATE NORMALS FOR TODAY
                         NORMAL    RECORD    YEAR
 MAXIMUM TEMPERATURE (F)   59        87      1973
 MINIMUM TEMPERATURE (F)   39        20      1875


SUNRISE AND SUNSET
APRIL 21 2014.........SUNRISE   619 AM EDT   SUNSET   800 PM EDT
APRIL 22 2014.........SUNRISE   618 AM EDT   SUNSET   802 PM EDT


-  INDICATES NEGATIVE NUMBERS.
R  INDICATES RECORD WAS SET OR TIED.
MM INDICATES DATA IS MISSING.
T  INDICATES TRACE AMOUNT.




$$
