000
CDUS41 KBUF 242056
CLIROC


CLIMATE REPORT
NATIONAL WEATHER SERVICE BUFFALO NY
455 PM EDT THU APR 24 2014


...................................

...THE ROCHESTER NY CLIMATE SUMMARY FOR APRIL 24 2014...
VALID TODAY AS OF 0400 PM LOCAL TIME.

CLIMATE NORMAL PERIOD 1981 TO 2010
CLIMATE RECORD PERIOD 1871 TO 2014


WEATHER ITEM   OBSERVED TIME   RECORD YEAR NORMAL DEPARTURE LAST
                VALUE   (LST)  VALUE       VALUE  FROM      YEAR
                                                  NORMAL
..................................................................
TEMPERATURE (F)
 TODAY
  MAXIMUM         53    345 PM  83    1960  60     -7       69
  MINIMUM         33    556 AM  23    1919  40     -7       38
  AVERAGE         43                        50     -7       54

PRECIPITATION (IN)
  TODAY            0.00          1.07 1984   0.09  -0.09     0.05
  MONTH TO DATE    2.57                      2.20   0.37     2.54
  SINCE MAR 1      4.93                      4.70   0.23     3.39
  SINCE JAN 1      8.55                      9.06  -0.51     7.70

SNOWFALL (IN)
  TODAY            0.0           3.9  1875   0.1   -0.1       T
  MONTH TO DATE    0.3                       3.7   -3.4      2.3
  SINCE MAR 1     29.6                      20.0    9.6     14.2
  SINCE JUL 1    112.7                      98.9   13.8     78.1
  SNOW DEPTH       0

DEGREE DAYS
 HEATING
  TODAY           22                        16      6       11
  MONTH TO DATE  463                       480    -17      481
  SINCE MAR 1   1611                      1432    179     1452
  SINCE JUL 1   6696                      6218    478     5760

 COOLING
  TODAY            0                         0      0        0
  MONTH TO DATE    1                         0      1        0
  SINCE MAR 1      1                         0      1        0
  SINCE JAN 1      1                         0      1        0
..................................................................


WIND (MPH)
  HIGHEST WIND SPEED    17   HIGHEST WIND DIRECTION     N (350)
  HIGHEST GUST SPEED    26   HIGHEST GUST DIRECTION    NW (330)
  AVERAGE WIND SPEED    10.3


SKY COVER
  AVERAGE SKY COVER 0.1


WEATHER CONDITIONS
 THE FOLLOWING WEATHER WAS RECORDED TODAY.
  NO SIGNIFICANT WEATHER WAS OBSERVED.


RELATIVE HUMIDITY (PERCENT)
 HIGHEST    64           400 AM
 LOWEST     26           300 PM
 AVERAGE    45

..........................................................


THE ROCHESTER NY CLIMATE NORMALS FOR TOMORROW
                         NORMAL    RECORD    YEAR
 MAXIMUM TEMPERATURE (F)   60        86      1915
 MINIMUM TEMPERATURE (F)   40        21      1919


SUNRISE AND SUNSET
APRIL 24 2014.........SUNRISE   614 AM EDT   SUNSET   804 PM EDT
APRIL 25 2014.........SUNRISE   613 AM EDT   SUNSET   805 PM EDT


-  INDICATES NEGATIVE NUMBERS.
R  INDICATES RECORD WAS SET OR TIED.
MM INDICATES DATA IS MISSING.
T  INDICATES TRACE AMOUNT.




$$
