000
CDUS41 KBUF 271027
CLIROC


CLIMATE REPORT
NATIONAL WEATHER SERVICE BUFFALO NY
624 AM EDT TUE SEP 27 2016


...................................

...THE ROCHESTER NY CLIMATE SUMMARY FOR SEPTEMBER 26 2016...

CLIMATE NORMAL PERIOD 1981 TO 2010
CLIMATE RECORD PERIOD 1871 TO 2016


WEATHER ITEM   OBSERVED TIME   RECORD YEAR NORMAL DEPARTURE LAST
                VALUE   (LST)  VALUE       VALUE  FROM      YEAR
                                                  NORMAL
..................................................................
TEMPERATURE (F)
 YESTERDAY
  MAXIMUM         75    123 PM  89    1900  68      7       72
  MINIMUM         50   1248 AM  34    1943  48      2       50
                                      1887
                                      1879
  AVERAGE         63                        58      5       61

PRECIPITATION (IN)
  YESTERDAY        0.07          1.18 2005   0.11  -0.04     0.00
  MONTH TO DATE    2.01                      2.95  -0.94     2.66
  SINCE SEP 1      2.01                      2.95  -0.94     2.66
  SINCE JAN 1     19.66                     25.55  -5.89    28.79

SNOWFALL (IN)
  YESTERDAY        0.0           0.0    MM   0.0    0.0      0.0
  MONTH TO DATE    0.0                       0.0    0.0      0.0
  SINCE SEP 1      0.0                       0.0    0.0      0.0
  SINCE JUL 1      0.0                       0.0    0.0      0.0
  SNOW DEPTH       0

DEGREE DAYS
 HEATING
  YESTERDAY        2                         8     -6        4
  MONTH TO DATE   34                       113    -79       40
  SINCE SEP 1     34                       113    -79       40
  SINCE JUL 1     34                       147   -113       59

 COOLING
  YESTERDAY        0                         1     -1        0
  MONTH TO DATE  112                        48     64      137
  SINCE SEP 1    112                        48     64      137
  SINCE JAN 1    963                       532    431      691
..................................................................


WIND (MPH)
  HIGHEST WIND SPEED    18   HIGHEST WIND DIRECTION     S (200)
  HIGHEST GUST SPEED    25   HIGHEST GUST DIRECTION     S (200)
  AVERAGE WIND SPEED     7.9


SKY COVER
  AVERAGE SKY COVER 0.8


WEATHER CONDITIONS
 THE FOLLOWING WEATHER WAS RECORDED YESTERDAY.
  LIGHT RAIN
  FOG


RELATIVE HUMIDITY (PERCENT)
 HIGHEST    93           600 PM
 LOWEST     46          1200 PM
 AVERAGE    70

..........................................................


THE ROCHESTER NY CLIMATE NORMALS FOR TODAY
                         NORMAL    RECORD    YEAR
 MAXIMUM TEMPERATURE (F)   67        88      1920
 MINIMUM TEMPERATURE (F)   48        31      1957


SUNRISE AND SUNSET
SEPTEMBER 27 2016.....SUNRISE   704 AM EDT   SUNSET   658 PM EDT
SEPTEMBER 28 2016.....SUNRISE   705 AM EDT   SUNSET   656 PM EDT


-  INDICATES NEGATIVE NUMBERS.
R  INDICATES RECORD WAS SET OR TIED.
MM INDICATES DATA IS MISSING.
T  INDICATES TRACE AMOUNT.




$$
