000
CDUS41 KBUF 241012
CLIROC


CLIMATE REPORT
NATIONAL WEATHER SERVICE BUFFALO NY
611 AM EDT SAT JUN 24 2017


...................................

...THE ROCHESTER NY CLIMATE SUMMARY FOR JUNE 23 2017...

CLIMATE NORMAL PERIOD 1981 TO 2010
CLIMATE RECORD PERIOD 1871 TO 2017


WEATHER ITEM   OBSERVED TIME   RECORD YEAR NORMAL DEPARTURE LAST
                VALUE   (LST)  VALUE       VALUE  FROM      YEAR
                                                  NORMAL
..................................................................
TEMPERATURE (F)
 YESTERDAY
  MAXIMUM         81   1000 AM  95    1888  79      2       76
  MINIMUM         71   1159 PM  40    1918  58     13       52
  AVERAGE         76                        68      8       64

PRECIPITATION (IN)
  YESTERDAY        0.19          2.56 1950   0.11   0.08     0.00
  MONTH TO DATE    2.65                      2.52   0.13     0.80
  SINCE JUN 1      2.65                      2.52   0.13     0.80
  SINCE JAN 1     22.63                     14.98   7.65    12.41

SNOWFALL (IN)
  YESTERDAY        0.0           0.0    MM   0.0    0.0      0.0
  MONTH TO DATE    0.0                       0.0    0.0      0.0
  SINCE JUN 1      0.0                       0.0    0.0      0.0
  SINCE JUL 1    107.1                      99.5    7.6     63.7
  SNOW DEPTH       0

DEGREE DAYS
 HEATING
  YESTERDAY        0                         1     -1        1
  MONTH TO DATE   41                        62    -21       47
  SINCE JUN 1     41                        62    -21       47
  SINCE JUL 1   5573                      6640  -1067     5655

 COOLING
  YESTERDAY       11                         5      6        0
  MONTH TO DATE  113                        69     44       78
  SINCE JUN 1    113                        69     44       78
  SINCE JAN 1    155                        99     56      140
..................................................................


WIND (MPH)
  HIGHEST WIND SPEED    20   HIGHEST WIND DIRECTION    SW (220)
  HIGHEST GUST SPEED    25   HIGHEST GUST DIRECTION    SW (230)
  AVERAGE WIND SPEED     9.1


SKY COVER
  AVERAGE SKY COVER 0.9


WEATHER CONDITIONS
 THE FOLLOWING WEATHER WAS RECORDED YESTERDAY.
  HEAVY RAIN
  RAIN
  LIGHT RAIN
  FOG


RELATIVE HUMIDITY (PERCENT)
 HIGHEST    93           600 PM
 LOWEST     67          1000 AM
 AVERAGE    80

..........................................................


THE ROCHESTER NY CLIMATE NORMALS FOR TODAY
                         NORMAL    RECORD    YEAR
 MAXIMUM TEMPERATURE (F)   79        96      1949
 MINIMUM TEMPERATURE (F)   58        45      1932


SUNRISE AND SUNSET
JUNE 24 2017..........SUNRISE   532 AM EDT   SUNSET   854 PM EDT
JUNE 25 2017..........SUNRISE   532 AM EDT   SUNSET   854 PM EDT


-  INDICATES NEGATIVE NUMBERS.
R  INDICATES RECORD WAS SET OR TIED.
MM INDICATES DATA IS MISSING.
T  INDICATES TRACE AMOUNT.




$$
