000
CDUS41 KBUF 221320 CCA
CLIROC

CLIMATE REPORT
NATIONAL WEATHER SERVICE BUFFALO NY
518 AM EST SAT NOV 22 2014


...................................

...THE ROCHESTER NY CLIMATE SUMMARY FOR NOVEMBER 21 2014...

CLIMATE NORMAL PERIOD 1981 TO 2010
CLIMATE RECORD PERIOD 1871 TO 2014


WEATHER ITEM   OBSERVED TIME   RECORD YEAR NORMAL DEPARTURE LAST
                VALUE   (LST)  VALUE       VALUE  FROM      YEAR
                                                  NORMAL
..................................................................
TEMPERATURE (F)
 YESTERDAY
  MAXIMUM         29    328 PM  72    1913  46    -17       45
  MINIMUM         19    517 AM   9    1880  31    -12       30
                                      1879
  AVERAGE         24                        39    -15       38

PRECIPITATION (IN)
  YESTERDAY        T             1.09 2007   0.10  -0.10     0.01
  MONTH TO DATE    1.94                      2.04  -0.10     1.68
  SINCE SEP 1      5.16                      8.14  -2.98     7.41
  SINCE JAN 1     30.19                     30.74  -0.55    32.62

SNOWFALL (IN)
  YESTERDAY        0.4           3.5  1937   0.3    0.0      0.0
  MONTH TO DATE    7.2                       3.8    3.4      1.8
  SINCE SEP 1      7.2                       3.9    3.3      1.8
  SINCE JUL 1      7.2                       3.9    3.3      1.8
  SNOW DEPTH       3

DEGREE DAYS
 HEATING
  YESTERDAY       41                        26     15       27
  MONTH TO DATE  556                       480     76      472
  SINCE SEP 1   1028                      1079    -51     1009
  SINCE JUL 1   1053                      1113    -60     1027

 COOLING
  YESTERDAY        0                         0      0        0
  MONTH TO DATE    0                         0      0        0
  SINCE SEP 1     78                        55     23       69
  SINCE JAN 1    542                       539      3      660
..................................................................


WIND (MPH)
  HIGHEST WIND SPEED    17   HIGHEST WIND DIRECTION     W (260)
  HIGHEST GUST SPEED    24   HIGHEST GUST DIRECTION     W (260)
  AVERAGE WIND SPEED    10.6


SKY COVER
  AVERAGE SKY COVER 0.5


WEATHER CONDITIONS
 THE FOLLOWING WEATHER WAS RECORDED YESTERDAY.
  LIGHT SNOW


RELATIVE HUMIDITY (PERCENT)
 HIGHEST    81           900 PM
 LOWEST     50           300 PM
 AVERAGE    66

..........................................................


THE ROCHESTER NY CLIMATE NORMALS FOR TODAY
                         NORMAL    RECORD    YEAR
 MAXIMUM TEMPERATURE (F)   45        71      1999
                                             1913
 MINIMUM TEMPERATURE (F)   31         7      1880


SUNRISE AND SUNSET
NOVEMBER 22 2014......SUNRISE   712 AM EST   SUNSET   441 PM EST
NOVEMBER 23 2014......SUNRISE   713 AM EST   SUNSET   441 PM EST


-  INDICATES NEGATIVE NUMBERS.
R  INDICATES RECORD WAS SET OR TIED.
MM INDICATES DATA IS MISSING.
T  INDICATES TRACE AMOUNT.

$$
