000
CDUS41 KBUF 060705
CLIROC


CLIMATE REPORT
NATIONAL WEATHER SERVICE BUFFALO NY
305 AM EDT MON JUL 6 2015


...................................

...THE ROCHESTER NY CLIMATE SUMMARY FOR JULY 5 2015...

CLIMATE NORMAL PERIOD 1981 TO 2010
CLIMATE RECORD PERIOD 1871 TO 2015


WEATHER ITEM   OBSERVED TIME   RECORD YEAR NORMAL DEPARTURE LAST
                VALUE   (LST)  VALUE       VALUE  FROM      YEAR
                                                  NORMAL
..................................................................
TEMPERATURE (F)
 YESTERDAY
  MAXIMUM         81    357 PM 101    1911  81      0       80
  MINIMUM         57    517 AM  47    1997  60     -3       52
                                      1961
  AVERAGE         69                        70     -1       66

PRECIPITATION (IN)
  YESTERDAY        T             1.94 1871   0.10  -0.10     0.00
  MONTH TO DATE    0.22                      0.52  -0.30     0.46
  SINCE JUN 1      6.42                      3.86   2.56     2.52
  SINCE JAN 1     18.12                     16.32   1.80    15.52

SNOWFALL (IN)
  YESTERDAY        0.0           0.0    MM   0.0    0.0      0.0
  MONTH TO DATE    0.0                       0.0    0.0      0.0
  SINCE JUN 1      0.0                       0.0    0.0      0.0
  SINCE JUL 1      0.0                       0.0    0.0      0.0
  SNOW DEPTH       0

DEGREE DAYS
 HEATING
  YESTERDAY        0                         1     -1        0
  MONTH TO DATE    4                         5     -1        0
  SINCE JUN 1     61                        73    -12       29
  SINCE JUL 1      4                         5     -1        0

 COOLING
  YESTERDAY        4                         6     -2        1
  MONTH TO DATE   11                        30    -19       37
  SINCE JUN 1    105                       136    -31      187
  SINCE JAN 1    208                       166     42      226
..................................................................


WIND (MPH)
  HIGHEST WIND SPEED    10   HIGHEST WIND DIRECTION     W (260)
  HIGHEST GUST SPEED    16   HIGHEST GUST DIRECTION     W (270)
  AVERAGE WIND SPEED     4.6


SKY COVER
  AVERAGE SKY COVER 0.2


WEATHER CONDITIONS
 THE FOLLOWING WEATHER WAS RECORDED YESTERDAY.
  NO SIGNIFICANT WEATHER WAS OBSERVED.


RELATIVE HUMIDITY (PERCENT)
 HIGHEST    93           400 AM
 LOWEST     49           200 PM
 AVERAGE    71

..........................................................


THE ROCHESTER NY CLIMATE NORMALS FOR TODAY
                         NORMAL    RECORD    YEAR
 MAXIMUM TEMPERATURE (F)   81        98      1993
 MINIMUM TEMPERATURE (F)   60        47      1963


SUNRISE AND SUNSET
JULY  6 2015..........SUNRISE   538 AM EDT   SUNSET   853 PM EDT
JULY  7 2015..........SUNRISE   538 AM EDT   SUNSET   852 PM EDT


-  INDICATES NEGATIVE NUMBERS.
R  INDICATES RECORD WAS SET OR TIED.
MM INDICATES DATA IS MISSING.
T  INDICATES TRACE AMOUNT.




$$
