000
CDUS41 KBUF 220705
CLIROC


CLIMATE REPORT
NATIONAL WEATHER SERVICE BUFFALO NY
205 AM EST MON JAN 22 2018


...................................

...THE ROCHESTER NY CLIMATE SUMMARY FOR JANUARY 21 2018...

CLIMATE NORMAL PERIOD 1981 TO 2010
CLIMATE RECORD PERIOD 1871 TO 2018


WEATHER ITEM   OBSERVED TIME   RECORD YEAR NORMAL DEPARTURE LAST
                VALUE   (LST)  VALUE       VALUE  FROM      YEAR
                                                  NORMAL
..................................................................
TEMPERATURE (F)
 YESTERDAY
  MAXIMUM         45    203 PM  71    1906  31     14       50
  MINIMUM         25    824 AM -10    2005  17      8       44
  AVERAGE         35                        24     11       47

PRECIPITATION (IN)
  YESTERDAY        T             1.01 1959   0.07  -0.07      T
  MONTH TO DATE    2.30                      1.68   0.62     1.89
  SINCE DEC 1      4.54                      4.31   0.23     4.80
  SINCE JAN 1      2.30                      1.68   0.62     1.89

SNOWFALL (IN)
  YESTERDAY       MM             8.8  1881   0.9   MM        0.0
  MONTH TO DATE   25.4                      19.2    6.2      4.4
  SINCE DEC 1     60.1                      41.0   19.1     33.7
  SINCE JUL 1     62.7                      48.4   14.3     49.6
  SNOW DEPTH       3

DEGREE DAYS
 HEATING
  YESTERDAY       30                        41    -11       18
  MONTH TO DATE  903                       844     59      713
  SINCE DEC 1   2105                      1929    176     1748
  SINCE JUL 1   3196                      3297   -101     2726

 COOLING
  YESTERDAY        0                         0      0        0
  MONTH TO DATE    0                         0      0        0
  SINCE DEC 1      0                         0      0        0
  SINCE JAN 1      0                         0      0        0
..................................................................


WIND (MPH)
  HIGHEST WIND SPEED    12   HIGHEST WIND DIRECTION     W (250)
  HIGHEST GUST SPEED    15   HIGHEST GUST DIRECTION     W (260)
  AVERAGE WIND SPEED     3.5


SKY COVER
  AVERAGE SKY COVER 0.8


WEATHER CONDITIONS
 THE FOLLOWING WEATHER WAS RECORDED YESTERDAY.
  LIGHT RAIN
  FOG


RELATIVE HUMIDITY (PERCENT)
 HIGHEST    92           700 AM
 LOWEST     65           200 PM
 AVERAGE    79

..........................................................


THE ROCHESTER NY CLIMATE NORMALS FOR TODAY
                         NORMAL    RECORD    YEAR
 MAXIMUM TEMPERATURE (F)   31        68      1906
 MINIMUM TEMPERATURE (F)   17        -9      2005


SUNRISE AND SUNSET
JANUARY 22 2018.......SUNRISE   735 AM EST   SUNSET   510 PM EST
JANUARY 23 2018.......SUNRISE   734 AM EST   SUNSET   511 PM EST


-  INDICATES NEGATIVE NUMBERS.
R  INDICATES RECORD WAS SET OR TIED.
MM INDICATES DATA IS MISSING.
T  INDICATES TRACE AMOUNT.




$$
