000
CDUS41 KBUF 251004
CLIROC


CLIMATE REPORT
NATIONAL WEATHER SERVICE BUFFALO NY
604 AM EDT WED MAY 25 2016


...................................

...THE ROCHESTER NY CLIMATE SUMMARY FOR MAY 24 2016...

CLIMATE NORMAL PERIOD 1981 TO 2010
CLIMATE RECORD PERIOD 1871 TO 2016


WEATHER ITEM   OBSERVED TIME   RECORD YEAR NORMAL DEPARTURE LAST
                VALUE   (LST)  VALUE       VALUE  FROM      YEAR
                                                  NORMAL
..................................................................
TEMPERATURE (F)
 YESTERDAY
  MAXIMUM         83    403 PM  91    2007  70     13       81
  MINIMUM         50    603 AM  31    1956  49      1       47
  AVERAGE         67                        59      8       64

PRECIPITATION (IN)
  YESTERDAY        0.00          0.98 2004   0.10  -0.10     0.00
  MONTH TO DATE    1.38                      2.22  -0.84     0.98
  SINCE MAR 1      4.76                      7.45  -2.69     5.02
  SINCE JAN 1     10.06                     11.81  -1.75     9.27

SNOWFALL (IN)
  YESTERDAY        0.0           T    1925   0.0    0.0      0.0
  MONTH TO DATE    T                         0.4   -0.4      0.0
  SINCE MAR 1     12.0                      20.6   -8.6     13.3
  SINCE JUL 1     63.7                      99.5  -35.8    101.9
  SNOW DEPTH       0

DEGREE DAYS
 HEATING
  YESTERDAY        0                         7     -7        1
  MONTH TO DATE  255                       235     20      119
  SINCE MAR 1   1691                      1752    -61     1711
  SINCE JUL 1   5608                      6538   -930     6805

 COOLING
  YESTERDAY        2                         1      1        0
  MONTH TO DATE    2                        15    -13       55
  SINCE MAR 1      2                        19    -17       55
  SINCE JAN 1      2                        19    -17       55
..................................................................


WIND (MPH)
  HIGHEST WIND SPEED    20   HIGHEST WIND DIRECTION     N (360)
  HIGHEST GUST SPEED    24   HIGHEST GUST DIRECTION     N (360)
  AVERAGE WIND SPEED     8.6


SKY COVER
  AVERAGE SKY COVER 0.3


WEATHER CONDITIONS
 THE FOLLOWING WEATHER WAS RECORDED YESTERDAY.
  NO SIGNIFICANT WEATHER WAS OBSERVED.


RELATIVE HUMIDITY (PERCENT)
 HIGHEST    86           500 AM
 LOWEST     18           300 PM
 AVERAGE    52

..........................................................


THE ROCHESTER NY CLIMATE NORMALS FOR TODAY
                         NORMAL    RECORD    YEAR
 MAXIMUM TEMPERATURE (F)   70        88      2012
                                             2007
                                             1904
 MINIMUM TEMPERATURE (F)   49        32      1956


SUNRISE AND SUNSET
MAY 25 2016...........SUNRISE   538 AM EDT   SUNSET   838 PM EDT
MAY 26 2016...........SUNRISE   537 AM EDT   SUNSET   839 PM EDT


-  INDICATES NEGATIVE NUMBERS.
R  INDICATES RECORD WAS SET OR TIED.
MM INDICATES DATA IS MISSING.
T  INDICATES TRACE AMOUNT.




$$
