000
CDUS41 KBUF 270705
CLIROC


CLIMATE REPORT
NATIONAL WEATHER SERVICE BUFFALO NY
305 AM EDT WED APR 27 2016


...................................

...THE ROCHESTER NY CLIMATE SUMMARY FOR APRIL 26 2016...

CLIMATE NORMAL PERIOD 1981 TO 2010
CLIMATE RECORD PERIOD 1871 TO 2016


WEATHER ITEM   OBSERVED TIME   RECORD YEAR NORMAL DEPARTURE LAST
                VALUE   (LST)  VALUE       VALUE  FROM      YEAR
                                                  NORMAL
..................................................................
TEMPERATURE (F)
 YESTERDAY
  MAXIMUM         42    118 AM  86    1990  61    -19       54
                                      1915
  MINIMUM         31   1159 PM  23    1919  40     -9       33
  AVERAGE         37                        50    -13       44

PRECIPITATION (IN)
  YESTERDAY        0.50          1.31 1874   0.09   0.41      T
  MONTH TO DATE    1.55                      2.37  -0.82     2.70
  SINCE MAR 1      3.37                      4.87  -1.50     4.04
  SINCE JAN 1      8.67                      9.23  -0.56     8.29

SNOWFALL (IN)
  YESTERDAY       MM             4.2  1874   0.0   MM        0.0
  MONTH TO DATE    8.8                       3.7    5.1      0.5
  SINCE MAR 1     12.0                      20.0   -8.0     13.3
  SINCE JUL 1     63.7                      98.9  -35.2    101.9
  SNOW DEPTH       0

DEGREE DAYS
 HEATING
  YESTERDAY       28                        15     13       21
  MONTH TO DATE  593                       510     83      466
  SINCE MAR 1   1355                      1462   -107     1544
  SINCE JUL 1   5272                      6248   -976     6638

 COOLING
  YESTERDAY        0                         0      0        0
  MONTH TO DATE    0                         0      0        0
  SINCE MAR 1      0                         0      0        0
  SINCE JAN 1      0                         0      0        0
..................................................................


WIND (MPH)
  HIGHEST WIND SPEED    24   HIGHEST WIND DIRECTION    NE (40)
  HIGHEST GUST SPEED    29   HIGHEST GUST DIRECTION    NE (50)
  AVERAGE WIND SPEED    10.6


SKY COVER
  AVERAGE SKY COVER 0.8


WEATHER CONDITIONS
 THE FOLLOWING WEATHER WAS RECORDED YESTERDAY.
  RAIN
  LIGHT RAIN
  FOG


RELATIVE HUMIDITY (PERCENT)
 HIGHEST   100           900 AM
 LOWEST     70           700 PM
 AVERAGE    85

..........................................................


THE ROCHESTER NY CLIMATE NORMALS FOR TODAY
                         NORMAL    RECORD    YEAR
 MAXIMUM TEMPERATURE (F)   61        86      1990
                                             1962
 MINIMUM TEMPERATURE (F)   41        26      1993


SUNRISE AND SUNSET
APRIL 27 2016.........SUNRISE   609 AM EDT   SUNSET   808 PM EDT
APRIL 28 2016.........SUNRISE   608 AM EDT   SUNSET   809 PM EDT


-  INDICATES NEGATIVE NUMBERS.
R  INDICATES RECORD WAS SET OR TIED.
MM INDICATES DATA IS MISSING.
T  INDICATES TRACE AMOUNT.




$$
