000
CDUS41 KBUF 140705
CLIROC


CLIMATE REPORT
NATIONAL WEATHER SERVICE BUFFALO NY
205 AM EST WED FEB 14 2018


...................................

...THE ROCHESTER NY CLIMATE SUMMARY FOR FEBRUARY 13 2018...

CLIMATE NORMAL PERIOD 1981 TO 2010
CLIMATE RECORD PERIOD 1871 TO 2018


WEATHER ITEM   OBSERVED TIME   RECORD YEAR NORMAL DEPARTURE LAST
                VALUE   (LST)  VALUE       VALUE  FROM      YEAR
                                                  NORMAL
..................................................................
TEMPERATURE (F)
 YESTERDAY
  MAXIMUM         29   1159 PM  64    1984  34     -5       33
  MINIMUM         13    825 AM -12    1979  18     -5       26
  AVERAGE         21                        26     -5       30

PRECIPITATION (IN)
  YESTERDAY        T             1.73 1971   0.06  -0.06     0.25
  MONTH TO DATE    1.00                      0.86   0.14     1.54
  SINCE DEC 1      6.35                      5.90   0.45     7.20
  SINCE JAN 1      4.11                      3.27   0.84     4.29

SNOWFALL (IN)
  YESTERDAY       MM             9.8  1971   0.8   MM        4.9
  MONTH TO DATE   15.0                      10.1    4.9     13.2
  SINCE DEC 1     82.6                      60.1   22.5     54.3
  SINCE JUL 1     85.2                      67.5   17.7     70.2
  SNOW DEPTH       5

DEGREE DAYS
 HEATING
  YESTERDAY       44                        39      5       35
  MONTH TO DATE  522                       518      4      461
  SINCE DEC 1   2957                      2854    103     2532
  SINCE JUL 1   4048                      4222   -174     3510

 COOLING
  YESTERDAY        0                         0      0        0
  MONTH TO DATE    0                         0      0        0
  SINCE DEC 1      0                         0      0        0
  SINCE JAN 1      0                         0      0        0
..................................................................


WIND (MPH)
  HIGHEST WIND SPEED    12   HIGHEST WIND DIRECTION    SE (120)
  HIGHEST GUST SPEED    15   HIGHEST GUST DIRECTION     N (340)
  AVERAGE WIND SPEED     4.8


SKY COVER
  AVERAGE SKY COVER 0.8


WEATHER CONDITIONS
 THE FOLLOWING WEATHER WAS RECORDED YESTERDAY.
  LIGHT SNOW


RELATIVE HUMIDITY (PERCENT)
 HIGHEST    84           800 AM
 LOWEST     55          1100 AM
 AVERAGE    70

..........................................................


THE ROCHESTER NY CLIMATE NORMALS FOR TODAY
                         NORMAL    RECORD    YEAR
 MAXIMUM TEMPERATURE (F)   34        56      1984
 MINIMUM TEMPERATURE (F)   18       -14      1979


SUNRISE AND SUNSET
FEBRUARY 14 2018......SUNRISE   710 AM EST   SUNSET   541 PM EST
FEBRUARY 15 2018......SUNRISE   708 AM EST   SUNSET   542 PM EST


-  INDICATES NEGATIVE NUMBERS.
R  INDICATES RECORD WAS SET OR TIED.
MM INDICATES DATA IS MISSING.
T  INDICATES TRACE AMOUNT.




$$
