951
CDUS41 KBUF 200705
CLIROC


CLIMATE REPORT
NATIONAL WEATHER SERVICE BUFFALO NY
205 AM EST MON NOV 20 2017


...................................

...THE ROCHESTER NY CLIMATE SUMMARY FOR NOVEMBER 19 2017...

CLIMATE NORMAL PERIOD 1981 TO 2010
CLIMATE RECORD PERIOD 1871 TO 2017


WEATHER ITEM   OBSERVED TIME   RECORD YEAR NORMAL DEPARTURE LAST
                VALUE   (LST)  VALUE       VALUE  FROM      YEAR
                                                  NORMAL
..................................................................
TEMPERATURE (F)
 YESTERDAY
  MAXIMUM         51   1251 AM  73    1941  47      4       66
                                      1921
  MINIMUM         31   1159 PM  11    1894  32     -1       37
  AVERAGE         41                        39      2       52

PRECIPITATION (IN)
  YESTERDAY        0.35          1.37 1889   0.10   0.25     0.16
  MONTH TO DATE    3.91                      1.84   2.07     1.21
  SINCE SEP 1     11.90                      7.94   3.96     8.77
  SINCE JAN 1     42.91                     30.54  12.37    26.42

SNOWFALL (IN)
  YESTERDAY       MM             5.0  1955   0.2   MM        0.0
  MONTH TO DATE    1.5                       3.2   -1.7      0.0
  SINCE SEP 1      1.5                       3.3   -1.8      0.9
  SINCE JUL 1      1.5                       3.3   -1.8      0.9
  SNOW DEPTH       0

DEGREE DAYS
 HEATING
  YESTERDAY       24                        26     -2       13
  MONTH TO DATE  463                       428     35      306
  SINCE SEP 1    798                      1027   -229      699
  SINCE JUL 1    825                      1061   -236      699

 COOLING
  YESTERDAY        0                         0      0        0
  MONTH TO DATE    0                         0      0        0
  SINCE SEP 1    139                        55     84      127
  SINCE JAN 1    655                       539    116      978
..................................................................


WIND (MPH)
  HIGHEST WIND SPEED    25   HIGHEST WIND DIRECTION    NW (300)
  HIGHEST GUST SPEED    34   HIGHEST GUST DIRECTION    NW (320)
  AVERAGE WIND SPEED    14.0


SKY COVER
  AVERAGE SKY COVER 1.0


WEATHER CONDITIONS
 THE FOLLOWING WEATHER WAS RECORDED YESTERDAY.
  RAIN
  LIGHT RAIN
  HAIL
  LIGHT SNOW
  FOG


RELATIVE HUMIDITY (PERCENT)
 HIGHEST   100           500 AM
 LOWEST     69          1100 PM
 AVERAGE    85

..........................................................


THE ROCHESTER NY CLIMATE NORMALS FOR TODAY
                         NORMAL    RECORD    YEAR
 MAXIMUM TEMPERATURE (F)   46        72      1991
 MINIMUM TEMPERATURE (F)   32        14      1879


SUNRISE AND SUNSET
NOVEMBER 20 2017......SUNRISE   710 AM EST   SUNSET   442 PM EST
NOVEMBER 21 2017......SUNRISE   711 AM EST   SUNSET   442 PM EST


-  INDICATES NEGATIVE NUMBERS.
R  INDICATES RECORD WAS SET OR TIED.
MM INDICATES DATA IS MISSING.
T  INDICATES TRACE AMOUNT.




$$
