000
CDUS41 KBUF 262051
CLIROC


CLIMATE REPORT
NATIONAL WEATHER SERVICE BUFFALO NY
449 PM EDT SUN OCT 26 2014


...................................

...THE ROCHESTER NY CLIMATE SUMMARY FOR OCTOBER 26 2014...
VALID TODAY AS OF 0400 PM LOCAL TIME.

CLIMATE NORMAL PERIOD 1981 TO 2010
CLIMATE RECORD PERIOD 1871 TO 2014


WEATHER ITEM   OBSERVED TIME   RECORD YEAR NORMAL DEPARTURE LAST
                VALUE   (LST)  VALUE       VALUE  FROM      YEAR
                                                  NORMAL
..................................................................
TEMPERATURE (F)
 TODAY
  MAXIMUM         52    259 PM  79    1963  56     -4       47
  MINIMUM         45    149 AM  24    1887  39      6       39
                                      1884
                                      1879
  AVERAGE         49                        47      2       43

PRECIPITATION (IN)
  TODAY            T             1.74 1872   0.09  -0.09      T
  MONTH TO DATE    1.79                      2.29  -0.50     2.79
  SINCE SEP 1      3.12                      5.67  -2.55     5.20
  SINCE JAN 1     28.15                     28.27  -0.12    30.41

SNOWFALL (IN)
  TODAY            0.0           1.0  1934   0.0    0.0      0.0
  MONTH TO DATE    0.0                       0.0    0.0      0.0
  SINCE SEP 1      0.0                       0.0    0.0      0.0
  SINCE JUL 1      0.0                       0.0    0.0      0.0
  SNOW DEPTH       0

DEGREE DAYS
 HEATING
  TODAY           16                        18     -2       22
  MONTH TO DATE  277                       359    -82      260
  SINCE SEP 1    401                       506   -105      432
  SINCE JUL 1    426                       540   -114      450

 COOLING
  TODAY            0                         0      0        0
  MONTH TO DATE    9                         0      9       10
  SINCE SEP 1     77                        50     27       69
  SINCE JAN 1    541                       534      7      660
..................................................................


WIND (MPH)
  HIGHEST WIND SPEED    23   HIGHEST WIND DIRECTION     W (280)
  HIGHEST GUST SPEED    32   HIGHEST GUST DIRECTION     W (270)
  AVERAGE WIND SPEED    13.3


SKY COVER
  AVERAGE SKY COVER 0.8


WEATHER CONDITIONS
 THE FOLLOWING WEATHER WAS RECORDED TODAY.
  LIGHT RAIN


RELATIVE HUMIDITY (PERCENT)
 HIGHEST    83           100 AM
 LOWEST     59          1000 AM
 AVERAGE    71

..........................................................


THE ROCHESTER NY CLIMATE NORMALS FOR TOMORROW
                         NORMAL    RECORD    YEAR
 MAXIMUM TEMPERATURE (F)   56        83      1947
 MINIMUM TEMPERATURE (F)   38        26      1936


SUNRISE AND SUNSET
OCTOBER 26 2014.......SUNRISE   738 AM EDT   SUNSET   611 PM EDT
OCTOBER 27 2014.......SUNRISE   739 AM EDT   SUNSET   609 PM EDT


-  INDICATES NEGATIVE NUMBERS.
R  INDICATES RECORD WAS SET OR TIED.
MM INDICATES DATA IS MISSING.
T  INDICATES TRACE AMOUNT.




$$
