000
CDUS41 KBUF 222022
CLIROC


CLIMATE REPORT
NATIONAL WEATHER SERVICE BUFFALO NY
421 PM EDT WED MAR 22 2017


...................................

...THE ROCHESTER NY CLIMATE SUMMARY FOR MARCH 22 2017...
VALID TODAY AS OF 0400 PM LOCAL TIME.

CLIMATE NORMAL PERIOD 1981 TO 2010
CLIMATE RECORD PERIOD 1871 TO 2017


WEATHER ITEM   OBSERVED TIME   RECORD YEAR NORMAL DEPARTURE LAST
                VALUE   (LST)  VALUE       VALUE  FROM      YEAR
                                                  NORMAL
..................................................................
TEMPERATURE (F)
 TODAY
  MAXIMUM         33   1207 AM  83    1938  45    -12       52
  MINIMUM         19    845 AM  -1    1885  28     -9       25
  AVERAGE         26                        36    -10       39

PRECIPITATION (IN)
  TODAY            T             0.83 2001   0.08  -0.08     0.02
  MONTH TO DATE    2.47                      1.74   0.73     1.00
  SINCE MAR 1      2.47                      1.74   0.73     1.00
  SINCE JAN 1      7.55                      6.10   1.45     6.30

SNOWFALL (IN)
  TODAY            0.1           7.9  2001   0.4   -0.3      0.0
  MONTH TO DATE   32.9                      13.2   19.7      2.6
  SINCE MAR 1     32.9                      13.2   19.7      2.6
  SINCE JUL 1    104.5                      92.1   12.4     54.3
  SNOW DEPTH       3

DEGREE DAYS
 HEATING
  TODAY           39                        29     10       26
  MONTH TO DATE  781                       713     68      574
  SINCE MAR 1    781                       713     68      574
  SINCE JUL 1   4649                      5499   -850     4491

 COOLING
  TODAY            0                         0      0        0
  MONTH TO DATE    0                         0      0        0
  SINCE MAR 1      0                         0      0        0
  SINCE JAN 1      0                         0      0        0
..................................................................


WIND (MPH)
  HIGHEST WIND SPEED    26   HIGHEST WIND DIRECTION     N (350)
  HIGHEST GUST SPEED    36   HIGHEST GUST DIRECTION    NW (320)
  AVERAGE WIND SPEED    MM


SKY COVER
  AVERAGE SKY COVER 0.5


WEATHER CONDITIONS
 THE FOLLOWING WEATHER WAS RECORDED TODAY.
  LIGHT SNOW


RELATIVE HUMIDITY (PERCENT)
 HIGHEST    58           200 AM
 LOWEST     40           300 PM
 AVERAGE    49

..........................................................


THE ROCHESTER NY CLIMATE NORMALS FOR TOMORROW
                         NORMAL    RECORD    YEAR
 MAXIMUM TEMPERATURE (F)   45        79      1966
 MINIMUM TEMPERATURE (F)   28        -1      1875


SUNRISE AND SUNSET
MARCH 22 2017.........SUNRISE   710 AM EDT   SUNSET   726 PM EDT
MARCH 23 2017.........SUNRISE   708 AM EDT   SUNSET   727 PM EDT


-  INDICATES NEGATIVE NUMBERS.
R  INDICATES RECORD WAS SET OR TIED.
MM INDICATES DATA IS MISSING.
T  INDICATES TRACE AMOUNT.




$$
