000
CDUS41 KBUF 250705
CLIROC


CLIMATE REPORT
NATIONAL WEATHER SERVICE BUFFALO NY
305 AM EDT MON AUG 25 2014


...................................

...THE ROCHESTER NY CLIMATE SUMMARY FOR AUGUST 24 2014...

CLIMATE NORMAL PERIOD 1981 TO 2010
CLIMATE RECORD PERIOD 1871 TO 2014


WEATHER ITEM   OBSERVED TIME   RECORD YEAR NORMAL DEPARTURE LAST
                VALUE   (LST)  VALUE       VALUE  FROM      YEAR
                                                  NORMAL
..................................................................
TEMPERATURE (F)
 YESTERDAY
  MAXIMUM         80    343 PM  94    1947  78      2       76
  MINIMUM         60    508 AM  42    1971  59      1       51
  AVERAGE         70                        68      2       64

PRECIPITATION (IN)
  YESTERDAY        0.00          2.38 1898   0.11  -0.11     0.00
  MONTH TO DATE    2.12                      2.74  -0.62     1.96
  SINCE JUN 1     11.88                      9.41   2.47    12.64
  SINCE JAN 1     24.88                     21.87   3.01    24.47

SNOWFALL (IN)
  YESTERDAY        0.0           0.0    MM   0.0    0.0      0.0
  MONTH TO DATE    0.0                       0.0    0.0      0.0
  SINCE JUN 1      0.0                       0.0    0.0      0.0
  SINCE JUL 1      0.0                       0.0    0.0      0.0
  SNOW DEPTH       0

DEGREE DAYS
 HEATING
  YESTERDAY        0                         1     -1        1
  MONTH TO DATE   14                        14      0       10
  SINCE JUN 1     50                        94    -44       76
  SINCE JUL 1     21                        26     -5       18

 COOLING
  YESTERDAY        5                         4      1        0
  MONTH TO DATE   90                       129    -39       89
  SINCE JUN 1    390                       428    -38      457
  SINCE JAN 1    429                       458    -29      528
..................................................................


WIND (MPH)
  HIGHEST WIND SPEED    13   HIGHEST WIND DIRECTION     N (20)
  HIGHEST GUST SPEED    18   HIGHEST GUST DIRECTION    NE (40)
  AVERAGE WIND SPEED     4.8


SKY COVER
  AVERAGE SKY COVER 0.3


WEATHER CONDITIONS
 THE FOLLOWING WEATHER WAS RECORDED YESTERDAY.
  NO SIGNIFICANT WEATHER WAS OBSERVED.


RELATIVE HUMIDITY (PERCENT)
 HIGHEST    97           300 AM
 LOWEST     45           400 PM
 AVERAGE    71

..........................................................


THE ROCHESTER NY CLIMATE NORMALS FOR TODAY
                         NORMAL    RECORD    YEAR
 MAXIMUM TEMPERATURE (F)   78        96      1948
 MINIMUM TEMPERATURE (F)   58        43      1960
                                             1942
                                             1884


SUNRISE AND SUNSET
AUGUST 25 2014........SUNRISE   627 AM EDT   SUNSET   757 PM EDT
AUGUST 26 2014........SUNRISE   628 AM EDT   SUNSET   756 PM EDT


-  INDICATES NEGATIVE NUMBERS.
R  INDICATES RECORD WAS SET OR TIED.
MM INDICATES DATA IS MISSING.
T  INDICATES TRACE AMOUNT.




$$
