000
CDUS41 KBUF 200705
CLIROC


CLIMATE REPORT
NATIONAL WEATHER SERVICE BUFFALO NY
305 AM EDT TUE JUN 20 2017


...................................

...THE ROCHESTER NY CLIMATE SUMMARY FOR JUNE 19 2017...

CLIMATE NORMAL PERIOD 1981 TO 2010
CLIMATE RECORD PERIOD 1871 TO 2017


WEATHER ITEM   OBSERVED TIME   RECORD YEAR NORMAL DEPARTURE LAST
                VALUE   (LST)  VALUE       VALUE  FROM      YEAR
                                                  NORMAL
..................................................................
TEMPERATURE (F)
 YESTERDAY
  MAXIMUM         80    149 PM  95    2001  78      2       92
  MINIMUM         66   1159 PM  42    1956  57      9       60
  AVERAGE         73                        67      6       76

PRECIPITATION (IN)
  YESTERDAY        0.09          1.24 2007   0.11  -0.02     0.00
  MONTH TO DATE    2.40                      2.06   0.34     0.75
  SINCE JUN 1      2.40                      2.06   0.34     0.75
  SINCE JAN 1     22.38                     14.52   7.86    12.36

SNOWFALL (IN)
  YESTERDAY        0.0           0.0    MM   0.0    0.0      0.0
  MONTH TO DATE    0.0                       0.0    0.0      0.0
  SINCE JUN 1      0.0                       0.0    0.0      0.0
  SINCE JUL 1    107.1                      99.5    7.6     63.7
  SNOW DEPTH       0

DEGREE DAYS
 HEATING
  YESTERDAY        0                         2     -2        0
  MONTH TO DATE   41                        58    -17       46
  SINCE JUN 1     41                        58    -17       46
  SINCE JUL 1   5573                      6636  -1063     5654

 COOLING
  YESTERDAY        8                         4      4       11
  MONTH TO DATE   95                        52     43       57
  SINCE JUN 1     95                        52     43       57
  SINCE JAN 1    137                        82     55      119
..................................................................


WIND (MPH)
  HIGHEST WIND SPEED    14   HIGHEST WIND DIRECTION     W (250)
  HIGHEST GUST SPEED    17   HIGHEST GUST DIRECTION    SW (230)
  AVERAGE WIND SPEED     6.6


SKY COVER
  AVERAGE SKY COVER 0.8


WEATHER CONDITIONS
 THE FOLLOWING WEATHER WAS RECORDED YESTERDAY.
  LIGHT RAIN
  FOG


RELATIVE HUMIDITY (PERCENT)
 HIGHEST    97           600 AM
 LOWEST     58           100 PM
 AVERAGE    78

..........................................................


THE ROCHESTER NY CLIMATE NORMALS FOR TODAY
                         NORMAL    RECORD    YEAR
 MAXIMUM TEMPERATURE (F)   78        95      1953
 MINIMUM TEMPERATURE (F)   57        41      1914


SUNRISE AND SUNSET
JUNE 20 2017..........SUNRISE   531 AM EDT   SUNSET   854 PM EDT
JUNE 21 2017..........SUNRISE   531 AM EDT   SUNSET   854 PM EDT


-  INDICATES NEGATIVE NUMBERS.
R  INDICATES RECORD WAS SET OR TIED.
MM INDICATES DATA IS MISSING.
T  INDICATES TRACE AMOUNT.




$$
