000
CDUS41 KBUF 210705
CLIROC


CLIMATE REPORT
NATIONAL WEATHER SERVICE BUFFALO NY
305 AM EDT SUN SEP 21 2014


...................................

...THE ROCHESTER NY CLIMATE SUMMARY FOR SEPTEMBER 20 2014...

CLIMATE NORMAL PERIOD 1981 TO 2010
CLIMATE RECORD PERIOD 1871 TO 2014


WEATHER ITEM   OBSERVED TIME   RECORD YEAR NORMAL DEPARTURE LAST
                VALUE   (LST)  VALUE       VALUE  FROM      YEAR
                                                  NORMAL
..................................................................
TEMPERATURE (F)
 YESTERDAY
  MAXIMUM         79    156 PM  91    1895  70      9       83
  MINIMUM         56    600 AM  34    1993  51      5       56
  AVERAGE         68                        60      8       70

PRECIPITATION (IN)
  YESTERDAY        0.00          0.80 1953   0.12  -0.12     0.00
  MONTH TO DATE    0.98                      2.25  -1.27     1.37
  SINCE SEP 1      0.98                      2.25  -1.27     1.37
  SINCE JAN 1     26.01                     24.85   1.16    26.58

SNOWFALL (IN)
  YESTERDAY        0.0           0.0    MM   0.0    0.0      0.0
  MONTH TO DATE    0.0                       0.0    0.0      0.0
  SINCE SEP 1      0.0                       0.0    0.0      0.0
  SINCE JUL 1      0.0                       0.0    0.0      0.0
  SNOW DEPTH       0

DEGREE DAYS
 HEATING
  YESTERDAY        0                         6     -6        0
  MONTH TO DATE   93                        70     23       96
  SINCE SEP 1     93                        70     23       96
  SINCE JUL 1    118                       104     14      114

 COOLING
  YESTERDAY        3                         1      2        5
  MONTH TO DATE   63                        42     21       58
  SINCE SEP 1     63                        42     21       58
  SINCE JAN 1    527                       526      1      649
..................................................................


WIND (MPH)
  HIGHEST WIND SPEED    22   HIGHEST WIND DIRECTION    SW (210)
  HIGHEST GUST SPEED    29   HIGHEST GUST DIRECTION     S (200)
  AVERAGE WIND SPEED    11.2


SKY COVER
  AVERAGE SKY COVER 0.5


WEATHER CONDITIONS
 THE FOLLOWING WEATHER WAS RECORDED YESTERDAY.
  NO SIGNIFICANT WEATHER WAS OBSERVED.


RELATIVE HUMIDITY (PERCENT)
 HIGHEST    86           400 AM
 LOWEST     47           500 PM
 AVERAGE    67

..........................................................


THE ROCHESTER NY CLIMATE NORMALS FOR TODAY
                         NORMAL    RECORD    YEAR
 MAXIMUM TEMPERATURE (F)   70        91      1931
                                             1895
 MINIMUM TEMPERATURE (F)   50        35      1973


SUNRISE AND SUNSET
SEPTEMBER 21 2014.....SUNRISE   657 AM EDT   SUNSET   710 PM EDT
SEPTEMBER 22 2014.....SUNRISE   658 AM EDT   SUNSET   708 PM EDT


-  INDICATES NEGATIVE NUMBERS.
R  INDICATES RECORD WAS SET OR TIED.
MM INDICATES DATA IS MISSING.
T  INDICATES TRACE AMOUNT.




$$
